{"id":1880,"date":"2024-12-17T13:12:59","date_gmt":"2024-12-17T13:12:59","guid":{"rendered":"https:\/\/centro-cee.com\/web\/?post_type=product&#038;p=1880"},"modified":"2024-12-17T13:16:04","modified_gmt":"2024-12-17T13:16:04","slug":"tecnico-profesional-en-climatizacion-del-automovil","status":"publish","type":"product","link":"https:\/\/centro-cee.com\/web\/producto\/tecnico-profesional-en-climatizacion-del-automovil\/","title":{"rendered":"T\u00e9cnico Profesional en Climatizaci\u00f3n del Autom\u00f3vil"},"content":{"rendered":"<p><a href=\"https:\/\/centro-cee.com\/web\/formaciones\/\">Atr\u00e1s<\/a><\/p>\n<p><em><strong>T\u00e9cnico Profesional en Climatizaci\u00f3n del Autom\u00f3vil<\/strong><\/em><\/p>\n<p>Toda esta informaci\u00f3n se realiza 100% online en nuestro campus online de formaci\u00f3n.<\/p>\n<p>Las tutor\u00edas se realizan directamente desde el campus de estudio con la opci\u00f3n de mensajer\u00eda a profesores. Las tutorias son \u201ca demanda\u201d, cuando necesites soporte nos lo pides.<\/p>\n<p>Los t\u00edtulos de Centro CEE est\u00e1n autenticados por la firma de notario que valida contenidos y autenticidad a nivel internacional. Nuestra organizaci\u00f3n pertenece a la Asociaci\u00f3n Espa\u00f1ola de Calidad, organizaci\u00f3n Espa\u00f1ola de referencia para la calidad\u00a0en la formaci\u00f3n de auxiliar de enfermer\u00eda. La certificaci\u00f3n se puede apostillar por la Haya para cualquier pa\u00eds firmante del convenio de la Haya.<\/p>\n<p>Se puede pagar a plazos.<\/p>\n<p>Carga horaria de la formaci\u00f3n: 350h<\/p>\n<p>&nbsp;<\/p>\n<h2>Temario<\/h2>\n<hr \/>\n<p>M\u00d3DULO 1. LA CLIMATIZACI\u00d3N DE LOS VEH\u00cdCULOS<\/p>\n<p>\u00a0UNIDAD DID\u00c1CTICA 1. LA CLIMATIZACI\u00d3N EN LOS VEH\u00cdCULOS<\/p>\n<p>\u00a0\u00a0\u00a0\u00a0 Misi\u00f3n. Conducci\u00f3n m\u00e1s segura<\/p>\n<p>\u00a0\u00a0\u00a0 Condiciones de confort Verano-Invierno. Cargas externas e internas<\/p>\n<p>\u00a0\u00a0\u00a0 Par\u00e1metros de temperatura, humedad relativa, velocidad del aire y calidad<\/p>\n<p>\u00a0\u00a0\u00a0 Procesos del climatizador: Enfriar, calentar, deshumectar, renovar y filtrar el aire<\/p>\n<p>\u00a0\u00a0\u00a0 Bloqueo de la radiaci\u00f3n solar por los cristales<\/p>\n<p>\u00a0\u00a0\u00a0 Esquema b\u00e1sico de un climatizador. Funciones de las compuertas<\/p>\n<p>\u00a0\u00a0\u00a0 Sistemas multizona y\/o multicircuito<\/p>\n<p>\u00a0\u00a0\u00a0 Escalas y unidades de temperatura<\/p>\n<p>\u00a0\u00a0\u00a0 El calor y sus unidades<\/p>\n<p>\u00a0\u00a0\u00a0 Cambios de estado. Calor sensible y latente<\/p>\n<p>\u00a0\u00a0\u00a0 Presi\u00f3n absoluta y relativa. Unidades de presi\u00f3n<\/p>\n<p>\u00a0\u00a0\u00a0 Leyes fundamentales de los gases<\/p>\n<p>\u00a0\u00a0\u00a0 Ciclo frigor\u00edfico te\u00f3rico sobre diagrama de Mollier<\/p>\n<p>\u00a0<\/p>\n<p>UNIDAD DID\u00c1CTICA 2. IMPACTO AMBIENTAL DE LOS REFRIGERANTES Y NORMATIVA MEDIOAMBIENTAL<\/p>\n<p>\u00a0<\/p>\n<p>\u00a0\u00a0\u00a0 Cambio clim\u00e1tico, Protocolos de Kyoto y de Montreal<\/p>\n<p>\u00a0\u00a0\u00a0 Agotamiento de la capa de Ozono ODP<\/p>\n<p>\u00a0\u00a0\u00a0 Calentamiento atmosf\u00e9rico y efecto invernadero de los gases PCA<\/p>\n<p>\u00a0\u00a0\u00a0 Utilizaci\u00f3n de refrigerantes alternativos<\/p>\n<p>\u00a0\u00a0\u00a0 Reglamentaci\u00f3n Europea: Reglamento (CE) n.\u00b0 1005\/2009 del Parlamento Europeo, Directiva 2006\/40\/CE del Parlamento Europeo, Reglamento (CE) n.\u00b0 842\/2006<\/p>\n<p>\u00a0\u00a0\u00a0 Reglamentaci\u00f3n espa\u00f1ola: Real Decreto 795\/2010<\/p>\n<p>\u00a0\u00a0\u00a0 M\u00d3DULO 2. LOS GASES REFRIGERANTES (GASES FLUORADOS EN LA REPARACI\u00d3N DE AIRES ACONDICIONADOS DEL AUTOM\u00d3VIL)<\/p>\n<p>\u00a0<\/p>\n<p>UNIDAD DID\u00c1CTICA 3. IMPACTO MEDIOAMBIENTAL DE LOS REFRIGERANTES<\/p>\n<p>\u00a0<\/p>\n<p>\u00a0\u00a0\u00a0 Capa de ozono y su destrucci\u00f3n<\/p>\n<p>\u00a0\u00a0\u00a0 Protocolos internacionales<\/p>\n<p>\u00a0\u00a0\u00a0 &#8211; Protocolo de Montreal<\/p>\n<p>\u00a0\u00a0\u00a0 &#8211; Protocolo de Kyoto<\/p>\n<p>\u00a0\u00a0\u00a0 Sustancias agotadoras de la capa de ozono<\/p>\n<p>\u00a0\u00a0\u00a0 Calentamiento global, efecto invernadero<\/p>\n<p>\u00a0\u00a0\u00a0 &#8211; Gases del efecto invernadero (GEI)<\/p>\n<p>\u00a0\u00a0\u00a0 &#8211; Potencial del calentamiento global<\/p>\n<p>\u00a0\u00a0\u00a0 Sustancias y tecnolog\u00edas alternativas<\/p>\n<p>\u00a0<\/p>\n<p>UNIDAD DID\u00c1CTICA 4. NORMATIVA MEDIOAMBIENTAL APLICABLE<\/p>\n<p>\u00a0<\/p>\n<p>\u00a0\u00a0\u00a0 Obligaciones a profesionales y talleres<\/p>\n<p>\u00a0\u00a0\u00a0 &#8211; Certificaci\u00f3n de profesionales<\/p>\n<p>\u00a0\u00a0\u00a0 &#8211; Distribuci\u00f3n y utilizaci\u00f3n<\/p>\n<p>\u00a0\u00a0\u00a0 Recuperaci\u00f3n de gases fluorados y control de fugas<\/p>\n<p>\u00a0\u00a0\u00a0 Eliminaci\u00f3n del refrigerante R 134a en turismos<\/p>\n<p>\u00a0<\/p>\n<p>UNIDAD DID\u00c1CTICA 5. REFRIGERACI\u00d3N Y FLUIDOS REFRIGERANTES<\/p>\n<p>\u00a0<\/p>\n<p>\u00a0\u00a0\u00a0 La refrigeraci\u00f3n y la funci\u00f3n del aire acondicionado<\/p>\n<p>\u00a0\u00a0\u00a0 Principios f\u00edsicos de la refrigeraci\u00f3n<\/p>\n<p>\u00a0\u00a0\u00a0 &#8211; Volumen espec\u00edfico y densidad<\/p>\n<p>\u00a0\u00a0\u00a0 &#8211; Presi\u00f3n<\/p>\n<p>\u00a0\u00a0\u00a0 &#8211; Temperatura<\/p>\n<p>\u00a0\u00a0\u00a0 &#8211; Energ\u00eda interna y entalp\u00eda<\/p>\n<p>\u00a0\u00a0\u00a0 &#8211; Calor espec\u00edfico<\/p>\n<p>\u00a0\u00a0\u00a0 Fluidos refrigerantes<\/p>\n<p>\u00a0\u00a0\u00a0 &#8211; Clasificaci\u00f3n de los refrigerantes<\/p>\n<p>\u00a0\u00a0\u00a0 &#8211; Las propiedades f\u00edsicas de los refrigerantes<\/p>\n<p>\u00a0\u00a0\u00a0 Los refrigerantes fluorados<\/p>\n<p>\u00a0\u00a0\u00a0 &#8211; Fluido refrigerante R134a<\/p>\n<p>\u00a0\u00a0\u00a0 &#8211; Fluido refrigerante R1234yf<\/p>\n<p>\u00a0\u00a0\u00a0 M\u00d3DULO 3. LOS SISTEMAS Y CIRCUITOS DE CLIMATIZACI\u00d3N Y REFRIGERACI\u00d3N EN EL AUTOM\u00d3VIL<\/p>\n<p>\u00a0<\/p>\n<p>UNIDAD DID\u00c1CTICA 6. EL SISTEMA FRIGOR\u00cdFICO, COMPONENTES Y SUS CARACTER\u00cdSTICAS GASES REFRIGERANTES Y ACEITES LUBRICANTES<\/p>\n<p>\u00a0<\/p>\n<p>\u00a0\u00a0\u00a0 Compresores de pistones en l\u00ednea y axiales, compresores de paletas, de espiral y compresores de cilindrada variable<\/p>\n<p>\u00a0\u00a0\u00a0 Embrague electromagn\u00e9tico<\/p>\n<p>\u00a0\u00a0\u00a0 El condensador, partes de intercambio de calor<\/p>\n<p>\u00a0\u00a0 \u00a0El electroventilador y su gesti\u00f3n. Posici\u00f3n relativa al condensador<\/p>\n<p>\u00a0\u00a0\u00a0 Filtros deshidratadores y su posici\u00f3n relativa en el circuito<\/p>\n<p>\u00a0\u00a0\u00a0 Acumuladores de l\u00edquido. Reevaporizadores y amortiguadores<\/p>\n<p>\u00a0\u00a0\u00a0 V\u00e1lvulas de expansi\u00f3n tipo L con sensor externo, tipo H con sensor interno y v\u00e1lvulas de expansi\u00f3n tipo OT<\/p>\n<p>\u00a0\u00a0\u00a0 El evaporador, partes de intercambio de calor. Drenaje<\/p>\n<p>\u00a0\u00a0\u00a0 Mangueras, racores, juntas t\u00f3ricas, v\u00e1lvulas de servicio y v\u00e1lvula de seguridad<\/p>\n<p>\u00a0\u00a0\u00a0 Filtros de part\u00edculas, de carb\u00f3n activado, de plasma y filtros antipolen<\/p>\n<p>\u00a0\u00a0\u00a0 Propiedades termodin\u00e1micas del R-134 a y otros gases utilizados<\/p>\n<p>\u00a0\u00a0\u00a0 Propiedades de los aceites lubricantes. Poliolester y P.A.G<\/p>\n<p>\u00a0\u00a0\u00a0 Botellas para el transporte y almacenaje de gases refrigerantes<\/p>\n<p>\u00a0\u00a0\u00a0 Manipulaci\u00f3n y trasiego de gases refrigerantes<\/p>\n<p>\u00a0\u00a0\u00a0 Normas de prohibici\u00f3n de vertidos a la atm\u00f3sfera<\/p>\n<p>\u00a0\u00a0\u00a0 Estaci\u00f3n de carga, recuperaci\u00f3n y reciclaje de gas refrigerante<\/p>\n<p>\u00a0\u00a0\u00a0 El puente de man\u00f3metros integrado en la estaci\u00f3n de carga<\/p>\n<p>\u00a0\u00a0\u00a0 Uso prohibido de estaciones de carga antiguas y puentes no integrados<\/p>\n<p>\u00a0<\/p>\n<p>UNIDAD DID\u00c1CTICA 7. DISPOSITIVOS DE REGULACI\u00d3N Y CONTROL DE LA CLIMATIZACI\u00d3N<\/p>\n<p>\u00a0<\/p>\n<p>\u00a0\u00a0\u00a0 Esquema el\u00e9ctrico b\u00e1sico. Fusibles y rel\u00e9s principales<\/p>\n<p>\u00a0\u00a0\u00a0 Presostatos separados. Presostato trinary, cuadrinary. Sondas de presi\u00f3n<\/p>\n<p>\u00a0\u00a0\u00a0 Termostato antihielo. Termostatos mec\u00e1nicos. Sondas PTC y NTC de temperatura exterior y de habit\u00e1culo, sonda de temperatura de mezcla de aire y de evaporaci\u00f3n<\/p>\n<p>\u00a0\u00a0\u00a0 Sonda de radiaci\u00f3n solar. Sondas de humedad relativa<\/p>\n<p>\u00a0\u00a0\u00a0 Variadores electr\u00f3nicos de velocidad de ventiladores<\/p>\n<p>\u00a0\u00a0\u00a0 Motores y servomotores el\u00e9ctricos de compuertas de aire<\/p>\n<p>\u00a0\u00a0\u00a0 Electrov\u00e1lvulas y actuadores neum\u00e1ticos de compuertas de aire<\/p>\n<p>\u00a0\u00a0\u00a0 Panel de mandos del climatizador<\/p>\n<p>\u00a0\u00a0\u00a0 Arquitectura organizativa del climatizador y comunicaci\u00f3n con central gesti\u00f3n motor<\/p>\n<p>\u00a0<\/p>\n<p>UNIDAD DID\u00c1CTICA 8. CIRCUITO DE FLUIDO REFRIGERANTE<\/p>\n<p>\u00a0<\/p>\n<p>\u00a0\u00a0\u00a0 El aire acondicionado<\/p>\n<p>\u00a0\u00a0\u00a0 El sistema de refrigeraci\u00f3n<\/p>\n<p>\u00a0\u00a0\u00a0 Circuito del sistema refrigerante<\/p>\n<p>\u00a0\u00a0\u00a0 &#8211; Compresor<\/p>\n<p>\u00a0\u00a0\u00a0 &#8211; Condensador<\/p>\n<p>\u00a0\u00a0\u00a0 &#8211; V\u00e1lvula de expansi\u00f3n<\/p>\n<p>\u00a0\u00a0\u00a0 &#8211; Evaporador<\/p>\n<p>\u00a0\u00a0\u00a0 &#8211; Generador y absorbedor<\/p>\n<p>\u00a0<\/p>\n<p>UNIDAD DID\u00c1CTICA 9. REGULACI\u00d3N Y CONTROL DEL AIRE ACONDICIONADO<\/p>\n<p>\u00a0<\/p>\n<p>\u00a0\u00a0\u00a0 Climatizaci\u00f3n del interior del veh\u00edculo<\/p>\n<p>\u00a0\u00a0\u00a0 Sistemas de aire acondicionado del veh\u00edculo<\/p>\n<p>\u00a0\u00a0\u00a0 &#8211; Sistema de aire acondicionado manual<\/p>\n<p>\u00a0\u00a0\u00a0 &#8211; Sistema de aire acondicionado autom\u00e1tico<\/p>\n<p>\u00a0\u00a0\u00a0 Componentes del sistema de protecci\u00f3n del aire acondicionado<\/p>\n<p>\u00a0\u00a0\u00a0 M\u00d3DULO 4. DIAGNOSIS Y REPARACI\u00d3N DE AIRES ACONDICIONADOS EN UN VEH\u00cdCULO<\/p>\n<p>\u00a0<\/p>\n<p>UNIDAD DID\u00c1CTICA 10. DIAGNOSIS DE AVER\u00cdAS Y PROCESOS DE REPARACI\u00d3N<\/p>\n<p>\u00a0<\/p>\n<p>\u00a0\u00a0\u00a0 Extraer todo el gas, pesaje y reciclado. Drenaje del aceite extra\u00eddo<\/p>\n<p>\u00a0\u00a0\u00a0 Realizar vac\u00edo en el circuito o componentes separados<\/p>\n<p>\u00a0\u00a0\u00a0 Cargar aceite o a\u00f1adir aceite al sistema<\/p>\n<p>\u00a0\u00a0\u00a0 A\u00f1adir tinte contraste para detectar fugas<\/p>\n<p>\u00a0\u00a0\u00a0 Control de estanqueidad mediante vac\u00edo<\/p>\n<p>\u00a0\u00a0\u00a0 Pruebas de estanqueidad con nitr\u00f3geno seco<\/p>\n<p>\u00a0\u00a0\u00a0 Carga completa del gas refrigerante<\/p>\n<p>\u00a0\u00a0\u00a0 Comprobaciones de temperaturas y rendimiento del sistema<\/p>\n<p>\u00a0\u00a0\u00a0 Carga parcial del gas refrigerante<\/p>\n<p>\u00a0\u00a0\u00a0 Detecci\u00f3n de fugas con detector electr\u00f3nico y mediante l\u00e1mpara de ultravioletas<\/p>\n<p>\u00a0\u00a0\u00a0 Sustituci\u00f3n de obuses de v\u00e1lvulas de servicio<\/p>\n<p>\u00a0\u00a0\u00a0 Aver\u00edas m\u00e1s frecuentes<\/p>\n<p>\u00a0\u00a0\u00a0 \u00c1rbol de causa-efecto. Manuales de taller<\/p>\n<p>\u00a0\u00a0\u00a0 Diagnosis mediante puente de man\u00f3metros y temperaturas<\/p>\n<p>\u00a0\u00a0\u00a0 Men\u00fas de aver\u00edas incorporados en m\u00e1quinas de diagnosis<\/p>\n<p>\u00a0\u00a0\u00a0 Retirada de elementos del sistema para reparaci\u00f3n de otros sistemas<\/p>\n<p>\u00a0\u00a0\u00a0 Procedimientos de sustituci\u00f3n o reparaci\u00f3n de componentes<\/p>\n<p>\u00a0<\/p>\n<p>UNIDAD DID\u00c1CTICA 11. MANTENIMIENTO Y REPARACI\u00d3N DE AVER\u00cdAS<\/p>\n<p>\u00a0<\/p>\n<p>\u00a0\u00a0\u00a0 Periodicidad del mantenimiento seg\u00fan fabricantes<\/p>\n<p>\u00a0\u00a0\u00a0 An\u00e1lisis de aceites, lubricantes y refrigerantes<\/p>\n<p>\u00a0\u00a0\u00a0 Puesta a cero de indicadores de mantenimiento<\/p>\n<p>\u00a0\u00a0\u00a0 Procesos de desmontaje y montaje de elementos en la reparaci\u00f3n de aver\u00edas<\/p>\n<p>\u00a0\u00a0\u00a0 Procesos de verificaciones en la reparaci\u00f3n de aver\u00edas<\/p>\n<p>\u00a0<\/p>\n<p>UNIDAD DID\u00c1CTICA 12. ACTUACI\u00d3N DE EMERGENCIAS Y EVACUACI\u00d3N<\/p>\n<p>\u00a0<\/p>\n<p>\u00a0\u00a0\u00a0 Conceptos b\u00e1sicos: trabajo y salud<\/p>\n<p>\u00a0\u00a0\u00a0 &#8211; Trabajo<\/p>\n<p>\u00a0\u00a0\u00a0 &#8211; Salud<\/p>\n<p>\u00a0\u00a0\u00a0 &#8211; Factores de Riesgo<\/p>\n<p>\u00a0\u00a0\u00a0 &#8211; Condiciones de Trabajo<\/p>\n<p>\u00a0\u00a0\u00a0 Accidente de trabajo y enfermedad profesional<\/p>\n<p>\u00a0\u00a0\u00a0 &#8211; Accidente de trabajo<\/p>\n<p>\u00a0\u00a0\u00a0 &#8211; Enfermedad Profesional<\/p>\n<p>\u00a0\u00a0\u00a0 Emergencia y planes de emergencia<\/p>\n<p>\u00a0\u00a0\u00a0 &#8211; Situaciones de emergencia<\/p>\n<p>\u00a0\u00a0\u00a0 &#8211; Planes de emergencia y evacuaci\u00f3n<\/p>\n<p>\u00a0\u00a0\u00a0 Principios generales de primeros auxilios<\/p>\n<p>\u00a0\u00a0\u00a0 &#8211; La actuaci\u00f3n del socorrista<\/p>\n<p>\u00a0\u00a0\u00a0 &#8211; Terminolog\u00eda cl\u00ednica<\/p>\n<p>\u00a0\u00a0\u00a0 &#8211; Posiciones de Seguridad<\/p>\n<p>\u00a0\u00a0\u00a0 &#8211; Material de primeros auxilios<\/p>\n<p>\u00a0\u00a0\u00a0 &#8211; Asistencias<\/p>\n<p><em><strong>T\u00e9cnico Profesional en Climatizaci\u00f3n del Autom\u00f3vil<\/strong><\/em><\/p>\n<hr \/>\n","protected":false},"excerpt":{"rendered":"<p><a href=\"https:\/\/centro-cee.com\/web\/formaciones\/\">Atr\u00e1s<\/a><\/p>\n<p>\u00bfTe gustar\u00eda dar un paso adelante en tu futuro profesional? \u00bfQuieres trabajar en el \u00e1mbito de la automoci\u00f3n? En ese caso, CEE te ofrece este T\u00e9cnico Profesional en Climatizaci\u00f3n del Autom\u00f3vil: Reparaci\u00f3n y Mantenimiento de Aires Acondicionados, impartido por el CEE Centro Europeo E-learning.<\/p>\n<p>F\u00f3rmate y especializate en todos los aspectos relacionados con la climatizaci\u00f3n del Autom\u00f3vil, con contenidos actualizados. <\/p>\n<p>En esta \u00e9poca del a\u00f1o se inician las campa\u00f1as de carga de aires acondicionados de veh\u00edculos debido a  la llegada del calor. As\u00ed pues, esta formaci\u00f3n te va a convertir en profesional en la refrigeraci\u00f3n de autom\u00f3viles, conocer\u00e1s tanto la normativa, protocolos, conceptos medioambientales, hasta la carga, diagnosis, localizaci\u00f3n de aver\u00edas, reparaciones, etc.<\/p>\n<p>Es decir, se trata de una formaci\u00f3n completa que te permitir\u00e1 seguro muchas posibilidades de inserci\u00f3n\/reciclaje en este sector de la mec\u00e1nica.<\/p>\n","protected":false},"featured_media":1881,"comment_status":"closed","ping_status":"closed","template":"","meta":[],"product_brand":[],"product_cat":[34],"product_tag":[1862,1868,1871,1863,1869,1866,1867,1864,1870,1865],"class_list":{"0":"post-1880","1":"product","2":"type-product","3":"status-publish","4":"has-post-thumbnail","6":"product_cat-tecnicos","7":"product_tag-acoso-escolar","8":"product_tag-apoyo-psicologico-en-la-escuela","9":"product_tag-bienestar-emocional-en-la-educacion","10":"product_tag-bullying-y-educacion","11":"product_tag-estrategias-contra-el-bullying","12":"product_tag-experto-en-convivencia-escolar","13":"product_tag-formacion-en-manejo-del-estres","14":"product_tag-gestion-del-estres-en-el-aula","15":"product_tag-intervencion-en-conflictos-escolares","16":"product_tag-prevencion-del-acoso-escolar","18":"first","19":"instock","20":"sale","21":"shipping-taxable","22":"purchasable","23":"product-type-simple"},"yoast_head":"<!-- This site is optimized with the Yoast SEO plugin v27.4 - https:\/\/yoast.com\/product\/yoast-seo-wordpress\/ -->\n<title>T\u00e9cnico Profesional en Climatizaci\u00f3n del Autom\u00f3vil<\/title>\n<meta name=\"description\" content=\"Desarrolla tus habilidades y mejora tus conocimientos con nuestra formaci\u00f3n de T\u00e9cnico Profesional en Climatizaci\u00f3n del Autom\u00f3vil\" \/>\n<meta name=\"robots\" content=\"index, follow, max-snippet:-1, max-image-preview:large, max-video-preview:-1\" \/>\n<link rel=\"canonical\" href=\"https:\/\/centro-cee.com\/web\/producto\/tecnico-profesional-en-climatizacion-del-automovil\/\" \/>\n<meta property=\"og:locale\" content=\"es_ES\" \/>\n<meta property=\"og:type\" content=\"article\" \/>\n<meta property=\"og:title\" content=\"T\u00e9cnico Profesional en Climatizaci\u00f3n del Autom\u00f3vil\" \/>\n<meta property=\"og:description\" content=\"Desarrolla tus habilidades y mejora tus conocimientos con nuestra formaci\u00f3n de T\u00e9cnico Profesional en Climatizaci\u00f3n del Autom\u00f3vil\" \/>\n<meta property=\"og:url\" content=\"https:\/\/centro-cee.com\/web\/producto\/tecnico-profesional-en-climatizacion-del-automovil\/\" \/>\n<meta property=\"og:site_name\" content=\"CEE Centro Europeo E-learning - Cursos online\" \/>\n<meta property=\"article:modified_time\" content=\"2024-12-17T13:16:04+00:00\" \/>\n<meta property=\"og:image\" content=\"https:\/\/centro-cee.com\/web\/wp-content\/uploads\/2024\/12\/aireacondicionadocoche.jpg\" \/>\n\t<meta property=\"og:image:width\" content=\"1200\" \/>\n\t<meta property=\"og:image:height\" content=\"675\" \/>\n\t<meta property=\"og:image:type\" content=\"image\/jpeg\" \/>\n<meta name=\"twitter:card\" content=\"summary_large_image\" \/>\n<meta name=\"twitter:label1\" content=\"Tiempo de lectura\" \/>\n\t<meta name=\"twitter:data1\" content=\"5 minutos\" \/>\n<script type=\"application\/ld+json\" class=\"yoast-schema-graph\">{\"@context\":\"https:\\\/\\\/schema.org\",\"@graph\":[{\"@type\":\"WebPage\",\"@id\":\"https:\\\/\\\/centro-cee.com\\\/web\\\/producto\\\/tecnico-profesional-en-climatizacion-del-automovil\\\/\",\"url\":\"https:\\\/\\\/centro-cee.com\\\/web\\\/producto\\\/tecnico-profesional-en-climatizacion-del-automovil\\\/\",\"name\":\"T\u00e9cnico Profesional en Climatizaci\u00f3n del Autom\u00f3vil\",\"isPartOf\":{\"@id\":\"https:\\\/\\\/centro-cee.com\\\/web\\\/#website\"},\"primaryImageOfPage\":{\"@id\":\"https:\\\/\\\/centro-cee.com\\\/web\\\/producto\\\/tecnico-profesional-en-climatizacion-del-automovil\\\/#primaryimage\"},\"image\":{\"@id\":\"https:\\\/\\\/centro-cee.com\\\/web\\\/producto\\\/tecnico-profesional-en-climatizacion-del-automovil\\\/#primaryimage\"},\"thumbnailUrl\":\"https:\\\/\\\/centro-cee.com\\\/web\\\/wp-content\\\/uploads\\\/2024\\\/12\\\/aireacondicionadocoche.jpg\",\"datePublished\":\"2024-12-17T13:12:59+00:00\",\"dateModified\":\"2024-12-17T13:16:04+00:00\",\"description\":\"Desarrolla tus habilidades y mejora tus conocimientos con nuestra formaci\u00f3n de T\u00e9cnico Profesional en Climatizaci\u00f3n del Autom\u00f3vil\",\"breadcrumb\":{\"@id\":\"https:\\\/\\\/centro-cee.com\\\/web\\\/producto\\\/tecnico-profesional-en-climatizacion-del-automovil\\\/#breadcrumb\"},\"inLanguage\":\"es\",\"potentialAction\":[{\"@type\":\"ReadAction\",\"target\":[\"https:\\\/\\\/centro-cee.com\\\/web\\\/producto\\\/tecnico-profesional-en-climatizacion-del-automovil\\\/\"]}]},{\"@type\":\"ImageObject\",\"inLanguage\":\"es\",\"@id\":\"https:\\\/\\\/centro-cee.com\\\/web\\\/producto\\\/tecnico-profesional-en-climatizacion-del-automovil\\\/#primaryimage\",\"url\":\"https:\\\/\\\/centro-cee.com\\\/web\\\/wp-content\\\/uploads\\\/2024\\\/12\\\/aireacondicionadocoche.jpg\",\"contentUrl\":\"https:\\\/\\\/centro-cee.com\\\/web\\\/wp-content\\\/uploads\\\/2024\\\/12\\\/aireacondicionadocoche.jpg\",\"width\":1200,\"height\":675,\"caption\":\"T\u00e9cnico Profesional en Climatizaci\u00f3n del Autom\u00f3vil\"},{\"@type\":\"BreadcrumbList\",\"@id\":\"https:\\\/\\\/centro-cee.com\\\/web\\\/producto\\\/tecnico-profesional-en-climatizacion-del-automovil\\\/#breadcrumb\",\"itemListElement\":[{\"@type\":\"ListItem\",\"position\":1,\"name\":\"Portada\",\"item\":\"https:\\\/\\\/centro-cee.com\\\/web\\\/\"},{\"@type\":\"ListItem\",\"position\":2,\"name\":\"T\u00e9cnico Profesional en Climatizaci\u00f3n del Autom\u00f3vil\"}]},{\"@type\":\"WebSite\",\"@id\":\"https:\\\/\\\/centro-cee.com\\\/web\\\/#website\",\"url\":\"https:\\\/\\\/centro-cee.com\\\/web\\\/\",\"name\":\"Centro Europeo E-learning\",\"description\":\"CEE Formaci\u00f3n Online\",\"publisher\":{\"@id\":\"https:\\\/\\\/centro-cee.com\\\/web\\\/#organization\"},\"alternateName\":\"Centro Online de Formaci\u00f3n\",\"potentialAction\":[{\"@type\":\"SearchAction\",\"target\":{\"@type\":\"EntryPoint\",\"urlTemplate\":\"https:\\\/\\\/centro-cee.com\\\/web\\\/?s={search_term_string}\"},\"query-input\":{\"@type\":\"PropertyValueSpecification\",\"valueRequired\":true,\"valueName\":\"search_term_string\"}}],\"inLanguage\":\"es\"},{\"@type\":\"Organization\",\"@id\":\"https:\\\/\\\/centro-cee.com\\\/web\\\/#organization\",\"name\":\"Centro Europeo E-learning CEE\",\"url\":\"https:\\\/\\\/centro-cee.com\\\/web\\\/\",\"logo\":{\"@type\":\"ImageObject\",\"inLanguage\":\"es\",\"@id\":\"https:\\\/\\\/centro-cee.com\\\/web\\\/#\\\/schema\\\/logo\\\/image\\\/\",\"url\":\"https:\\\/\\\/centro-cee.com\\\/web\\\/wp-content\\\/uploads\\\/2022\\\/12\\\/cropped-logo_educa.png\",\"contentUrl\":\"https:\\\/\\\/centro-cee.com\\\/web\\\/wp-content\\\/uploads\\\/2022\\\/12\\\/cropped-logo_educa.png\",\"width\":157,\"height\":63,\"caption\":\"Centro Europeo E-learning CEE\"},\"image\":{\"@id\":\"https:\\\/\\\/centro-cee.com\\\/web\\\/#\\\/schema\\\/logo\\\/image\\\/\"},\"sameAs\":[\"https:\\\/\\\/www.instagram.com\\\/centroeuropeo_cee\"]}]}<\/script>\n<!-- \/ Yoast SEO plugin. -->","yoast_head_json":{"title":"T\u00e9cnico Profesional en Climatizaci\u00f3n del Autom\u00f3vil","description":"Desarrolla tus habilidades y mejora tus conocimientos con nuestra formaci\u00f3n de T\u00e9cnico Profesional en Climatizaci\u00f3n del Autom\u00f3vil","robots":{"index":"index","follow":"follow","max-snippet":"max-snippet:-1","max-image-preview":"max-image-preview:large","max-video-preview":"max-video-preview:-1"},"canonical":"https:\/\/centro-cee.com\/web\/producto\/tecnico-profesional-en-climatizacion-del-automovil\/","og_locale":"es_ES","og_type":"article","og_title":"T\u00e9cnico Profesional en Climatizaci\u00f3n del Autom\u00f3vil","og_description":"Desarrolla tus habilidades y mejora tus conocimientos con nuestra formaci\u00f3n de T\u00e9cnico Profesional en Climatizaci\u00f3n del Autom\u00f3vil","og_url":"https:\/\/centro-cee.com\/web\/producto\/tecnico-profesional-en-climatizacion-del-automovil\/","og_site_name":"CEE Centro Europeo E-learning - Cursos online","article_modified_time":"2024-12-17T13:16:04+00:00","og_image":[{"width":1200,"height":675,"url":"https:\/\/centro-cee.com\/web\/wp-content\/uploads\/2024\/12\/aireacondicionadocoche.jpg","type":"image\/jpeg"}],"twitter_card":"summary_large_image","twitter_misc":{"Tiempo de lectura":"5 minutos"},"schema":{"@context":"https:\/\/schema.org","@graph":[{"@type":"WebPage","@id":"https:\/\/centro-cee.com\/web\/producto\/tecnico-profesional-en-climatizacion-del-automovil\/","url":"https:\/\/centro-cee.com\/web\/producto\/tecnico-profesional-en-climatizacion-del-automovil\/","name":"T\u00e9cnico Profesional en Climatizaci\u00f3n del Autom\u00f3vil","isPartOf":{"@id":"https:\/\/centro-cee.com\/web\/#website"},"primaryImageOfPage":{"@id":"https:\/\/centro-cee.com\/web\/producto\/tecnico-profesional-en-climatizacion-del-automovil\/#primaryimage"},"image":{"@id":"https:\/\/centro-cee.com\/web\/producto\/tecnico-profesional-en-climatizacion-del-automovil\/#primaryimage"},"thumbnailUrl":"https:\/\/centro-cee.com\/web\/wp-content\/uploads\/2024\/12\/aireacondicionadocoche.jpg","datePublished":"2024-12-17T13:12:59+00:00","dateModified":"2024-12-17T13:16:04+00:00","description":"Desarrolla tus habilidades y mejora tus conocimientos con nuestra formaci\u00f3n de T\u00e9cnico Profesional en Climatizaci\u00f3n del Autom\u00f3vil","breadcrumb":{"@id":"https:\/\/centro-cee.com\/web\/producto\/tecnico-profesional-en-climatizacion-del-automovil\/#breadcrumb"},"inLanguage":"es","potentialAction":[{"@type":"ReadAction","target":["https:\/\/centro-cee.com\/web\/producto\/tecnico-profesional-en-climatizacion-del-automovil\/"]}]},{"@type":"ImageObject","inLanguage":"es","@id":"https:\/\/centro-cee.com\/web\/producto\/tecnico-profesional-en-climatizacion-del-automovil\/#primaryimage","url":"https:\/\/centro-cee.com\/web\/wp-content\/uploads\/2024\/12\/aireacondicionadocoche.jpg","contentUrl":"https:\/\/centro-cee.com\/web\/wp-content\/uploads\/2024\/12\/aireacondicionadocoche.jpg","width":1200,"height":675,"caption":"T\u00e9cnico Profesional en Climatizaci\u00f3n del Autom\u00f3vil"},{"@type":"BreadcrumbList","@id":"https:\/\/centro-cee.com\/web\/producto\/tecnico-profesional-en-climatizacion-del-automovil\/#breadcrumb","itemListElement":[{"@type":"ListItem","position":1,"name":"Portada","item":"https:\/\/centro-cee.com\/web\/"},{"@type":"ListItem","position":2,"name":"T\u00e9cnico Profesional en Climatizaci\u00f3n del Autom\u00f3vil"}]},{"@type":"WebSite","@id":"https:\/\/centro-cee.com\/web\/#website","url":"https:\/\/centro-cee.com\/web\/","name":"Centro Europeo E-learning","description":"CEE Formaci\u00f3n Online","publisher":{"@id":"https:\/\/centro-cee.com\/web\/#organization"},"alternateName":"Centro Online de Formaci\u00f3n","potentialAction":[{"@type":"SearchAction","target":{"@type":"EntryPoint","urlTemplate":"https:\/\/centro-cee.com\/web\/?s={search_term_string}"},"query-input":{"@type":"PropertyValueSpecification","valueRequired":true,"valueName":"search_term_string"}}],"inLanguage":"es"},{"@type":"Organization","@id":"https:\/\/centro-cee.com\/web\/#organization","name":"Centro Europeo E-learning CEE","url":"https:\/\/centro-cee.com\/web\/","logo":{"@type":"ImageObject","inLanguage":"es","@id":"https:\/\/centro-cee.com\/web\/#\/schema\/logo\/image\/","url":"https:\/\/centro-cee.com\/web\/wp-content\/uploads\/2022\/12\/cropped-logo_educa.png","contentUrl":"https:\/\/centro-cee.com\/web\/wp-content\/uploads\/2022\/12\/cropped-logo_educa.png","width":157,"height":63,"caption":"Centro Europeo E-learning CEE"},"image":{"@id":"https:\/\/centro-cee.com\/web\/#\/schema\/logo\/image\/"},"sameAs":["https:\/\/www.instagram.com\/centroeuropeo_cee"]}]}},"_links":{"self":[{"href":"https:\/\/centro-cee.com\/web\/wp-json\/wp\/v2\/product\/1880","targetHints":{"allow":["GET"]}}],"collection":[{"href":"https:\/\/centro-cee.com\/web\/wp-json\/wp\/v2\/product"}],"about":[{"href":"https:\/\/centro-cee.com\/web\/wp-json\/wp\/v2\/types\/product"}],"replies":[{"embeddable":true,"href":"https:\/\/centro-cee.com\/web\/wp-json\/wp\/v2\/comments?post=1880"}],"wp:featuredmedia":[{"embeddable":true,"href":"https:\/\/centro-cee.com\/web\/wp-json\/wp\/v2\/media\/1881"}],"wp:attachment":[{"href":"https:\/\/centro-cee.com\/web\/wp-json\/wp\/v2\/media?parent=1880"}],"wp:term":[{"taxonomy":"product_brand","embeddable":true,"href":"https:\/\/centro-cee.com\/web\/wp-json\/wp\/v2\/product_brand?post=1880"},{"taxonomy":"product_cat","embeddable":true,"href":"https:\/\/centro-cee.com\/web\/wp-json\/wp\/v2\/product_cat?post=1880"},{"taxonomy":"product_tag","embeddable":true,"href":"https:\/\/centro-cee.com\/web\/wp-json\/wp\/v2\/product_tag?post=1880"}],"curies":[{"name":"wp","href":"https:\/\/api.w.org\/{rel}","templated":true}]}}