{"id":1841,"date":"2024-12-10T11:55:24","date_gmt":"2024-12-10T11:55:24","guid":{"rendered":"https:\/\/centro-cee.com\/web\/?post_type=product&#038;p=1841"},"modified":"2026-03-13T17:03:21","modified_gmt":"2026-03-13T17:03:21","slug":"master-en-social-media-y-community-manager","status":"publish","type":"product","link":"https:\/\/centro-cee.com\/web\/producto\/master-en-social-media-y-community-manager\/","title":{"rendered":"M\u00c1STER EN SOCIAL MEDIA Y COMMUNITY MANAGER"},"content":{"rendered":"<p><a href=\"https:\/\/centro-cee.com\/web\/formaciones\/\">Atr\u00e1s<\/a><\/p>\n<p><em><strong>M\u00c1STER EN SOCIAL MEDIA Y COMMUNITY MANAGER <\/strong><\/em><\/p>\n<p>Toda esta informaci\u00f3n se realiza 100% online en nuestro campus online de formaci\u00f3n.<\/p>\n<p>Las tutor\u00edas se realizan directamente desde el campus de estudio con la opci\u00f3n de mensajer\u00eda a profesores. Las tutorias son \u201ca demanda\u201d, cuando necesites soporte nos lo pides.<\/p>\n<p>Los t\u00edtulos de Centro CEE est\u00e1n autenticados por la firma de notario que valida contenidos y autenticidad a nivel internacional. Nuestra organizaci\u00f3n pertenece a la Asociaci\u00f3n Espa\u00f1ola de Calidad, organizaci\u00f3n Espa\u00f1ola de referencia para la calidad\u00a0en la formaci\u00f3n de auxiliar de enfermer\u00eda. La certificaci\u00f3n se puede apostillar por la Haya para cualquier pa\u00eds firmante del convenio de la Haya.<\/p>\n<p>Se puede pagar a plazos.<\/p>\n<p>Carga horaria de la formaci\u00f3n: 600h<\/p>\n<p>&nbsp;<\/p>\n<h2>Temario<\/h2>\n<hr \/>\n<p>M\u00c1STER EN SOCIAL MEDIA MANAGER + MASTER EN COMMUNITY MANAGER<\/p>\n<p>TEMA 1: COMMUNITY MANAGER<\/p>\n<p>1. LAS REDES SOCIALES. EL COMMUNITY MANAGER<br \/>\n2. MONITORIZAR, ANALIZAR Y MEDIR LAS REDES SOCIALES: HERRAMIENTAS Y T\u00c9CNICAS<br \/>\n3. LAS REDES SOCIALES EN EL PLAN DE MARKETING<br \/>\n4. LAS REDES SOCIALES Y LA COMUNICACI\u00d3N: SU AN\u00c1LISIS COMO MEDIO Y COMO SOPORTE PUBLICITARIO<br \/>\n5. CONSTRUIR RELACIONES: EL NUEVO MARKETING RELACIONAL<br \/>\n6. CREATIVIDAD Y REDES SOCIALES<br \/>\n7. LOS BLOGS<br \/>\n8. DESCRIPCI\u00d3N DE LAS PRINCIPALES REDES SOCIALES<br \/>\n9. MOBILE SOCIAL MEDIA: LOS SMARTPHONES<\/p>\n<p>TEMA 2: C\u00d3MO POSICIONAR P\u00c1GINAS WEB CON \u00c9XITO<\/p>\n<p>1. POSICIONAMIENTO EN BUSCADORES<br \/>\n2. ELECCI\u00d3N DE PALABRAS CLAVES<br \/>\n3. \u00bfD\u00d3NDE UTILIZAR LAS PALABRAS CLAVE?<br \/>\n4. ENLACES<br \/>\n5. CONTENIDOS DIF\u00cdCILES DE POSICIONAR<br \/>\n6. AN\u00c1LISIS DE LAS ESTAD\u00cdSTICAS DE ACCESO<br \/>\n7. HERRAMIENTAS DE GOOGLE ADWORDS<\/p>\n<p>TEMA 3: HTML, XHTML Y CSS<\/p>\n<p>1. HTML<br \/>\n2. XHTML<br \/>\n2. HOJAS DE ESTILO CSS<\/p>\n<p>TEMA 4: MARKETING ONLINE<\/p>\n<p>1. INTRODUCCI\u00d3N AL MARKETING DIGITAL\u00a0\u00a0\u00a0\u00a0\u00a0\u00a0\u00a0\u00a0\u00a0\u00a0\u00a0\u00a0\u00a0\u00a0\u00a0\u00a0\u00a0\u00a0\u00a0\u00a0\u00a0\u00a0\u00a0\u00a0<br \/>\n2. ELEMENTOS DEL MARKETING DIGITAL<br \/>\n3. HERRAMIENTAS ESTRAT\u00c9GICAS DEL MARKETING DIGITAL<br \/>\n4. PERSONALIZACI\u00d3N DENTRO DE LAS ESTRATEGIAS DE MARKETING DIGITAL<br \/>\n5. PLANIFICACI\u00d3N DE UNA CAMPA\u00d1A DE COMUNICACI\u00d3N ON LINE<br \/>\n6. PUBLICIDAD ONLINE Y SU EFICACIA<br \/>\n7. MARKETING EN BUSCADORES<\/p>\n<p>TEMA 5: PUBLICIDAD EN INTERNET<\/p>\n<p>1. La publicidad tradicional y la publicidad online<br \/>\n2. Estrategias publicitarias en Internet<br \/>\n3. Planificaci\u00f3n de la campa\u00f1a publicitaria online<br \/>\n4. Planificaci\u00f3n de los medios publicitarios online<br \/>\n5. Medios, soportes y formatos publicitarios online<br \/>\n6. Evaluaci\u00f3n de la eficacia publicitaria. Modelos de contrataci\u00f3n de publicidad online<br \/>\n7. La Web<\/p>\n<p>TEMA 6: INTERNET COMO CANAL DE COMERCIALIZACI\u00d3N Y DE RELACI\u00d3N CON LOS CLIENTES<\/p>\n<p>1. INTRODUCCI\u00d3N<br \/>\n2. USO DE LOS PRINCIPALES NAVEGADORES. OPTIMIZACI\u00d3N DE LOS M\u00c9TODOS DE B\u00daSQUEDA<br \/>\n3. LAS COMUNICACIONES A TRAV\u00c9S DE INTERNET: CORREO ELECTR\u00d3NICO, MENSAJER\u00cdA INSTANT\u00c1NEA, NAVEGACI\u00d3N GUIADA<br \/>\n4. MODELOS DE COMERCIO A TRAV\u00c9S DE INTERNET<br \/>\n5. EL CONCEPTO DE INTRANET Y EXTRANET<br \/>\n6. LA RELACI\u00d3N CON EL CLIENTE A TRAV\u00c9S DE INTERNET, INTRODUCCI\u00d3N A LAS PRINCIPALES HERRAMIENTAS DE GESTI\u00d3N DE LA RELACI\u00d3N CON EL CLIENTE (CRM)<br \/>\n7. INTRODUCCI\u00d3N A LAS HERRAMIENTAS DE SEGURIDAD EN INTERNET. MEDIOS DE PAGO EN INTERNET<\/p>\n<p>TEMA 7: GESTI\u00d3N DE PROYECTOS<\/p>\n<p>1. CONCEPTOS B\u00c1SICOS<br \/>\n2. FASES EN LA ELABORACI\u00d3N DE UN PROYECTO<br \/>\n3. T\u00c9CNICAS DE PLANIFICACI\u00d3N<br \/>\n4. CONTROL Y GESTI\u00d3N<br \/>\n5. DOCUMENTACI\u00d3N Y APOYO INFORM\u00c1TICO<\/p>\n<p>TEMA 8: COMERCIO ELECTR\u00d3NICO PARA PYMES<\/p>\n<p>1. QU\u00c9 ES EL COMERCIO ELECTR\u00d3NICO Y E-BUSINESS<br \/>\n2. E-BUSINESS: NUEVOS MODELOS DE PROCESOS DE NEGOCIO<br \/>\n3. ELEMENTOS DE UN SISTEMA DE E-BUSINESS Y COMERCIO ELECTR\u00d3NICO<br \/>\n4. REQUISITOS M\u00cdNIMOS PARA EL COMERCIO ELECTR\u00d3NICO Y EL E-BUSINESS<br \/>\n5. SOLUCIONES INTEGRALES EN MATERIA TECNOL\u00d3GICA PARA LA PUESTA EN MARCHA DE INICIATIVAS DE COMERCIO ELECTR\u00d3NICO Y E-BUSINESS<br \/>\n6. AN\u00c1LISIS DE LOS PRINCIPALES CASOS DE \u00c9XITO DE COMERCIO ELECTR\u00d3NICO<br \/>\n7. DOMINIOS, P\u00c1GINAS WEB, SITIOS WEB Y PORTALES<\/p>\n<p><em><strong>M\u00c1STER EN SOCIAL MEDIA Y COMMUNITY MANAGER <\/strong><\/em><\/p>\n<hr \/>\n","protected":false},"excerpt":{"rendered":"<p><a href=\"https:\/\/centro-cee.com\/web\/formaciones\/\">Atr\u00e1s<\/a><\/p>\n<p>\u00bfQuieres dar un paso adelante en tu futuro profesional? \u00bfTe gustar\u00eda aprender a gestionar redes sociales? Si es as\u00ed, te presentamos este M\u00e1ster en Social Media Manager + M\u00e1ster en Community Manager, impartido por el CEE Centro Europeo E-learning.<\/p>\n<p>Con esta formaci\u00f3n te formar\u00e1s en todos los aspectos relacionados con la gesit\u00f3n y administraci\u00f3n de la presencia en internet de cualquier empresa que quiera tener su marca en internet.<\/p>\n<p>En la actualidad esta formaci\u00f3n permite acceder a los nuevos perfiles de trabajo emergentes con las nuevas tecnolog\u00edas y las redes sociales. Si eres apasionado de las redes sociales, blogs, instagram, youtube, etc., con este m\u00e1ster puedes hacer de tu afici\u00f3n una profesi\u00f3n de futuro.<\/p>\n","protected":false},"featured_media":1842,"comment_status":"closed","ping_status":"closed","template":"","meta":[],"product_brand":[],"product_cat":[2050,17],"product_tag":[1840,1839,1834,1838,1837,1841,798,1835,1836,1833],"class_list":{"0":"post-1841","1":"product","2":"type-product","3":"status-publish","4":"has-post-thumbnail","6":"product_cat-cursos-online-empresa","7":"product_cat-master","8":"product_tag-analisis-de-metricas","9":"product_tag-branding-en-redes-sociales","10":"product_tag-community-manager","11":"product_tag-creacion-de-contenido","12":"product_tag-estrategia-en-social-media","13":"product_tag-formacion-en-marketing-online","14":"product_tag-gestion-de-comunidades-digitales","15":"product_tag-gestion-de-redes-sociales","16":"product_tag-marketing-digital","17":"product_tag-master-en-social-media","19":"first","20":"instock","21":"sale","22":"shipping-taxable","23":"purchasable","24":"product-type-simple"},"yoast_head":"<!-- This site is optimized with the Yoast SEO plugin v27.5 - https:\/\/yoast.com\/product\/yoast-seo-wordpress\/ -->\n<title>M\u00c1STER EN SOCIAL MEDIA Y COMMUNITY MANAGER<\/title>\n<meta name=\"description\" content=\"Desarrolla tus habilidades y mejora tus conocimientos con nuestra formaci\u00f3n de M\u00c1STER EN SOCIAL MEDIA Y COMMUNITY MANAGER\" \/>\n<meta name=\"robots\" content=\"index, follow, max-snippet:-1, max-image-preview:large, max-video-preview:-1\" \/>\n<link rel=\"canonical\" href=\"https:\/\/centro-cee.com\/web\/producto\/master-en-social-media-y-community-manager\/\" \/>\n<meta property=\"og:locale\" content=\"es_ES\" \/>\n<meta property=\"og:type\" content=\"article\" \/>\n<meta property=\"og:title\" content=\"M\u00c1STER EN SOCIAL MEDIA Y COMMUNITY MANAGER\" \/>\n<meta property=\"og:description\" content=\"Desarrolla tus habilidades y mejora tus conocimientos con nuestra formaci\u00f3n de M\u00c1STER EN SOCIAL MEDIA Y COMMUNITY MANAGER\" \/>\n<meta property=\"og:url\" content=\"https:\/\/centro-cee.com\/web\/producto\/master-en-social-media-y-community-manager\/\" \/>\n<meta property=\"og:site_name\" content=\"CEE Centro Europeo E-learning - Cursos online\" \/>\n<meta property=\"article:modified_time\" content=\"2026-03-13T17:03:21+00:00\" \/>\n<meta property=\"og:image\" content=\"https:\/\/centro-cee.com\/web\/wp-content\/uploads\/2024\/12\/freelancer-Social-media.png\" \/>\n\t<meta property=\"og:image:width\" content=\"624\" \/>\n\t<meta property=\"og:image:height\" content=\"416\" \/>\n\t<meta property=\"og:image:type\" content=\"image\/png\" \/>\n<meta name=\"twitter:card\" content=\"summary_large_image\" \/>\n<meta name=\"twitter:label1\" content=\"Tiempo de lectura\" \/>\n\t<meta name=\"twitter:data1\" content=\"3 minutos\" \/>\n<script type=\"application\/ld+json\" class=\"yoast-schema-graph\">{\"@context\":\"https:\\\/\\\/schema.org\",\"@graph\":[{\"@type\":\"WebPage\",\"@id\":\"https:\\\/\\\/centro-cee.com\\\/web\\\/producto\\\/master-en-social-media-y-community-manager\\\/\",\"url\":\"https:\\\/\\\/centro-cee.com\\\/web\\\/producto\\\/master-en-social-media-y-community-manager\\\/\",\"name\":\"M\u00c1STER EN SOCIAL MEDIA Y COMMUNITY MANAGER\",\"isPartOf\":{\"@id\":\"https:\\\/\\\/centro-cee.com\\\/web\\\/#website\"},\"primaryImageOfPage\":{\"@id\":\"https:\\\/\\\/centro-cee.com\\\/web\\\/producto\\\/master-en-social-media-y-community-manager\\\/#primaryimage\"},\"image\":{\"@id\":\"https:\\\/\\\/centro-cee.com\\\/web\\\/producto\\\/master-en-social-media-y-community-manager\\\/#primaryimage\"},\"thumbnailUrl\":\"https:\\\/\\\/centro-cee.com\\\/web\\\/wp-content\\\/uploads\\\/2024\\\/12\\\/freelancer-Social-media.png\",\"datePublished\":\"2024-12-10T11:55:24+00:00\",\"dateModified\":\"2026-03-13T17:03:21+00:00\",\"description\":\"Desarrolla tus habilidades y mejora tus conocimientos con nuestra formaci\u00f3n de M\u00c1STER EN SOCIAL MEDIA Y COMMUNITY MANAGER\",\"breadcrumb\":{\"@id\":\"https:\\\/\\\/centro-cee.com\\\/web\\\/producto\\\/master-en-social-media-y-community-manager\\\/#breadcrumb\"},\"inLanguage\":\"es\",\"potentialAction\":[{\"@type\":\"ReadAction\",\"target\":[\"https:\\\/\\\/centro-cee.com\\\/web\\\/producto\\\/master-en-social-media-y-community-manager\\\/\"]}]},{\"@type\":\"ImageObject\",\"inLanguage\":\"es\",\"@id\":\"https:\\\/\\\/centro-cee.com\\\/web\\\/producto\\\/master-en-social-media-y-community-manager\\\/#primaryimage\",\"url\":\"https:\\\/\\\/centro-cee.com\\\/web\\\/wp-content\\\/uploads\\\/2024\\\/12\\\/freelancer-Social-media.png\",\"contentUrl\":\"https:\\\/\\\/centro-cee.com\\\/web\\\/wp-content\\\/uploads\\\/2024\\\/12\\\/freelancer-Social-media.png\",\"width\":624,\"height\":416,\"caption\":\"M\u00c1STER EN SOCIAL MEDIA Y COMMUNITY MANAGER\"},{\"@type\":\"BreadcrumbList\",\"@id\":\"https:\\\/\\\/centro-cee.com\\\/web\\\/producto\\\/master-en-social-media-y-community-manager\\\/#breadcrumb\",\"itemListElement\":[{\"@type\":\"ListItem\",\"position\":1,\"name\":\"Portada\",\"item\":\"https:\\\/\\\/centro-cee.com\\\/web\\\/\"},{\"@type\":\"ListItem\",\"position\":2,\"name\":\"M\u00c1STER EN SOCIAL MEDIA Y COMMUNITY MANAGER\"}]},{\"@type\":\"WebSite\",\"@id\":\"https:\\\/\\\/centro-cee.com\\\/web\\\/#website\",\"url\":\"https:\\\/\\\/centro-cee.com\\\/web\\\/\",\"name\":\"Centro Europeo E-learning\",\"description\":\"CEE Formaci\u00f3n Online\",\"publisher\":{\"@id\":\"https:\\\/\\\/centro-cee.com\\\/web\\\/#organization\"},\"alternateName\":\"Centro Online de Formaci\u00f3n\",\"potentialAction\":[{\"@type\":\"SearchAction\",\"target\":{\"@type\":\"EntryPoint\",\"urlTemplate\":\"https:\\\/\\\/centro-cee.com\\\/web\\\/?s={search_term_string}\"},\"query-input\":{\"@type\":\"PropertyValueSpecification\",\"valueRequired\":true,\"valueName\":\"search_term_string\"}}],\"inLanguage\":\"es\"},{\"@type\":\"Organization\",\"@id\":\"https:\\\/\\\/centro-cee.com\\\/web\\\/#organization\",\"name\":\"Centro Europeo E-learning CEE\",\"url\":\"https:\\\/\\\/centro-cee.com\\\/web\\\/\",\"logo\":{\"@type\":\"ImageObject\",\"inLanguage\":\"es\",\"@id\":\"https:\\\/\\\/centro-cee.com\\\/web\\\/#\\\/schema\\\/logo\\\/image\\\/\",\"url\":\"https:\\\/\\\/centro-cee.com\\\/web\\\/wp-content\\\/uploads\\\/2022\\\/12\\\/cropped-logo_educa.png\",\"contentUrl\":\"https:\\\/\\\/centro-cee.com\\\/web\\\/wp-content\\\/uploads\\\/2022\\\/12\\\/cropped-logo_educa.png\",\"width\":157,\"height\":63,\"caption\":\"Centro Europeo E-learning CEE\"},\"image\":{\"@id\":\"https:\\\/\\\/centro-cee.com\\\/web\\\/#\\\/schema\\\/logo\\\/image\\\/\"},\"sameAs\":[\"https:\\\/\\\/www.instagram.com\\\/centroeuropeo_cee\"]}]}<\/script>\n<!-- \/ Yoast SEO plugin. -->","yoast_head_json":{"title":"M\u00c1STER EN SOCIAL MEDIA Y COMMUNITY MANAGER","description":"Desarrolla tus habilidades y mejora tus conocimientos con nuestra formaci\u00f3n de M\u00c1STER EN SOCIAL MEDIA Y COMMUNITY MANAGER","robots":{"index":"index","follow":"follow","max-snippet":"max-snippet:-1","max-image-preview":"max-image-preview:large","max-video-preview":"max-video-preview:-1"},"canonical":"https:\/\/centro-cee.com\/web\/producto\/master-en-social-media-y-community-manager\/","og_locale":"es_ES","og_type":"article","og_title":"M\u00c1STER EN SOCIAL MEDIA Y COMMUNITY MANAGER","og_description":"Desarrolla tus habilidades y mejora tus conocimientos con nuestra formaci\u00f3n de M\u00c1STER EN SOCIAL MEDIA Y COMMUNITY MANAGER","og_url":"https:\/\/centro-cee.com\/web\/producto\/master-en-social-media-y-community-manager\/","og_site_name":"CEE Centro Europeo E-learning - Cursos online","article_modified_time":"2026-03-13T17:03:21+00:00","og_image":[{"width":624,"height":416,"url":"https:\/\/centro-cee.com\/web\/wp-content\/uploads\/2024\/12\/freelancer-Social-media.png","type":"image\/png"}],"twitter_card":"summary_large_image","twitter_misc":{"Tiempo de lectura":"3 minutos"},"schema":{"@context":"https:\/\/schema.org","@graph":[{"@type":"WebPage","@id":"https:\/\/centro-cee.com\/web\/producto\/master-en-social-media-y-community-manager\/","url":"https:\/\/centro-cee.com\/web\/producto\/master-en-social-media-y-community-manager\/","name":"M\u00c1STER EN SOCIAL MEDIA Y COMMUNITY MANAGER","isPartOf":{"@id":"https:\/\/centro-cee.com\/web\/#website"},"primaryImageOfPage":{"@id":"https:\/\/centro-cee.com\/web\/producto\/master-en-social-media-y-community-manager\/#primaryimage"},"image":{"@id":"https:\/\/centro-cee.com\/web\/producto\/master-en-social-media-y-community-manager\/#primaryimage"},"thumbnailUrl":"https:\/\/centro-cee.com\/web\/wp-content\/uploads\/2024\/12\/freelancer-Social-media.png","datePublished":"2024-12-10T11:55:24+00:00","dateModified":"2026-03-13T17:03:21+00:00","description":"Desarrolla tus habilidades y mejora tus conocimientos con nuestra formaci\u00f3n de M\u00c1STER EN SOCIAL MEDIA Y COMMUNITY MANAGER","breadcrumb":{"@id":"https:\/\/centro-cee.com\/web\/producto\/master-en-social-media-y-community-manager\/#breadcrumb"},"inLanguage":"es","potentialAction":[{"@type":"ReadAction","target":["https:\/\/centro-cee.com\/web\/producto\/master-en-social-media-y-community-manager\/"]}]},{"@type":"ImageObject","inLanguage":"es","@id":"https:\/\/centro-cee.com\/web\/producto\/master-en-social-media-y-community-manager\/#primaryimage","url":"https:\/\/centro-cee.com\/web\/wp-content\/uploads\/2024\/12\/freelancer-Social-media.png","contentUrl":"https:\/\/centro-cee.com\/web\/wp-content\/uploads\/2024\/12\/freelancer-Social-media.png","width":624,"height":416,"caption":"M\u00c1STER EN SOCIAL MEDIA Y COMMUNITY MANAGER"},{"@type":"BreadcrumbList","@id":"https:\/\/centro-cee.com\/web\/producto\/master-en-social-media-y-community-manager\/#breadcrumb","itemListElement":[{"@type":"ListItem","position":1,"name":"Portada","item":"https:\/\/centro-cee.com\/web\/"},{"@type":"ListItem","position":2,"name":"M\u00c1STER EN SOCIAL MEDIA Y COMMUNITY MANAGER"}]},{"@type":"WebSite","@id":"https:\/\/centro-cee.com\/web\/#website","url":"https:\/\/centro-cee.com\/web\/","name":"Centro Europeo E-learning","description":"CEE Formaci\u00f3n Online","publisher":{"@id":"https:\/\/centro-cee.com\/web\/#organization"},"alternateName":"Centro Online de Formaci\u00f3n","potentialAction":[{"@type":"SearchAction","target":{"@type":"EntryPoint","urlTemplate":"https:\/\/centro-cee.com\/web\/?s={search_term_string}"},"query-input":{"@type":"PropertyValueSpecification","valueRequired":true,"valueName":"search_term_string"}}],"inLanguage":"es"},{"@type":"Organization","@id":"https:\/\/centro-cee.com\/web\/#organization","name":"Centro Europeo E-learning CEE","url":"https:\/\/centro-cee.com\/web\/","logo":{"@type":"ImageObject","inLanguage":"es","@id":"https:\/\/centro-cee.com\/web\/#\/schema\/logo\/image\/","url":"https:\/\/centro-cee.com\/web\/wp-content\/uploads\/2022\/12\/cropped-logo_educa.png","contentUrl":"https:\/\/centro-cee.com\/web\/wp-content\/uploads\/2022\/12\/cropped-logo_educa.png","width":157,"height":63,"caption":"Centro Europeo E-learning CEE"},"image":{"@id":"https:\/\/centro-cee.com\/web\/#\/schema\/logo\/image\/"},"sameAs":["https:\/\/www.instagram.com\/centroeuropeo_cee"]}]}},"_links":{"self":[{"href":"https:\/\/centro-cee.com\/web\/wp-json\/wp\/v2\/product\/1841","targetHints":{"allow":["GET"]}}],"collection":[{"href":"https:\/\/centro-cee.com\/web\/wp-json\/wp\/v2\/product"}],"about":[{"href":"https:\/\/centro-cee.com\/web\/wp-json\/wp\/v2\/types\/product"}],"replies":[{"embeddable":true,"href":"https:\/\/centro-cee.com\/web\/wp-json\/wp\/v2\/comments?post=1841"}],"wp:featuredmedia":[{"embeddable":true,"href":"https:\/\/centro-cee.com\/web\/wp-json\/wp\/v2\/media\/1842"}],"wp:attachment":[{"href":"https:\/\/centro-cee.com\/web\/wp-json\/wp\/v2\/media?parent=1841"}],"wp:term":[{"taxonomy":"product_brand","embeddable":true,"href":"https:\/\/centro-cee.com\/web\/wp-json\/wp\/v2\/product_brand?post=1841"},{"taxonomy":"product_cat","embeddable":true,"href":"https:\/\/centro-cee.com\/web\/wp-json\/wp\/v2\/product_cat?post=1841"},{"taxonomy":"product_tag","embeddable":true,"href":"https:\/\/centro-cee.com\/web\/wp-json\/wp\/v2\/product_tag?post=1841"}],"curies":[{"name":"wp","href":"https:\/\/api.w.org\/{rel}","templated":true}]}}