{"id":1793,"date":"2024-11-19T12:54:54","date_gmt":"2024-11-19T12:54:54","guid":{"rendered":"https:\/\/centro-cee.com\/web\/?post_type=product&#038;p=1793"},"modified":"2026-03-13T17:04:13","modified_gmt":"2026-03-13T17:04:13","slug":"monitor-de-musculacion-y-fitness-coaching-deportivo","status":"publish","type":"product","link":"https:\/\/centro-cee.com\/web\/producto\/monitor-de-musculacion-y-fitness-coaching-deportivo\/","title":{"rendered":"Monitor de musculaci\u00f3n y fitness + coaching deportivo"},"content":{"rendered":"<p><a href=\"https:\/\/centro-cee.com\/web\/formaciones\/\">Atr\u00e1s<\/a><\/p>\n<p><em><strong>Monitor de musculaci\u00f3n y fitness + coaching deportivo<\/strong><\/em><\/p>\n<p>Toda esta informaci\u00f3n se realiza 100% online en nuestro campus online de formaci\u00f3n.<\/p>\n<p>Las tutor\u00edas se realizan directamente desde el campus de estudio con la opci\u00f3n de mensajer\u00eda a profesores. Las tutorias son \u201ca demanda\u201d, cuando necesites soporte nos lo pides.<\/p>\n<p>Los t\u00edtulos de Centro CEE est\u00e1n autenticados por la firma de notario que valida contenidos y autenticidad a nivel internacional. Nuestra organizaci\u00f3n pertenece a la Asociaci\u00f3n Espa\u00f1ola de Calidad, organizaci\u00f3n Espa\u00f1ola de referencia para la calidad\u00a0en la formaci\u00f3n de auxiliar de enfermer\u00eda. La certificaci\u00f3n se puede apostillar por la Haya para cualquier pa\u00eds firmante del convenio de la Haya.<\/p>\n<p>Se puede pagar a plazos.<\/p>\n<p>Carga horaria de la formaci\u00f3n: 450h<\/p>\n<p>&nbsp;<\/p>\n<h2>Temario<\/h2>\n<hr \/>\n<p>TEMA 1. BASES ANAT\u00d3MICAS Y FISIOL\u00d3GICAS DEL MOVIMIENTO<br \/>\n1. Introducci\u00f3n a la fisioterapia<br \/>\n2. Fundamentos anat\u00f3micos del movimiento<br \/>\nTEMA 2. SISTEMA \u00d3SEO<br \/>\n1. Morfolog\u00eda<br \/>\n2. Fisiolog\u00eda<br \/>\n3. Divisi\u00f3n del esqueleto<br \/>\n4. \u2026<br \/>\nTEMA 3. FISIOLOG\u00cdA MUSCULAR<br \/>\n1. Introducci\u00f3n<br \/>\n2. Tejido muscular<br \/>\n3. Clasificaci\u00f3n muscular<br \/>\n4. Acciones musculares<br \/>\n5. ..<br \/>\nTEMA 4. SISTEMAS ENERG\u00c9TICOS<br \/>\n1. Sistema energ\u00e9tico<br \/>\n2. ATP (Adenosina Trifosfato)<br \/>\n3. Tipos de fuentes energ\u00e9ticas<br \/>\n4. ..<br \/>\nTEMA 5. METABOLISMO EN FISIOLOG\u00cdA DEL EJERCICIO<br \/>\n1. El ejercicio f\u00edsico<br \/>\n2. Adaptaciones Org\u00e1nicas en el Ejercicio<br \/>\n3. Metabolismo energ\u00e9tico durante el ejercicio. La fatiga<br \/>\nTEMA 6. DIET\u00c9TICA Y NUTRICI\u00d3N APLICADA A LA MUSCULACI\u00d3N Y FITNESS<br \/>\n1. Introducci\u00f3n<br \/>\n2. Nutrici\u00f3n y salud<br \/>\n3. Necesidad de nutrientes<br \/>\n4. \u2026<br \/>\nTEMA 7. TEOR\u00cdA DEL ENTRENAMIENTO APLICADO A LA MUSCULACI\u00d3N Y FITNESS. Introducci\u00f3n al entrenamiento<br \/>\n1. Teor\u00edas que explican los fen\u00f3menos de adaptaci\u00f3n del organismo a los esfuerzos<br \/>\n2. Factores que intervienen en el entrenamiento f\u00edsico<br \/>\n3. Medici\u00f3n y evaluaci\u00f3n de la condici\u00f3n f\u00edsica<br \/>\n4. Calentamiento y enfriamiento<br \/>\n5. T\u00e9cnicas de relajaci\u00f3n y respiraci\u00f3n<br \/>\n6. \u2026<br \/>\nTEMA 8. LESIONES DEPORTIVAS. PREVENCI\u00d3N Y TRATAMIENTO<br \/>\n1. Introducci\u00f3n a las lesiones deportivas<br \/>\n2. Definici\u00f3n<br \/>\n3. La prevenci\u00f3n<br \/>\n4. Tratamiento<br \/>\n5. Lesiones deportivas frecuentes<br \/>\n6. \u2026<br \/>\nTEMA 9. PRIMEROS AUXILIOS APLICADOS A LA MUSCULACI\u00d3N Y FITNESS<br \/>\n1. Introducci\u00f3n a los Primeros Auxilios<br \/>\n2. Actuaciones en primeros auxilios<br \/>\n3. Normas generales para la realizaci\u00f3n de vendajes<br \/>\n4. Maniobras de resucitaci\u00f3n cardiopulmonar<br \/>\nANEXO 1. EJERCICIOS DE ESTIRAMIENTO<br \/>\nMODULO II. PR\u00c1CTICA. TONIFICACI\u00d3N DIRIGIDA<br \/>\n1. Introducci\u00f3n.<br \/>\n2. Calentamiento.<br \/>\n3. Cu\u00e1driceps<br \/>\n4. Pectorales.<br \/>\n5. ..<\/p>\n<p>M\u00c1STER EN COACHING DEPORTIVO<br \/>\nTEMA 1. \u00bfQU\u00c9 ES EL COACHING?<br \/>\n1. El cambio, la crisis y la construcci\u00f3n de la identidad<br \/>\n2. Concepto de coaching<br \/>\n3. Etimolog\u00eda del coaching<br \/>\n4. ..<br \/>\nTEMA 2. IMPORTANCIA DEL COACHING<br \/>\n1. \u00bfPor qu\u00e9 es importante el coaching?<br \/>\n2. Principios y valores<br \/>\n3. Tipos de coaching<br \/>\n4. ..<br \/>\nTEMA 3. ASPECTOS FUNDAMENTALES DEL COACHING (I)<br \/>\n1. Introducci\u00f3n: los elementos claves para el \u00e9xito<br \/>\n2. Motivaci\u00f3n<br \/>\n3. Autoestima<br \/>\n4. Autoconfianza<br \/>\nTEMA 4. ASPECTOS FUNDAMENTALES DEL COACHING (II)<br \/>\n1. Responsabilidad y compromiso<br \/>\n2. Acci\u00f3n<br \/>\n3. Creatividad<br \/>\n4. Contenido y proceso<br \/>\n5. ..<br \/>\nTEMA 5. \u00c9TICA Y COACHING<br \/>\n1. Liderazgo, poder y \u00e9tica<br \/>\n2. Confidencialidad del Proceso<br \/>\n3. \u00c9tica y Deontolog\u00eda del coach<br \/>\n4. ..<br \/>\n5. M\u00d3DULO II. EL PROCESO DE COACHING<br \/>\nTEMA 6. COACHING, CAMBIO Y APRENDIZAJE<br \/>\n1. La superaci\u00f3n de los bloqueos<br \/>\n2. El deseo de avanzar<br \/>\n3. ..<br \/>\nTEMA 7. EL PROCESO DE COACHING: ASPECTOS GENERALES<br \/>\n1. Coaching \u00bfherramienta o proceso?<br \/>\n2. Motivaci\u00f3n en el proceso<br \/>\n3. \u2026<br \/>\nTEMA 8. HABILIDADES RELACIONADAS CON EL PROCESO<br \/>\n1. Introducci\u00f3n<br \/>\n2. Escucha<br \/>\n3. Empat\u00eda<br \/>\n4. \u2026<br \/>\nTEMA 9. FASES EN EL PROCESO DE COACHING<br \/>\n1. Primera fase: establecer la relaci\u00f3n de coaching<br \/>\n2. Segunda fase: planificaci\u00f3n de la acci\u00f3n<br \/>\n3. Tercera fase: ciclo de coaching<br \/>\n4. \u2026<br \/>\nTEMA 10. EVALUACI\u00d3N (I)<br \/>\n1. \u00bfPor qu\u00e9 es necesaria la evaluaci\u00f3n?<br \/>\n2. Beneficios de los programas de evaluaci\u00f3n de coaching<br \/>\n3. \u2026<br \/>\nTEMA 11. EVALUACI\u00d3N (II)<br \/>\n1. El final de la evaluaci\u00f3n<br \/>\n2. Evaluaci\u00f3n externa<br \/>\n3. Sesiones de evaluaci\u00f3n continua<br \/>\n4. \u2026<br \/>\nTEMA 12. EL COACH<br \/>\n1. La figura del coach<br \/>\n2. Tipos de coach<br \/>\n3. Papel del coach en el proceso de coaching ejecutivo<br \/>\nTEMA 13. COMPETENCIAS DEL COACH<br \/>\n1. Competencias clave y actuaci\u00f3n del coach<br \/>\n2. Las caracter\u00edsticas del coach efectivo para el desarrollo de competencias<br \/>\n3. Dos competencias clave para el desarrollo de una empresa liberadora<br \/>\nTEMA 14. LA PREPARACI\u00d3N DE UN BUEN COACH<br \/>\n1. Preparaci\u00f3n t\u00e9cnica: formaci\u00f3n y experiencia empresarial<br \/>\n2. Errores m\u00e1s comunes del coach<br \/>\n3. Capacitaci\u00f3n para conducir las sesiones de coaching<br \/>\nTEMA 15. LA FIGURA DEL COACHEE<br \/>\n1. La figura del coachee<br \/>\n2. Caracter\u00edsticas del destinatario del coaching<br \/>\n3. La capacidad para recibir el coaching<br \/>\n4. \u2026<br \/>\nTEMA 16. COACHING Y DEPORTE<br \/>\n1. El origen del coaching<br \/>\n2. La estrategia deportiva<br \/>\n3. Coaching deportivo: aprender a fluir<br \/>\nTEMA 17. VALORES DEL DEPORTE<br \/>\n1. El deporte: crisol de valores<br \/>\n2. La sana competitividad<br \/>\n3. Beneficios del deporte<br \/>\n4. ..<br \/>\nTEMA 18. EL ENTRENADOR: COACH<br \/>\n1. Descripci\u00f3n del buen entrenador<br \/>\n2. Objetivos, misi\u00f3n y valores del entrenador<br \/>\n3. \u2026<br \/>\nTEMA 19. EL ENTRENAMIENTO<br \/>\n1. \u00bfQu\u00e9 significa entrenar?<br \/>\n2. Claves para un buen entrenamiento<br \/>\n3. Tipos de entrenamiento<br \/>\n4. \u2026<br \/>\n5. M\u00d3DULO V. ELEMENTOS NECESARIOS PARA LA PR\u00c1CTICA DEPORTIVA<br \/>\nTEMA 20. CONCIENCIA PERSONAL<br \/>\n1. El deportista: concentraci\u00f3n<br \/>\n2. Regulaci\u00f3n emocional en el deporte y las atribuciones<br \/>\n3. Autoestima y autoconfianza<br \/>\n4. Prevenci\u00f3n de lesiones<br \/>\nTEMA 21. CONCIENCIA GRUPAL<br \/>\n1. El equipo: sinergia grupal<br \/>\n2. Grupo vs. Equipo<br \/>\n3. El \u00e9xito colectivo<br \/>\nTEMA 22. GESTI\u00d3N DE LAS EMOCIONES<br \/>\n1. Mantener una actitud positiva<br \/>\n2. Motivaci\u00f3n<br \/>\n3. Reconocer las posibilidades: autovaloraci\u00f3n<br \/>\n4. Energ\u00eda emocional<br \/>\n5. Intenci\u00f3n ganadora<br \/>\nTEMA 23. EL CUERPO, LA MENTE Y EL DEPORTE<br \/>\n1. Cuerpo<br \/>\n2. Mente<br \/>\n3. Equilibrio cuerpo y mente<br \/>\nTEMA 24. L\u00cdDER Y LIDERAZGO<br \/>\n1. El l\u00edder<br \/>\n2. Liderazgo<br \/>\n3. Enfoques centrados en el l\u00edder<br \/>\n4. Teor\u00edas situacionales o de contingencia<br \/>\n5. Estilos de liderazgo<br \/>\n6. M\u00d3DULO VI. T\u00c9CNICAS<br \/>\nTEMA 25. T\u00c9CNICAS DEPORTIVAS<br \/>\n1. Introducci\u00f3n a las t\u00e9cnicas de coaching en positivo<br \/>\n2. Visualizaci\u00f3n<br \/>\n3. Relajaci\u00f3n<br \/>\n4. Concentraci\u00f3n<br \/>\nTEMA 26. T\u00c9CNICAS DE EQUIPO<br \/>\n1. Definici\u00f3n y clasificaci\u00f3n<br \/>\n2. T\u00e9cnicas de grupo grande<br \/>\n3. Grupo mediano<br \/>\n4. T\u00e9cnicas de grupo peque\u00f1o<br \/>\n5. \u2026<br \/>\n6. M\u00d3DULO VII. ESTABLECIMIENTO DE METAS<br \/>\nTEMA 27. LAS METAS EN EL DEPORTE<br \/>\n1. \u00bfQu\u00e9 entendemos por meta?<br \/>\n2. Pautas para establecer una buena meta<br \/>\n3. Dise\u00f1o de un sistema de establecimiento de metas<br \/>\nTEMA 28. ESTABLECER OBJETIVOS<br \/>\n1. Diferencia entre objetivo y meta<br \/>\n2. Pautas para enunciar objetivos<br \/>\n3. Fases para establecer objetivos<br \/>\nTEMA 29. PREPARACI\u00d3N PARA ALCANZAR LA META<br \/>\n1. Plantear las metas<br \/>\n2. Conseguir las metas<br \/>\n3. M\u00d3DULO VIII. COACHING DEPORTIVO Y OTRAS DISCIPLINAS<br \/>\nTEMA 30. COACHING, PSICOLOG\u00cdA DEL DEPORTE Y DEPORTE<br \/>\n1. \u00bfQu\u00e9 es la psicolog\u00eda del deporte?<br \/>\n2. Herramientas, ejercicios y principios de la psicolog\u00eda del deporte<br \/>\n3. Aportaciones de la psicolog\u00eda al deporte<br \/>\nTEMA 31. COACHING, MENTORING Y DEPORTE<br \/>\n1. \u00bfQu\u00e9 es el mentoring?<br \/>\n2. Semejanzas y diferencias entre coaching y mentoring<br \/>\n3. Principios y leyes del mentoring<br \/>\n4. Herramientas y t\u00e9cnicas del mentoring<br \/>\nTEMA 32. COACHING, INTELIGENCIA EMOCIONAL Y DEPORTE<br \/>\n1. \u00bfQu\u00e9 es la Inteligencia Emocional?<br \/>\n2. Componentes de la inteligencia emocional<br \/>\n3. ..<br \/>\nTEMA 33. COACHING, PNL Y DEPORTE<br \/>\n1. \u00bfQu\u00e9 es la Programaci\u00f3n Neuroling\u00fc\u00edstica?<br \/>\n2. Principios de la PNL<br \/>\n3. Los sistemas representacionales<br \/>\n4. Coaching, PNL y deporte<\/p>\n<p><em><strong>Monitor de musculaci\u00f3n y fitness + coaching deportivo<\/strong><\/em><\/p>\n<hr \/>\n","protected":false},"excerpt":{"rendered":"<p><a href=\"https:\/\/centro-cee.com\/web\/formaciones\/\">Atr\u00e1s<\/a><\/p>\n<p>La actividad f\u00edsica esta cada dia mas implantada en nuestra sociedad, que demanda de profesionales tanto a nivel de formar parte de organizaciones especializados en la actividad f\u00edsica, como gimnasios, centros de alto rendimiento, centros educativos, etc., es por ello que esta formaci\u00f3n dotara al  alumna\/o de los conocimientos necesarios para ser profesional del sector.<\/p>\n<p>En la formaci\u00f3n se aprendera todo lo referente a las bases anat\u00f3micas y fisiol\u00f3gicas, sistemas energ\u00e9ticos, nutrici\u00f3n, prevenci\u00f3n y tratamiento de lesiones deportivas. Importante tambi\u00e9n el conocimiento de t\u00e9cnicas de coaching, gesti\u00f3n de emociones, etc., ya que es labor del trainer motivar a los deportistas para conseguir los hitos propuestos.<\/p>\n","protected":false},"featured_media":1794,"comment_status":"closed","ping_status":"closed","template":"","meta":[],"product_brand":[],"product_cat":[2052,1798,34],"product_tag":[1774,206,1776,1775,1772,1770,1560,1777,1773,1769,1771],"class_list":{"0":"post-1793","1":"product","2":"type-product","3":"status-publish","4":"has-post-thumbnail","6":"product_cat-cursos-educacion","7":"product_cat-cursos-fef","8":"product_cat-tecnicos","9":"product_tag-asesoramiento-deportivo","10":"product_tag-coaching-deportivo","11":"product_tag-curso-de-fitness-y-musculacion","12":"product_tag-entrenador-personal","13":"product_tag-entrenamiento-de-fuerza","14":"product_tag-fitness-y-entrenamiento","15":"product_tag-formacion-en-entrenamiento-personal","16":"product_tag-liderazgo-en-coaching-deportivo","17":"product_tag-monitor-de-gimnasio","18":"product_tag-monitor-de-musculacion","19":"product_tag-planificacion-de-rutinas-de-fitness","21":"first","22":"instock","23":"sale","24":"shipping-taxable","25":"purchasable","26":"product-type-simple"},"yoast_head":"<!-- This site is optimized with the Yoast SEO plugin v27.5 - https:\/\/yoast.com\/product\/yoast-seo-wordpress\/ -->\n<title>Monitor de musculaci\u00f3n y fitness + coaching deportivo<\/title>\n<meta name=\"description\" content=\"Desarrolla tus habilidades y mejora tus conocimientos con nuestra formaci\u00f3n de Monitor de musculaci\u00f3n y fitness + coaching deportivo\" \/>\n<meta name=\"robots\" content=\"index, follow, max-snippet:-1, max-image-preview:large, max-video-preview:-1\" \/>\n<link rel=\"canonical\" href=\"https:\/\/centro-cee.com\/web\/producto\/monitor-de-musculacion-y-fitness-coaching-deportivo\/\" \/>\n<meta property=\"og:locale\" content=\"es_ES\" \/>\n<meta property=\"og:type\" content=\"article\" \/>\n<meta property=\"og:title\" content=\"Monitor de musculaci\u00f3n y fitness + coaching deportivo\" \/>\n<meta property=\"og:description\" content=\"Desarrolla tus habilidades y mejora tus conocimientos con nuestra formaci\u00f3n de Monitor de musculaci\u00f3n y fitness + coaching deportivo\" \/>\n<meta property=\"og:url\" content=\"https:\/\/centro-cee.com\/web\/producto\/monitor-de-musculacion-y-fitness-coaching-deportivo\/\" \/>\n<meta property=\"og:site_name\" content=\"CEE Centro Europeo E-learning - Cursos online\" \/>\n<meta property=\"article:modified_time\" content=\"2026-03-13T17:04:13+00:00\" \/>\n<meta property=\"og:image\" content=\"https:\/\/centro-cee.com\/web\/wp-content\/uploads\/2024\/11\/sdfwe23.png\" \/>\n\t<meta property=\"og:image:width\" content=\"553\" \/>\n\t<meta property=\"og:image:height\" content=\"592\" \/>\n\t<meta property=\"og:image:type\" content=\"image\/png\" \/>\n<meta name=\"twitter:card\" content=\"summary_large_image\" \/>\n<meta name=\"twitter:label1\" content=\"Tiempo de lectura\" \/>\n\t<meta name=\"twitter:data1\" content=\"3 minutos\" \/>\n<script type=\"application\/ld+json\" class=\"yoast-schema-graph\">{\"@context\":\"https:\\\/\\\/schema.org\",\"@graph\":[{\"@type\":\"WebPage\",\"@id\":\"https:\\\/\\\/centro-cee.com\\\/web\\\/producto\\\/monitor-de-musculacion-y-fitness-coaching-deportivo\\\/\",\"url\":\"https:\\\/\\\/centro-cee.com\\\/web\\\/producto\\\/monitor-de-musculacion-y-fitness-coaching-deportivo\\\/\",\"name\":\"Monitor de musculaci\u00f3n y fitness + coaching deportivo\",\"isPartOf\":{\"@id\":\"https:\\\/\\\/centro-cee.com\\\/web\\\/#website\"},\"primaryImageOfPage\":{\"@id\":\"https:\\\/\\\/centro-cee.com\\\/web\\\/producto\\\/monitor-de-musculacion-y-fitness-coaching-deportivo\\\/#primaryimage\"},\"image\":{\"@id\":\"https:\\\/\\\/centro-cee.com\\\/web\\\/producto\\\/monitor-de-musculacion-y-fitness-coaching-deportivo\\\/#primaryimage\"},\"thumbnailUrl\":\"https:\\\/\\\/centro-cee.com\\\/web\\\/wp-content\\\/uploads\\\/2024\\\/11\\\/sdfwe23.png\",\"datePublished\":\"2024-11-19T12:54:54+00:00\",\"dateModified\":\"2026-03-13T17:04:13+00:00\",\"description\":\"Desarrolla tus habilidades y mejora tus conocimientos con nuestra formaci\u00f3n de Monitor de musculaci\u00f3n y fitness + coaching deportivo\",\"breadcrumb\":{\"@id\":\"https:\\\/\\\/centro-cee.com\\\/web\\\/producto\\\/monitor-de-musculacion-y-fitness-coaching-deportivo\\\/#breadcrumb\"},\"inLanguage\":\"es\",\"potentialAction\":[{\"@type\":\"ReadAction\",\"target\":[\"https:\\\/\\\/centro-cee.com\\\/web\\\/producto\\\/monitor-de-musculacion-y-fitness-coaching-deportivo\\\/\"]}]},{\"@type\":\"ImageObject\",\"inLanguage\":\"es\",\"@id\":\"https:\\\/\\\/centro-cee.com\\\/web\\\/producto\\\/monitor-de-musculacion-y-fitness-coaching-deportivo\\\/#primaryimage\",\"url\":\"https:\\\/\\\/centro-cee.com\\\/web\\\/wp-content\\\/uploads\\\/2024\\\/11\\\/sdfwe23.png\",\"contentUrl\":\"https:\\\/\\\/centro-cee.com\\\/web\\\/wp-content\\\/uploads\\\/2024\\\/11\\\/sdfwe23.png\",\"width\":553,\"height\":592,\"caption\":\"entrenador fitness\"},{\"@type\":\"BreadcrumbList\",\"@id\":\"https:\\\/\\\/centro-cee.com\\\/web\\\/producto\\\/monitor-de-musculacion-y-fitness-coaching-deportivo\\\/#breadcrumb\",\"itemListElement\":[{\"@type\":\"ListItem\",\"position\":1,\"name\":\"Portada\",\"item\":\"https:\\\/\\\/centro-cee.com\\\/web\\\/\"},{\"@type\":\"ListItem\",\"position\":2,\"name\":\"Monitor de musculaci\u00f3n y fitness + coaching deportivo\"}]},{\"@type\":\"WebSite\",\"@id\":\"https:\\\/\\\/centro-cee.com\\\/web\\\/#website\",\"url\":\"https:\\\/\\\/centro-cee.com\\\/web\\\/\",\"name\":\"Centro Europeo E-learning\",\"description\":\"CEE Formaci\u00f3n Online\",\"publisher\":{\"@id\":\"https:\\\/\\\/centro-cee.com\\\/web\\\/#organization\"},\"alternateName\":\"Centro Online de Formaci\u00f3n\",\"potentialAction\":[{\"@type\":\"SearchAction\",\"target\":{\"@type\":\"EntryPoint\",\"urlTemplate\":\"https:\\\/\\\/centro-cee.com\\\/web\\\/?s={search_term_string}\"},\"query-input\":{\"@type\":\"PropertyValueSpecification\",\"valueRequired\":true,\"valueName\":\"search_term_string\"}}],\"inLanguage\":\"es\"},{\"@type\":\"Organization\",\"@id\":\"https:\\\/\\\/centro-cee.com\\\/web\\\/#organization\",\"name\":\"Centro Europeo E-learning CEE\",\"url\":\"https:\\\/\\\/centro-cee.com\\\/web\\\/\",\"logo\":{\"@type\":\"ImageObject\",\"inLanguage\":\"es\",\"@id\":\"https:\\\/\\\/centro-cee.com\\\/web\\\/#\\\/schema\\\/logo\\\/image\\\/\",\"url\":\"https:\\\/\\\/centro-cee.com\\\/web\\\/wp-content\\\/uploads\\\/2022\\\/12\\\/cropped-logo_educa.png\",\"contentUrl\":\"https:\\\/\\\/centro-cee.com\\\/web\\\/wp-content\\\/uploads\\\/2022\\\/12\\\/cropped-logo_educa.png\",\"width\":157,\"height\":63,\"caption\":\"Centro Europeo E-learning CEE\"},\"image\":{\"@id\":\"https:\\\/\\\/centro-cee.com\\\/web\\\/#\\\/schema\\\/logo\\\/image\\\/\"},\"sameAs\":[\"https:\\\/\\\/www.instagram.com\\\/centroeuropeo_cee\"]}]}<\/script>\n<!-- \/ Yoast SEO plugin. -->","yoast_head_json":{"title":"Monitor de musculaci\u00f3n y fitness + coaching deportivo","description":"Desarrolla tus habilidades y mejora tus conocimientos con nuestra formaci\u00f3n de Monitor de musculaci\u00f3n y fitness + coaching deportivo","robots":{"index":"index","follow":"follow","max-snippet":"max-snippet:-1","max-image-preview":"max-image-preview:large","max-video-preview":"max-video-preview:-1"},"canonical":"https:\/\/centro-cee.com\/web\/producto\/monitor-de-musculacion-y-fitness-coaching-deportivo\/","og_locale":"es_ES","og_type":"article","og_title":"Monitor de musculaci\u00f3n y fitness + coaching deportivo","og_description":"Desarrolla tus habilidades y mejora tus conocimientos con nuestra formaci\u00f3n de Monitor de musculaci\u00f3n y fitness + coaching deportivo","og_url":"https:\/\/centro-cee.com\/web\/producto\/monitor-de-musculacion-y-fitness-coaching-deportivo\/","og_site_name":"CEE Centro Europeo E-learning - Cursos online","article_modified_time":"2026-03-13T17:04:13+00:00","og_image":[{"width":553,"height":592,"url":"https:\/\/centro-cee.com\/web\/wp-content\/uploads\/2024\/11\/sdfwe23.png","type":"image\/png"}],"twitter_card":"summary_large_image","twitter_misc":{"Tiempo de lectura":"3 minutos"},"schema":{"@context":"https:\/\/schema.org","@graph":[{"@type":"WebPage","@id":"https:\/\/centro-cee.com\/web\/producto\/monitor-de-musculacion-y-fitness-coaching-deportivo\/","url":"https:\/\/centro-cee.com\/web\/producto\/monitor-de-musculacion-y-fitness-coaching-deportivo\/","name":"Monitor de musculaci\u00f3n y fitness + coaching deportivo","isPartOf":{"@id":"https:\/\/centro-cee.com\/web\/#website"},"primaryImageOfPage":{"@id":"https:\/\/centro-cee.com\/web\/producto\/monitor-de-musculacion-y-fitness-coaching-deportivo\/#primaryimage"},"image":{"@id":"https:\/\/centro-cee.com\/web\/producto\/monitor-de-musculacion-y-fitness-coaching-deportivo\/#primaryimage"},"thumbnailUrl":"https:\/\/centro-cee.com\/web\/wp-content\/uploads\/2024\/11\/sdfwe23.png","datePublished":"2024-11-19T12:54:54+00:00","dateModified":"2026-03-13T17:04:13+00:00","description":"Desarrolla tus habilidades y mejora tus conocimientos con nuestra formaci\u00f3n de Monitor de musculaci\u00f3n y fitness + coaching deportivo","breadcrumb":{"@id":"https:\/\/centro-cee.com\/web\/producto\/monitor-de-musculacion-y-fitness-coaching-deportivo\/#breadcrumb"},"inLanguage":"es","potentialAction":[{"@type":"ReadAction","target":["https:\/\/centro-cee.com\/web\/producto\/monitor-de-musculacion-y-fitness-coaching-deportivo\/"]}]},{"@type":"ImageObject","inLanguage":"es","@id":"https:\/\/centro-cee.com\/web\/producto\/monitor-de-musculacion-y-fitness-coaching-deportivo\/#primaryimage","url":"https:\/\/centro-cee.com\/web\/wp-content\/uploads\/2024\/11\/sdfwe23.png","contentUrl":"https:\/\/centro-cee.com\/web\/wp-content\/uploads\/2024\/11\/sdfwe23.png","width":553,"height":592,"caption":"entrenador fitness"},{"@type":"BreadcrumbList","@id":"https:\/\/centro-cee.com\/web\/producto\/monitor-de-musculacion-y-fitness-coaching-deportivo\/#breadcrumb","itemListElement":[{"@type":"ListItem","position":1,"name":"Portada","item":"https:\/\/centro-cee.com\/web\/"},{"@type":"ListItem","position":2,"name":"Monitor de musculaci\u00f3n y fitness + coaching deportivo"}]},{"@type":"WebSite","@id":"https:\/\/centro-cee.com\/web\/#website","url":"https:\/\/centro-cee.com\/web\/","name":"Centro Europeo E-learning","description":"CEE Formaci\u00f3n Online","publisher":{"@id":"https:\/\/centro-cee.com\/web\/#organization"},"alternateName":"Centro Online de Formaci\u00f3n","potentialAction":[{"@type":"SearchAction","target":{"@type":"EntryPoint","urlTemplate":"https:\/\/centro-cee.com\/web\/?s={search_term_string}"},"query-input":{"@type":"PropertyValueSpecification","valueRequired":true,"valueName":"search_term_string"}}],"inLanguage":"es"},{"@type":"Organization","@id":"https:\/\/centro-cee.com\/web\/#organization","name":"Centro Europeo E-learning CEE","url":"https:\/\/centro-cee.com\/web\/","logo":{"@type":"ImageObject","inLanguage":"es","@id":"https:\/\/centro-cee.com\/web\/#\/schema\/logo\/image\/","url":"https:\/\/centro-cee.com\/web\/wp-content\/uploads\/2022\/12\/cropped-logo_educa.png","contentUrl":"https:\/\/centro-cee.com\/web\/wp-content\/uploads\/2022\/12\/cropped-logo_educa.png","width":157,"height":63,"caption":"Centro Europeo E-learning CEE"},"image":{"@id":"https:\/\/centro-cee.com\/web\/#\/schema\/logo\/image\/"},"sameAs":["https:\/\/www.instagram.com\/centroeuropeo_cee"]}]}},"_links":{"self":[{"href":"https:\/\/centro-cee.com\/web\/wp-json\/wp\/v2\/product\/1793","targetHints":{"allow":["GET"]}}],"collection":[{"href":"https:\/\/centro-cee.com\/web\/wp-json\/wp\/v2\/product"}],"about":[{"href":"https:\/\/centro-cee.com\/web\/wp-json\/wp\/v2\/types\/product"}],"replies":[{"embeddable":true,"href":"https:\/\/centro-cee.com\/web\/wp-json\/wp\/v2\/comments?post=1793"}],"wp:featuredmedia":[{"embeddable":true,"href":"https:\/\/centro-cee.com\/web\/wp-json\/wp\/v2\/media\/1794"}],"wp:attachment":[{"href":"https:\/\/centro-cee.com\/web\/wp-json\/wp\/v2\/media?parent=1793"}],"wp:term":[{"taxonomy":"product_brand","embeddable":true,"href":"https:\/\/centro-cee.com\/web\/wp-json\/wp\/v2\/product_brand?post=1793"},{"taxonomy":"product_cat","embeddable":true,"href":"https:\/\/centro-cee.com\/web\/wp-json\/wp\/v2\/product_cat?post=1793"},{"taxonomy":"product_tag","embeddable":true,"href":"https:\/\/centro-cee.com\/web\/wp-json\/wp\/v2\/product_tag?post=1793"}],"curies":[{"name":"wp","href":"https:\/\/api.w.org\/{rel}","templated":true}]}}