{"id":1785,"date":"2024-11-19T12:40:06","date_gmt":"2024-11-19T12:40:06","guid":{"rendered":"https:\/\/centro-cee.com\/web\/?post_type=product&#038;p=1785"},"modified":"2026-03-13T17:04:42","modified_gmt":"2026-03-13T17:04:42","slug":"master-en-psicologia-infantil-y-juvenil-maltrato-infantil","status":"publish","type":"product","link":"https:\/\/centro-cee.com\/web\/producto\/master-en-psicologia-infantil-y-juvenil-maltrato-infantil\/","title":{"rendered":"M\u00e1ster en psicolog\u00eda infantil y juvenil (maltrato infantil)"},"content":{"rendered":"<p><a href=\"https:\/\/centro-cee.com\/web\/formaciones\/\">Atr\u00e1s<\/a><\/p>\n<p><em><strong>M\u00e1ster en psicolog\u00eda infantil y juvenil (maltrato infantil)<\/strong><\/em><\/p>\n<p>Toda esta informaci\u00f3n se realiza 100% online en nuestro campus online de formaci\u00f3n.<\/p>\n<p>Las tutor\u00edas se realizan directamente desde el campus de estudio con la opci\u00f3n de mensajer\u00eda a profesores. Las tutorias son \u201ca demanda\u201d, cuando necesites soporte nos lo pides.<\/p>\n<p>Los t\u00edtulos de Centro CEE est\u00e1n autenticados por la firma de notario que valida contenidos y autenticidad a nivel internacional. Nuestra organizaci\u00f3n pertenece a la Asociaci\u00f3n Espa\u00f1ola de Calidad, organizaci\u00f3n Espa\u00f1ola de referencia para la calidad\u00a0en la formaci\u00f3n de auxiliar de enfermer\u00eda. La certificaci\u00f3n se puede apostillar por la Haya para cualquier pa\u00eds firmante del convenio de la Haya.<\/p>\n<p>Se puede pagar a plazos.<\/p>\n<p>Carga horaria de la formaci\u00f3n: 500h<\/p>\n<p>&nbsp;<\/p>\n<h2>Temario<\/h2>\n<hr \/>\n<p>1. PSICOLOG\u00cdA GENERAL Y EVOLUTIVA<br \/>\n1. Personalidad<br \/>\n2. Teor\u00edas de la personalidad<\/p>\n<p>2. PSICOLOG\u00cdA<br \/>\n1. Introducci\u00f3n<br \/>\n2. Evaluaci\u00f3n psicol\u00f3gica y cl\u00ednica<br \/>\n3. Habilidades del terapeuta<br \/>\n3. FACTORES DE LOS TRATAMIENTOS PSICOL\u00d3GICOS<br \/>\n1. Introducci\u00f3n.<br \/>\n2. Qu\u00e9 es un tratamiento psicol\u00f3gico.<br \/>\n3. Psic\u00f3logo Psiquiatra.<br \/>\n4. Momento para el tratamiento y sus tipos.<\/p>\n<p>4. NOCIONES PSICOL\u00d3GICAS B\u00c1SICAS<br \/>\n1. Concepto de salud<br \/>\n2. Aspectos emocionales implicados en la enfermedad<br \/>\n3. La motivaci\u00f3n<\/p>\n<p>5. INTRODUCCI\u00d3N A LA PSICOLOG\u00cdA INFANTIL<br \/>\n1. Breve historia de la Psicolog\u00eda Infantil y estado actual<br \/>\n2. Conceptos b\u00e1sicos en Psicolog\u00eda Infantil<br \/>\n3. Concepto actual de desarrollo<\/p>\n<p>6. DESARROLLO PRENATAL<br \/>\n1. Etapas del desarrollo prenatal<br \/>\n2. La herencia gen\u00e9tica<br \/>\n3. Problemas en el desarrollo prenatal<br \/>\n7. EL NI\u00d1O DE 0 A 15 MESES<br \/>\n1. Nacimiento<br \/>\n2. Desarrollo f\u00edsico y psicomotor<br \/>\n3. Desarrollo sensorial y percepci\u00f3n<\/p>\n<p>8. EL NI\u00d1O DE 1 A 3 A\u00d1OS<br \/>\n1. Desarrollo f\u00edsico y psicomotor<br \/>\n2. Desarrollo cognitivo<br \/>\n3. Desarrollo del lenguaje<\/p>\n<p>9. EL NI\u00d1O DE 3 A 6 A\u00d1OS<br \/>\n1. Desarrollo psicomotor<br \/>\n2. Desarrollo cognitivo<br \/>\n3. Desarrollo del lenguaje<\/p>\n<p>10. EL NI\u00d1O DE 6 A 9 A\u00d1OS<br \/>\n1. Desarrollo f\u00edsico y motor<br \/>\n2. Desarrollo cognitivo<br \/>\n3. Desarrollo del lenguaje<\/p>\n<p>11. EL NI\u00d1O DE 9 A 12 A\u00d1OS<br \/>\n1. Desarrollo f\u00edsico<br \/>\n2. Desarrollo del lenguaje y la comunicaci\u00f3n<br \/>\n3. Desarrollo psico-social y afectivo<br \/>\n12. EL ADOLESCENTE DE 12 A 18 A\u00d1OS<br \/>\n1. La Adolescencia<br \/>\n2. Cambios caracter\u00edsticos de la adolescencia<br \/>\n3. Teor\u00edas de la Adolescencia<\/p>\n<p>13. MALTRATO INFANTIL: CONCEPTO Y TIPOLOG\u00cdA<br \/>\n1. Definici\u00f3n del maltrato en la infancia<br \/>\n2. Definiciones alternativas<br \/>\n3. UNICEF<br \/>\n4. Tipos de malos tratos<br \/>\n14. DETECCI\u00d3N Y VALORACI\u00d3N DE LOS MALOS TRATOS<br \/>\n1. Introducci\u00f3n<br \/>\n2. Signos para sospechar maltrato en el ni\u00f1o\/a y abandono infantil<br \/>\n3. C\u00f3mo reconocer el tipo de maltrato mediante sus signos<\/p>\n<p>15. SITUACIONES DE RIESGO EN LA INFANCIA<br \/>\n1. Introducci\u00f3n<br \/>\n2. Factores de riesgo<br \/>\n3. Situaciones de riesgo en la infancia<br \/>\n16. CONSECUENCIAS DEL MALTRATO<br \/>\n1. Introducci\u00f3n<br \/>\n2. Consecuencias del maltrato desde el punto de vista de la educaci\u00f3n<\/p>\n<p>17. CRITERIOS DE ACTUACI\u00d3N<br \/>\n1. Qu\u00e9 hacer cuando un ni\u00f1o nos dice que ha sido maltratado<br \/>\n2. Barreras a la denuncia<br \/>\n3. Tratamientos<br \/>\n4. Tratamiento y terapia familiar<\/p>\n<p>18. PSICOLOG\u00cdA INFANTIL Y DEL ADOLESCENTE<br \/>\n1. Introducci\u00f3n<br \/>\n2. Conceptos de salud y enfermedad<br \/>\n3. Otros conceptos relacionados<br \/>\n4. Evaluaci\u00f3n y diagn\u00f3stico<br \/>\n19. PSICOPATOLOG\u00cdA INFANTIL Y DEL ADOLESCENTE<br \/>\n1. Introducci\u00f3n<br \/>\n2. Trastornos de ansiedad<br \/>\n3. Conductas agresivas y oposicionistas<br \/>\n4. Trastornos de la ingesti\u00f3n y la conducta alimentaria en la infancia<\/p>\n<p>20. PSICOPATOLOG\u00cdA INFANTIL Y DEL ADOLESCENTE II<br \/>\n1. Trastorno por d\u00e9ficit de atenci\u00f3n con hiperactividad<br \/>\n2. Trastornos del aprendizaje<br \/>\n3. Trastornos del lenguaje<\/p>\n<p>21. TRATAMIENTO PSICOL\u00d3GICO<br \/>\n1. Introducci\u00f3n<br \/>\n2. Terapia conductual<br \/>\n22. TRASTORNOS DEL APRENDIZAJE<br \/>\n1. Introducci\u00f3n<br \/>\n2. Personas con discapacidad cognitiva<br \/>\n3. Etiolog\u00eda de la discapacidad cognitiva<br \/>\n4. Desarrollo de las personas con DC<\/p>\n<p>23. INTERVENCI\u00d3N PSICOEDUCATIVA EN LA INFANCIA<br \/>\n1. Aspectos generales de la intervenci\u00f3n psicoeducativa<br \/>\n2. Intervenci\u00f3n psicoeducativa en los trastornos del desarrollo<br \/>\n3. Intervenci\u00f3n familiar<br \/>\n24. TRASTORNOS DEL SUE\u00d1O<br \/>\n1. Introducci\u00f3n<br \/>\n2. Tipos de sue\u00f1o<br \/>\n3. Las grandes preocupaciones de la Pediatr\u00eda<\/p>\n<p>25. SABER COMER<br \/>\n1. H\u00e1bitos alimentarios<br \/>\n2. Los principales errores alimentarios<br \/>\n3. Situaciones t\u00edpicas y c\u00f3mo superarlas<br \/>\n26. DROGODEPENDENCIAS EN LA ADOLESCENCIA<br \/>\n1. Adicciones<br \/>\n2. \u00bfQu\u00e9 es una droga?<br \/>\n3. Conceptos b\u00e1sicos<br \/>\n4. Clasificaci\u00f3n de las drogas<\/p>\n<p>27. PROBLEMAS CON EL CONTROL DE ESF\u00cdNTERES<br \/>\n1. Introducci\u00f3n<br \/>\n2. Enuresis<br \/>\n3. Control de esf\u00ednteres. Factores f\u00edsicos<\/p>\n<p>28. ORIENTACIONES A LOS PADRES PARA DESARROLLAR EL CONTROL DE ESF\u00cdNTERES<br \/>\n1. Introducci\u00f3n<br \/>\n2. Qu\u00e9 podemos hacer los padres y madres para ayudar al ni\u00f1o<br \/>\n3. \u00bfQu\u00e9 ocurre con un ni\u00f1o con dificultades?<\/p>\n<p>29. SEPARACI\u00d3N DE LOS PADRES<br \/>\n1. Introducci\u00f3n<br \/>\n2. Cambios en la familia causados por el divorcio<br \/>\n3. Etapas del divorcio<\/p>\n<p>30. ANSIEDAD EN NI\u00d1OS CON PADRES SEPARADOS<br \/>\n1. Introducci\u00f3n<br \/>\n2. La ansiedad<br \/>\n3. Des\u00f3rdenes por ansiedad<br \/>\n4. Trastornos de ansiedad por separaci\u00f3n en hijos de padres divorciados<\/p>\n<p>31. LOS CELOS INFANTILES<br \/>\n1. \u00bfQu\u00e9 son los celos infantiles?<br \/>\n2. Algunos ejemplos reales<br \/>\n3. Diferencia entre rivalidad, envidia y celos<\/p>\n<p>32. AN\u00c1LISIS DEL DIBUJO INFANTIL<br \/>\n1. Introducci\u00f3n<br \/>\n2. Aspectos del dibujo<br \/>\n3. Etapas por las que pasa el dibujo infantil<br \/>\n33. AUTOESTIMA INFANTIL<br \/>\n1. Introducci\u00f3n<br \/>\n2. \u00bfC\u00f3mo se construye la autoestima?<br \/>\n3. Or\u00edgenes de la autoestima<br \/>\n4. Importancia de la autoestima<\/p>\n<p>34. JUEGOS QUE FAVORECEN LA AUTOESTIMA<br \/>\n1. Juegos que favorecen la autoestima<br \/>\n2. Cuentos para favorecer la autoestima<\/p>\n<p>ATENCI\u00d3N Y TRATAMIENTO EN SITUACIONES DE MALTRATO INFANTIL<br \/>\nTEMA 1. EL DESARROLLO PSICOL\u00d3GICO (I)<br \/>\n1. Breve historia de la Psicolog\u00eda Infantil y estado actual.<br \/>\n2. Conceptos b\u00e1sicos en Psicolog\u00eda Infantil.<br \/>\n3. Etapas del desarrollo prenatal.<br \/>\n4. La herencia gen\u00e9tica.<\/p>\n<p>TEMA 2. EL DESARROLLO PSICOL\u00d3GICO (II)<br \/>\n1. Desarrollo f\u00edsico y psicomotor (de 1 a 3 a\u00f1os).<br \/>\n2. Desarrollo cognitivo (de 1 a 3 a\u00f1os).<br \/>\n3. Desarrollo del lenguaje (de 1 a 3 a\u00f1os).<br \/>\n4. Desarrollo psico-social y afectivo (de 1 a 3 a\u00f1os).<br \/>\n5. Desarrollo psicomotor (de 3 a 6 a\u00f1os).<\/p>\n<p>TEMA 3. LA FAMILIA COMO ESCENARIO DE DESARROLLO PSICOL\u00d3GICO<br \/>\n1. Introducci\u00f3n.<br \/>\n2. La familia en la sociedad actual.<br \/>\n3. Las etapas de transici\u00f3n.<\/p>\n<p>TEMA 4. FAMILIA EN LA SOCIEDAD ESPA\u00d1OLA<br \/>\n1. Introducci\u00f3n.<br \/>\n2. Conceptos fundamentales.<br \/>\n3. Divorcio.<br \/>\n4. Violencia familiar.<br \/>\nTEMA 5. TIPOLOG\u00cdA FAMILIAR<br \/>\n1. Familias separadas.<br \/>\n2. Familias reconstituidas.<br \/>\n3. Familias adoptivas.<\/p>\n<p>TEMA 6. EL M\u00c9TODO DE ENSE\u00d1ANZA-APRENDIZAJE<br \/>\n1. Necesidades educativas ante los cambios sociales.<br \/>\n2. Aprendizaje cooperativo: ventajas en la educaci\u00f3n.<\/p>\n<p>TEMA 7. EL CURR\u00cdCULO DE LA NO VIOLENCIA<br \/>\n1. Las fuentes de la violencia.<br \/>\n2. El curr\u00edculo de la No violencia.<br \/>\n3. Formaci\u00f3n del profesor en al prevenci\u00f3n y tratamiento de la violencia.<\/p>\n<p>TEMA 8. BULLYING. ACOSO ENTRE IGUALES<br \/>\n1. Introducci\u00f3n.<br \/>\n2. Concepto de bullying.<br \/>\n3. Las cifras del bullying.<br \/>\n4. Caracter\u00edsticas del Bullying.<br \/>\n5. Tipos de Bullying.<\/p>\n<p>TEMA 1. MALTRATO EN LA INFANCIA: TIPOLOG\u00cdA<br \/>\n1. Introducci\u00f3n al concepto de maltrato infantil.<br \/>\n2. Definici\u00f3n de Maltrato en la Infancia.<br \/>\n3. Tipolog\u00eda de los Malos Tratos.<\/p>\n<p>TEMA 2. DETECCI\u00d3N Y VALORACI\u00d3N DE LOS MALOS TRATOS<br \/>\n1. Introducci\u00f3n.<br \/>\n2. Signos para sospechar maltrato en el ni\u00f1o\/a y abandono infantil.<br \/>\n3. C\u00f3mo reconocer el tipo de maltrato mediante sus signos.<br \/>\n4. Detecci\u00f3n de malos tratos infantiles en hospitales.<\/p>\n<p>TEMA 1. EL CONFLICTO<br \/>\n1. Introducci\u00f3n.<br \/>\n2. Conceptualizaci\u00f3n.<br \/>\n3. Or\u00edgenes y causas de los conflictos.<br \/>\n4. Tipos de conflictos.<\/p>\n<p>TEMA 2. SITUACIONES DE RIESGO EN LA INFANCIA<br \/>\n1. Introducci\u00f3n.<br \/>\n2. Factores de riesgo.<br \/>\n3. Situaciones de riesgo en la infancia.<\/p>\n<p>TEMA 3. CONSECUENCIAS DEL MALTRATO.<br \/>\n1. Introducci\u00f3n.<br \/>\n2. Consecuencias del maltrato desde el punto de vista de la educaci\u00f3n.<br \/>\n3. El impacto de los malos tratos en el desarrollo psicosocial.<br \/>\n4. Consecuencias del maltrato.<\/p>\n<p>TEMA 1. CRITERIOS DE ACTUACI\u00d3N<br \/>\n1. Introducci\u00f3n.<br \/>\n2. Actitudes ante el conflicto.<br \/>\n3. Estilos de resoluci\u00f3n de conflictos.<\/p>\n<p>TEMA 2. CRITERIOS DE ACTUACI\u00d3N EN CASOS DE MALTRATO INFANTIL<br \/>\n1. \u00bfQu\u00e9 hacer cuando un ni\u00f1o nos dice que ha sido maltratado?<br \/>\n2. Barreras a la denuncia.<br \/>\n3. Tratamientos.<br \/>\n4. Tratamientos y terapia familiar.<br \/>\n5. Apoyo y tratamiento individual.<\/p>\n<p>TEMA 1. MENOR EN SITUACI\u00d3N DE RIESGO Y\/O CONFLICTO SOCIAL<br \/>\n1. Introducci\u00f3n.<br \/>\n2. Definici\u00f3n y concepto del menor en riesgo.<br \/>\n3. Identificaci\u00f3n de las conductas\/condiciones de riesgo del menor.<\/p>\n<p>TEMA 2. LEY ORG\u00c1NICA 1\/1996, DE 15 DE ENERO, DE PROTECCI\u00d3N JUR\u00cdDICA DEL MENOR<br \/>\n1. Exposici\u00f3n d emotivos.<br \/>\n2. T\u00edtulo I. De los derechos de los menores.<br \/>\n3. T\u00edtulo II. Actuaciones en situaci\u00f3n de desprotecci\u00f3n social del menor e instituciones de protecci\u00f3n de menores.<\/p>\n<p>TEMA 3. LEY 1\/1998, DE 20 DE ABRIL, DE LOS DERECHOS Y ATENCI\u00d3N AL MENOR<br \/>\n1. Exposici\u00f3n de motivos.<br \/>\n2. T\u00edtulo I. De los derechos de los menores.<\/p>\n<p>TEMA 4. GUARDAS Y TUTELAS<br \/>\n1. Introducci\u00f3n.<br \/>\n2. Proceso para la guarda o tutela del menor.<br \/>\n3. Niveles de intervenci\u00f3n para la atenci\u00f3n de los menores maltratados.<\/p>\n<p>TEMA 1. PREVENCI\u00d3N DEL MALTRATO INFANTIL<br \/>\n1. Introducci\u00f3n.<br \/>\n2. Recomendaciones para la prevenci\u00f3n del maltrato infantil.<br \/>\n3. Efectividad de la prevenci\u00f3n del maltrato infantil.<br \/>\n4. Intervenci\u00f3n de la escuela en la prevenci\u00f3n del maltrato infantil.<\/p>\n<p>TEMA 2. EDUCAR EN DERECHOS HUMANOS Y EN DEMOCRACIA<br \/>\n1. Concepto de Derechos Humanos.<br \/>\n2. Educar en Derechos Humanos.<br \/>\n3. Concepto de democracia.<\/p>\n<p><em><strong>M\u00e1ster en psicolog\u00eda infantil y juvenil (maltrato infantil)<\/strong><\/em><\/p>\n<hr \/>\n","protected":false},"excerpt":{"rendered":"<p><a href=\"https:\/\/centro-cee.com\/web\/formaciones\/\">Atr\u00e1s<\/a><\/p>\n<p>F\u00f3rmate y especial\u00edzate en todos los aspectos relacionados con la psicolog\u00eda en edades tempranas de la infancia y la adolescencia. <\/p>\n<p>En este curso te vas a especializar en la detecci\u00f3n y tratamiento de situaciones de maltrato.<\/p>\n<p>La sociedad actual esta cada vez mas sensibilizada con los casos de maltrato y de forma muy incisiva en el infantil ya que es un sector muy vulnerable de la sociedad.<\/p>\n<p>Los casos de bullying en etapas escolares hace que los centros de educaci\u00f3n incorporen personal para la detecci\u00f3n de estas situaciones.<\/p>\n<p>Todos los est\u00e1n contenidos actualizados. La formaci\u00f3n obtenida es de alto nivel y con gran cantidad de contenidos que dotaran a las\/los alumnas\/os de unos conocimientos excelentes.<\/p>\n","protected":false},"featured_media":1788,"comment_status":"closed","ping_status":"closed","template":"","meta":[],"product_brand":[],"product_cat":[2048,17],"product_tag":[1743,1747,1744,1742,1741,1746,1739,1740,1745,1748],"class_list":{"0":"post-1785","1":"product","2":"type-product","3":"status-publish","4":"has-post-thumbnail","6":"product_cat-cursos-online-psicologia","7":"product_cat-master","8":"product_tag-deteccion-de-abuso-infantil","9":"product_tag-formacion-en-psicologia-infantil","10":"product_tag-intervencion-psicologica-en-la-infancia","11":"product_tag-maltrato-infantil","12":"product_tag-master-en-psicologia-infantil-y-juvenil","13":"product_tag-proteccion-de-menores","14":"product_tag-psicologia-infantil","15":"product_tag-psicologia-juvenil","16":"product_tag-salud-mental-infantil","17":"product_tag-tratamiento-del-maltrato-infantil","19":"first","20":"instock","21":"sale","22":"shipping-taxable","23":"purchasable","24":"product-type-simple"},"yoast_head":"<!-- This site is optimized with the Yoast SEO plugin v27.4 - https:\/\/yoast.com\/product\/yoast-seo-wordpress\/ -->\n<title>M\u00e1ster en psicolog\u00eda infantil y juvenil (maltrato infantil)<\/title>\n<meta name=\"description\" content=\"Desarrolla tus habilidades y mejora tus conocimientos con nuestra formaci\u00f3n de M\u00e1ster en psicolog\u00eda infantil y juvenil (maltrato infantil)\" \/>\n<meta name=\"robots\" content=\"index, follow, max-snippet:-1, max-image-preview:large, max-video-preview:-1\" \/>\n<link rel=\"canonical\" href=\"https:\/\/centro-cee.com\/web\/producto\/master-en-psicologia-infantil-y-juvenil-maltrato-infantil\/\" \/>\n<meta property=\"og:locale\" content=\"es_ES\" \/>\n<meta property=\"og:type\" content=\"article\" \/>\n<meta property=\"og:title\" content=\"M\u00e1ster en psicolog\u00eda infantil y juvenil (maltrato infantil)\" \/>\n<meta property=\"og:description\" content=\"Desarrolla tus habilidades y mejora tus conocimientos con nuestra formaci\u00f3n de M\u00e1ster en psicolog\u00eda infantil y juvenil (maltrato infantil)\" \/>\n<meta property=\"og:url\" content=\"https:\/\/centro-cee.com\/web\/producto\/master-en-psicologia-infantil-y-juvenil-maltrato-infantil\/\" \/>\n<meta property=\"og:site_name\" content=\"CEE Centro Europeo E-learning - Cursos online\" \/>\n<meta property=\"article:modified_time\" content=\"2026-03-13T17:04:42+00:00\" \/>\n<meta property=\"og:image\" content=\"https:\/\/centro-cee.com\/web\/wp-content\/uploads\/2024\/11\/Capaffsasdtura.png\" \/>\n\t<meta property=\"og:image:width\" content=\"772\" \/>\n\t<meta property=\"og:image:height\" content=\"634\" \/>\n\t<meta property=\"og:image:type\" content=\"image\/png\" \/>\n<meta name=\"twitter:card\" content=\"summary_large_image\" \/>\n<meta name=\"twitter:label1\" content=\"Tiempo de lectura\" \/>\n\t<meta name=\"twitter:data1\" content=\"9 minutos\" \/>\n<script type=\"application\/ld+json\" class=\"yoast-schema-graph\">{\"@context\":\"https:\\\/\\\/schema.org\",\"@graph\":[{\"@type\":\"WebPage\",\"@id\":\"https:\\\/\\\/centro-cee.com\\\/web\\\/producto\\\/master-en-psicologia-infantil-y-juvenil-maltrato-infantil\\\/\",\"url\":\"https:\\\/\\\/centro-cee.com\\\/web\\\/producto\\\/master-en-psicologia-infantil-y-juvenil-maltrato-infantil\\\/\",\"name\":\"M\u00e1ster en psicolog\u00eda infantil y juvenil (maltrato infantil)\",\"isPartOf\":{\"@id\":\"https:\\\/\\\/centro-cee.com\\\/web\\\/#website\"},\"primaryImageOfPage\":{\"@id\":\"https:\\\/\\\/centro-cee.com\\\/web\\\/producto\\\/master-en-psicologia-infantil-y-juvenil-maltrato-infantil\\\/#primaryimage\"},\"image\":{\"@id\":\"https:\\\/\\\/centro-cee.com\\\/web\\\/producto\\\/master-en-psicologia-infantil-y-juvenil-maltrato-infantil\\\/#primaryimage\"},\"thumbnailUrl\":\"https:\\\/\\\/centro-cee.com\\\/web\\\/wp-content\\\/uploads\\\/2024\\\/11\\\/Capaffsasdtura.png\",\"datePublished\":\"2024-11-19T12:40:06+00:00\",\"dateModified\":\"2026-03-13T17:04:42+00:00\",\"description\":\"Desarrolla tus habilidades y mejora tus conocimientos con nuestra formaci\u00f3n de M\u00e1ster en psicolog\u00eda infantil y juvenil (maltrato infantil)\",\"breadcrumb\":{\"@id\":\"https:\\\/\\\/centro-cee.com\\\/web\\\/producto\\\/master-en-psicologia-infantil-y-juvenil-maltrato-infantil\\\/#breadcrumb\"},\"inLanguage\":\"es\",\"potentialAction\":[{\"@type\":\"ReadAction\",\"target\":[\"https:\\\/\\\/centro-cee.com\\\/web\\\/producto\\\/master-en-psicologia-infantil-y-juvenil-maltrato-infantil\\\/\"]}]},{\"@type\":\"ImageObject\",\"inLanguage\":\"es\",\"@id\":\"https:\\\/\\\/centro-cee.com\\\/web\\\/producto\\\/master-en-psicologia-infantil-y-juvenil-maltrato-infantil\\\/#primaryimage\",\"url\":\"https:\\\/\\\/centro-cee.com\\\/web\\\/wp-content\\\/uploads\\\/2024\\\/11\\\/Capaffsasdtura.png\",\"contentUrl\":\"https:\\\/\\\/centro-cee.com\\\/web\\\/wp-content\\\/uploads\\\/2024\\\/11\\\/Capaffsasdtura.png\",\"width\":772,\"height\":634,\"caption\":\"cuidadora infantil\"},{\"@type\":\"BreadcrumbList\",\"@id\":\"https:\\\/\\\/centro-cee.com\\\/web\\\/producto\\\/master-en-psicologia-infantil-y-juvenil-maltrato-infantil\\\/#breadcrumb\",\"itemListElement\":[{\"@type\":\"ListItem\",\"position\":1,\"name\":\"Portada\",\"item\":\"https:\\\/\\\/centro-cee.com\\\/web\\\/\"},{\"@type\":\"ListItem\",\"position\":2,\"name\":\"M\u00e1ster en psicolog\u00eda infantil y juvenil (maltrato infantil)\"}]},{\"@type\":\"WebSite\",\"@id\":\"https:\\\/\\\/centro-cee.com\\\/web\\\/#website\",\"url\":\"https:\\\/\\\/centro-cee.com\\\/web\\\/\",\"name\":\"Centro Europeo E-learning\",\"description\":\"CEE Formaci\u00f3n Online\",\"publisher\":{\"@id\":\"https:\\\/\\\/centro-cee.com\\\/web\\\/#organization\"},\"alternateName\":\"Centro Online de Formaci\u00f3n\",\"potentialAction\":[{\"@type\":\"SearchAction\",\"target\":{\"@type\":\"EntryPoint\",\"urlTemplate\":\"https:\\\/\\\/centro-cee.com\\\/web\\\/?s={search_term_string}\"},\"query-input\":{\"@type\":\"PropertyValueSpecification\",\"valueRequired\":true,\"valueName\":\"search_term_string\"}}],\"inLanguage\":\"es\"},{\"@type\":\"Organization\",\"@id\":\"https:\\\/\\\/centro-cee.com\\\/web\\\/#organization\",\"name\":\"Centro Europeo E-learning CEE\",\"url\":\"https:\\\/\\\/centro-cee.com\\\/web\\\/\",\"logo\":{\"@type\":\"ImageObject\",\"inLanguage\":\"es\",\"@id\":\"https:\\\/\\\/centro-cee.com\\\/web\\\/#\\\/schema\\\/logo\\\/image\\\/\",\"url\":\"https:\\\/\\\/centro-cee.com\\\/web\\\/wp-content\\\/uploads\\\/2022\\\/12\\\/cropped-logo_educa.png\",\"contentUrl\":\"https:\\\/\\\/centro-cee.com\\\/web\\\/wp-content\\\/uploads\\\/2022\\\/12\\\/cropped-logo_educa.png\",\"width\":157,\"height\":63,\"caption\":\"Centro Europeo E-learning CEE\"},\"image\":{\"@id\":\"https:\\\/\\\/centro-cee.com\\\/web\\\/#\\\/schema\\\/logo\\\/image\\\/\"},\"sameAs\":[\"https:\\\/\\\/www.instagram.com\\\/centroeuropeo_cee\"]}]}<\/script>\n<!-- \/ Yoast SEO plugin. -->","yoast_head_json":{"title":"M\u00e1ster en psicolog\u00eda infantil y juvenil (maltrato infantil)","description":"Desarrolla tus habilidades y mejora tus conocimientos con nuestra formaci\u00f3n de M\u00e1ster en psicolog\u00eda infantil y juvenil (maltrato infantil)","robots":{"index":"index","follow":"follow","max-snippet":"max-snippet:-1","max-image-preview":"max-image-preview:large","max-video-preview":"max-video-preview:-1"},"canonical":"https:\/\/centro-cee.com\/web\/producto\/master-en-psicologia-infantil-y-juvenil-maltrato-infantil\/","og_locale":"es_ES","og_type":"article","og_title":"M\u00e1ster en psicolog\u00eda infantil y juvenil (maltrato infantil)","og_description":"Desarrolla tus habilidades y mejora tus conocimientos con nuestra formaci\u00f3n de M\u00e1ster en psicolog\u00eda infantil y juvenil (maltrato infantil)","og_url":"https:\/\/centro-cee.com\/web\/producto\/master-en-psicologia-infantil-y-juvenil-maltrato-infantil\/","og_site_name":"CEE Centro Europeo E-learning - Cursos online","article_modified_time":"2026-03-13T17:04:42+00:00","og_image":[{"width":772,"height":634,"url":"https:\/\/centro-cee.com\/web\/wp-content\/uploads\/2024\/11\/Capaffsasdtura.png","type":"image\/png"}],"twitter_card":"summary_large_image","twitter_misc":{"Tiempo de lectura":"9 minutos"},"schema":{"@context":"https:\/\/schema.org","@graph":[{"@type":"WebPage","@id":"https:\/\/centro-cee.com\/web\/producto\/master-en-psicologia-infantil-y-juvenil-maltrato-infantil\/","url":"https:\/\/centro-cee.com\/web\/producto\/master-en-psicologia-infantil-y-juvenil-maltrato-infantil\/","name":"M\u00e1ster en psicolog\u00eda infantil y juvenil (maltrato infantil)","isPartOf":{"@id":"https:\/\/centro-cee.com\/web\/#website"},"primaryImageOfPage":{"@id":"https:\/\/centro-cee.com\/web\/producto\/master-en-psicologia-infantil-y-juvenil-maltrato-infantil\/#primaryimage"},"image":{"@id":"https:\/\/centro-cee.com\/web\/producto\/master-en-psicologia-infantil-y-juvenil-maltrato-infantil\/#primaryimage"},"thumbnailUrl":"https:\/\/centro-cee.com\/web\/wp-content\/uploads\/2024\/11\/Capaffsasdtura.png","datePublished":"2024-11-19T12:40:06+00:00","dateModified":"2026-03-13T17:04:42+00:00","description":"Desarrolla tus habilidades y mejora tus conocimientos con nuestra formaci\u00f3n de M\u00e1ster en psicolog\u00eda infantil y juvenil (maltrato infantil)","breadcrumb":{"@id":"https:\/\/centro-cee.com\/web\/producto\/master-en-psicologia-infantil-y-juvenil-maltrato-infantil\/#breadcrumb"},"inLanguage":"es","potentialAction":[{"@type":"ReadAction","target":["https:\/\/centro-cee.com\/web\/producto\/master-en-psicologia-infantil-y-juvenil-maltrato-infantil\/"]}]},{"@type":"ImageObject","inLanguage":"es","@id":"https:\/\/centro-cee.com\/web\/producto\/master-en-psicologia-infantil-y-juvenil-maltrato-infantil\/#primaryimage","url":"https:\/\/centro-cee.com\/web\/wp-content\/uploads\/2024\/11\/Capaffsasdtura.png","contentUrl":"https:\/\/centro-cee.com\/web\/wp-content\/uploads\/2024\/11\/Capaffsasdtura.png","width":772,"height":634,"caption":"cuidadora infantil"},{"@type":"BreadcrumbList","@id":"https:\/\/centro-cee.com\/web\/producto\/master-en-psicologia-infantil-y-juvenil-maltrato-infantil\/#breadcrumb","itemListElement":[{"@type":"ListItem","position":1,"name":"Portada","item":"https:\/\/centro-cee.com\/web\/"},{"@type":"ListItem","position":2,"name":"M\u00e1ster en psicolog\u00eda infantil y juvenil (maltrato infantil)"}]},{"@type":"WebSite","@id":"https:\/\/centro-cee.com\/web\/#website","url":"https:\/\/centro-cee.com\/web\/","name":"Centro Europeo E-learning","description":"CEE Formaci\u00f3n Online","publisher":{"@id":"https:\/\/centro-cee.com\/web\/#organization"},"alternateName":"Centro Online de Formaci\u00f3n","potentialAction":[{"@type":"SearchAction","target":{"@type":"EntryPoint","urlTemplate":"https:\/\/centro-cee.com\/web\/?s={search_term_string}"},"query-input":{"@type":"PropertyValueSpecification","valueRequired":true,"valueName":"search_term_string"}}],"inLanguage":"es"},{"@type":"Organization","@id":"https:\/\/centro-cee.com\/web\/#organization","name":"Centro Europeo E-learning CEE","url":"https:\/\/centro-cee.com\/web\/","logo":{"@type":"ImageObject","inLanguage":"es","@id":"https:\/\/centro-cee.com\/web\/#\/schema\/logo\/image\/","url":"https:\/\/centro-cee.com\/web\/wp-content\/uploads\/2022\/12\/cropped-logo_educa.png","contentUrl":"https:\/\/centro-cee.com\/web\/wp-content\/uploads\/2022\/12\/cropped-logo_educa.png","width":157,"height":63,"caption":"Centro Europeo E-learning CEE"},"image":{"@id":"https:\/\/centro-cee.com\/web\/#\/schema\/logo\/image\/"},"sameAs":["https:\/\/www.instagram.com\/centroeuropeo_cee"]}]}},"_links":{"self":[{"href":"https:\/\/centro-cee.com\/web\/wp-json\/wp\/v2\/product\/1785","targetHints":{"allow":["GET"]}}],"collection":[{"href":"https:\/\/centro-cee.com\/web\/wp-json\/wp\/v2\/product"}],"about":[{"href":"https:\/\/centro-cee.com\/web\/wp-json\/wp\/v2\/types\/product"}],"replies":[{"embeddable":true,"href":"https:\/\/centro-cee.com\/web\/wp-json\/wp\/v2\/comments?post=1785"}],"wp:featuredmedia":[{"embeddable":true,"href":"https:\/\/centro-cee.com\/web\/wp-json\/wp\/v2\/media\/1788"}],"wp:attachment":[{"href":"https:\/\/centro-cee.com\/web\/wp-json\/wp\/v2\/media?parent=1785"}],"wp:term":[{"taxonomy":"product_brand","embeddable":true,"href":"https:\/\/centro-cee.com\/web\/wp-json\/wp\/v2\/product_brand?post=1785"},{"taxonomy":"product_cat","embeddable":true,"href":"https:\/\/centro-cee.com\/web\/wp-json\/wp\/v2\/product_cat?post=1785"},{"taxonomy":"product_tag","embeddable":true,"href":"https:\/\/centro-cee.com\/web\/wp-json\/wp\/v2\/product_tag?post=1785"}],"curies":[{"name":"wp","href":"https:\/\/api.w.org\/{rel}","templated":true}]}}