{"id":1772,"date":"2024-11-14T13:46:30","date_gmt":"2024-11-14T13:46:30","guid":{"rendered":"https:\/\/centro-cee.com\/web\/?post_type=product&#038;p=1772"},"modified":"2026-03-13T17:05:57","modified_gmt":"2026-03-13T17:05:57","slug":"profesional-en-expresion-plastica-y-artistica-en-la-escuela-infantil","status":"publish","type":"product","link":"https:\/\/centro-cee.com\/web\/producto\/profesional-en-expresion-plastica-y-artistica-en-la-escuela-infantil\/","title":{"rendered":"Profesional en expresi\u00f3n pl\u00e1stica y art\u00edstica en la escuela infantil"},"content":{"rendered":"<p><a href=\"https:\/\/centro-cee.com\/web\/formaciones\/\">Atr\u00e1s<\/a><\/p>\n<p><em><strong>Profesional en expresi\u00f3n pl\u00e1stica y art\u00edstica en la escuela infantil<\/strong><\/em><\/p>\n<p>Toda esta informaci\u00f3n se realiza 100% online en nuestro campus online de formaci\u00f3n.<\/p>\n<p>Las tutor\u00edas se realizan directamente desde el campus de estudio con la opci\u00f3n de mensajer\u00eda a profesores. Las tutorias son \u201ca demanda\u201d, cuando necesites soporte nos lo pides.<\/p>\n<p>Los t\u00edtulos de Centro CEE est\u00e1n autenticados por la firma de notario que valida contenidos y autenticidad a nivel internacional. Nuestra organizaci\u00f3n pertenece a la Asociaci\u00f3n Espa\u00f1ola de Calidad, organizaci\u00f3n Espa\u00f1ola de referencia para la calidad\u00a0en la formaci\u00f3n de auxiliar de enfermer\u00eda. La certificaci\u00f3n se puede apostillar por la Haya para cualquier pa\u00eds firmante del convenio de la Haya.<\/p>\n<p>Se puede pagar a plazos.<\/p>\n<p>Carga horaria de la formaci\u00f3n: 240h<\/p>\n<p>&nbsp;<\/p>\n<h2>Temario<\/h2>\n<hr \/>\n<p>1. M\u00d3DULO 1. EXPRESI\u00d3N CORPORAL: PL\u00c1STICA Y ART\u00cdSTICA EN LA ESCUELA INFANTIL<br \/>\nUNIDAD DID\u00c1CTICA 1. EXPRESI\u00d3N Y COMUNICACI\u00d3N<br \/>\n1. Expresi\u00f3n y Comunicaci\u00f3n Corporal<br \/>\n2. El esquema corporal<br \/>\n3. El proceso de lateralizaci\u00f3n<br \/>\n4. \u2026<br \/>\nUNIDAD DID\u00c1CTICA 2. CARACTER\u00cdSTICAS DEL DESARROLLO INFANTIL<br \/>\n1. Principales teor\u00edas del desarrollo<br \/>\n2. Caracter\u00edsticas generales en el desarrollo Infantil<br \/>\n3. Dimensiones del desarrollo<br \/>\n4. \u2026<br \/>\nUNIDAD DID\u00c1CTICA 3. LA IMPORTANCIA DE LA PSICOMOTRICIDAD EN LA INFANCIA Y EN EL JUEGO<br \/>\n1. Concepto de Psicomotricidad<br \/>\n2. La \u2026<br \/>\nUNIDAD DID\u00c1CTICA 4. LA EXPRESI\u00d3N CORPORAL INFANTIL<br \/>\n1. El cuerpo<br \/>\n2. El movimiento<br \/>\n3. La creatividad<br \/>\n4. La comunicaci\u00f3n (el grupo)<br \/>\n5. \u2026<br \/>\nUNIDAD DID\u00c1CTICA 5. LA EXPRESI\u00d3N PL\u00c1STICA INFANTIL<br \/>\n1. Introducci\u00f3n<br \/>\n2. La naturaleza de la Expresi\u00f3n Pl\u00e1stica Infantil<br \/>\n3. El concepto art\u00edstico del adulto y la expresi\u00f3n infantil<br \/>\n4. \u2026<br \/>\nUNIDAD DID\u00c1CTICA 6. EL JUEGO EN LA EDUCACI\u00d3N INFANTIL<br \/>\n1. Concepto y caracter\u00edsticas del juego<br \/>\n2. Evoluci\u00f3n de los juegos infantiles: tipos de juego<br \/>\n3. Teor\u00edas del juego<br \/>\n4. \u2026<br \/>\nUNIDAD DID\u00c1CTICA 7. EL JUEGO CREATIVO COMO RECURSOS DE LA EXPRESI\u00d3N CORPORAL Y LA DRAMATIZACI\u00d3N<br \/>\n1. Introducci\u00f3n<br \/>\n2. El juego creativo como recurso de la expresi\u00f3n corporal<br \/>\n3. La dramatizaci\u00f3n. El juego simb\u00f3lico y dram\u00e1tico<br \/>\n4. \u2026<br \/>\nUNIDAD DID\u00c1CTICA 8. LAS EMOCIONES<br \/>\n1. La emoci\u00f3n<br \/>\n2. Funciones de las emociones<br \/>\n3. Emociones b\u00e1sicas<br \/>\n4. \u2026<br \/>\nUNIDAD DID\u00c1CTICA 9. LOS TALLERES EDUCATIVOS<br \/>\n1. Estrategia organizativa y did\u00e1ctica de los talleres educativos<br \/>\n2. Consideraciones psicopedag\u00f3gicas<br \/>\n3. Caracter\u00edsticas de los Rincones Educativos<br \/>\n4. \u2026<br \/>\nUNIDAD DID\u00c1CTICA 10. ACTIVIDADES EN LOS TALLERES EDUCATIVOS<br \/>\n1. Introducci\u00f3n<br \/>\n2. Talleres del juego simb\u00f3lico<br \/>\n3. Talleres de Construcciones<br \/>\n4. \u2026<\/p>\n<p>GESTI\u00d3N DE ESTR\u00c9S<br \/>\n1. EL ESTR\u00c9S Y SUS CARACTER\u00cdSTICAS<br \/>\n1.1. Introducci\u00f3n<br \/>\n1.2. Definiciones<br \/>\n1.3. Tipos de estr\u00e9s<br \/>\n1.4. ..<\/p>\n<p>2. EL ESTR\u00c9S LABORAL<br \/>\n2.1. Factores psicosociales<br \/>\n2.2. Diferencia entre presi\u00f3n de trabajo y estr\u00e9s<br \/>\n2.3. S\u00edntomas del estr\u00e9s laboral<br \/>\n2.4. Medidas Organizacionales<br \/>\n2.5. \u2026<\/p>\n<p>3. T\u00c9CNICAS PERSONALES DE CONTROL DE ESTR\u00c9S<br \/>\n3.1. T\u00e9cnicas de respiraci\u00f3n<br \/>\n3.1.1. En pie y respirando<br \/>\n3.1.2. Nadi Shodhana<br \/>\n3.1.3. \u2026<br \/>\n3.2. Consejos para evitar el estr\u00e9s<br \/>\n3.2.1. \u2026<br \/>\n3.3. T\u00e9cnicas para dominar el estr\u00e9s<br \/>\n3.3.1. Identificando nuestros s\u00edntomas de relajaci\u00f3n<br \/>\n3.3.2. Un ant\u00eddoto para el desaliento<br \/>\n3.3.3. La concentraci\u00f3n: una respiraci\u00f3n en nueve rondas<br \/>\n3.3.4. Fluir libremente: diez pasos simples para dominar el estr\u00e9s<br \/>\n\u2026<\/p>\n<p>4. T\u00c9CNICA DE AFRONTAMIENTO DEL ESTR\u00c9S<br \/>\n4.1. Introducci\u00f3n<br \/>\n4.2. Desarrollo de la t\u00e9cnica<br \/>\n4.2.1. Desarrollo de una relajaci\u00f3n efectiva<br \/>\n4.2.2. \u2026<\/p>\n<p><em><strong>Profesional en expresi\u00f3n pl\u00e1stica y art\u00edstica en la escuela infantil<\/strong><\/em><\/p>\n<hr \/>\n","protected":false},"excerpt":{"rendered":"<p><a href=\"https:\/\/centro-cee.com\/web\/formaciones\/\">Atr\u00e1s<\/a><\/p>\n<p>Formate y especializate en TODOS los aspectos relacionados con la educaci\u00f3n infantil de forma especial en la expresi\u00f3n coporal en la infancia, con contenidos actualizados. Ha sido demostrado la importancia de potenciar en los estudiantes de ciclos infantiles las aptitudes dentro de la expresi\u00f3n corporal, para ello este curso pretente facilitar a los docentes las t\u00e9cnicas necesarias para la potenciaci\u00f3n de las expresiones pl\u00e1sticas y artisticas de los estudiantes.<\/p>\n<p>Es importante que la formaci\u00f3n sea capaz de complementar los estudios con la formaci\u00f3n en otros aspectos fundamentales para la vida en sociedad y que no siempre salen en los libros.<br \/>\nLa formaci\u00f3n obtenida es de alto nivel y con gran cantidad de contenidos que dotaran a las\/los alumnas\/os de unos conocimientos excelentes.<\/p>\n","protected":false},"featured_media":1773,"comment_status":"closed","ping_status":"closed","template":"","meta":[],"product_brand":[],"product_cat":[2052,34],"product_tag":[1675,1673,1680,1674,1677,1676,1672,1678,1681,1679],"class_list":{"0":"post-1772","1":"product","2":"type-product","3":"status-publish","4":"has-post-thumbnail","6":"product_cat-cursos-educacion","7":"product_cat-tecnicos","8":"product_tag-actividades-artisticas-para-ninos","9":"product_tag-arte-en-la-escuela-infantil","10":"product_tag-arte-y-educacion-infantil","11":"product_tag-creatividad-infantil","12":"product_tag-desarrollo-creativo-en-la-infancia","13":"product_tag-educacion-artistica","14":"product_tag-expresion-plastica-infantil","15":"product_tag-formacion-en-expresion-plastica","16":"product_tag-profesional-en-arte-infantil","17":"product_tag-tecnicas-artisticas-para-ninos","19":"first","20":"instock","21":"sale","22":"shipping-taxable","23":"purchasable","24":"product-type-simple"},"yoast_head":"<!-- This site is optimized with the Yoast SEO plugin v27.4 - https:\/\/yoast.com\/product\/yoast-seo-wordpress\/ -->\n<title>Profesional en expresi\u00f3n pl\u00e1stica y art\u00edstica en la escuela infantil<\/title>\n<meta name=\"description\" content=\"Desarrolla tus habilidades y mejora tus conocimientos con nuestra formaci\u00f3n de Profesional en expresi\u00f3n pl\u00e1stica y art\u00edstica en la escuela infantil\" \/>\n<meta name=\"robots\" content=\"index, follow, max-snippet:-1, max-image-preview:large, max-video-preview:-1\" \/>\n<link rel=\"canonical\" href=\"https:\/\/centro-cee.com\/web\/producto\/profesional-en-expresion-plastica-y-artistica-en-la-escuela-infantil\/\" \/>\n<meta property=\"og:locale\" content=\"es_ES\" \/>\n<meta property=\"og:type\" content=\"article\" \/>\n<meta property=\"og:title\" content=\"Profesional en expresi\u00f3n pl\u00e1stica y art\u00edstica en la escuela infantil\" \/>\n<meta property=\"og:description\" content=\"Desarrolla tus habilidades y mejora tus conocimientos con nuestra formaci\u00f3n de Profesional en expresi\u00f3n pl\u00e1stica y art\u00edstica en la escuela infantil\" \/>\n<meta property=\"og:url\" content=\"https:\/\/centro-cee.com\/web\/producto\/profesional-en-expresion-plastica-y-artistica-en-la-escuela-infantil\/\" \/>\n<meta property=\"og:site_name\" content=\"CEE Centro Europeo E-learning - Cursos online\" \/>\n<meta property=\"article:modified_time\" content=\"2026-03-13T17:05:57+00:00\" \/>\n<meta property=\"og:image\" content=\"https:\/\/centro-cee.com\/web\/wp-content\/uploads\/2024\/11\/Captu9962ra.png\" \/>\n\t<meta property=\"og:image:width\" content=\"795\" \/>\n\t<meta property=\"og:image:height\" content=\"437\" \/>\n\t<meta property=\"og:image:type\" content=\"image\/png\" \/>\n<meta name=\"twitter:card\" content=\"summary_large_image\" \/>\n<meta name=\"twitter:label1\" content=\"Tiempo de lectura\" \/>\n\t<meta name=\"twitter:data1\" content=\"3 minutos\" \/>\n<script type=\"application\/ld+json\" class=\"yoast-schema-graph\">{\"@context\":\"https:\\\/\\\/schema.org\",\"@graph\":[{\"@type\":\"WebPage\",\"@id\":\"https:\\\/\\\/centro-cee.com\\\/web\\\/producto\\\/profesional-en-expresion-plastica-y-artistica-en-la-escuela-infantil\\\/\",\"url\":\"https:\\\/\\\/centro-cee.com\\\/web\\\/producto\\\/profesional-en-expresion-plastica-y-artistica-en-la-escuela-infantil\\\/\",\"name\":\"Profesional en expresi\u00f3n pl\u00e1stica y art\u00edstica en la escuela infantil\",\"isPartOf\":{\"@id\":\"https:\\\/\\\/centro-cee.com\\\/web\\\/#website\"},\"primaryImageOfPage\":{\"@id\":\"https:\\\/\\\/centro-cee.com\\\/web\\\/producto\\\/profesional-en-expresion-plastica-y-artistica-en-la-escuela-infantil\\\/#primaryimage\"},\"image\":{\"@id\":\"https:\\\/\\\/centro-cee.com\\\/web\\\/producto\\\/profesional-en-expresion-plastica-y-artistica-en-la-escuela-infantil\\\/#primaryimage\"},\"thumbnailUrl\":\"https:\\\/\\\/centro-cee.com\\\/web\\\/wp-content\\\/uploads\\\/2024\\\/11\\\/Captu9962ra.png\",\"datePublished\":\"2024-11-14T13:46:30+00:00\",\"dateModified\":\"2026-03-13T17:05:57+00:00\",\"description\":\"Desarrolla tus habilidades y mejora tus conocimientos con nuestra formaci\u00f3n de Profesional en expresi\u00f3n pl\u00e1stica y art\u00edstica en la escuela infantil\",\"breadcrumb\":{\"@id\":\"https:\\\/\\\/centro-cee.com\\\/web\\\/producto\\\/profesional-en-expresion-plastica-y-artistica-en-la-escuela-infantil\\\/#breadcrumb\"},\"inLanguage\":\"es\",\"potentialAction\":[{\"@type\":\"ReadAction\",\"target\":[\"https:\\\/\\\/centro-cee.com\\\/web\\\/producto\\\/profesional-en-expresion-plastica-y-artistica-en-la-escuela-infantil\\\/\"]}]},{\"@type\":\"ImageObject\",\"inLanguage\":\"es\",\"@id\":\"https:\\\/\\\/centro-cee.com\\\/web\\\/producto\\\/profesional-en-expresion-plastica-y-artistica-en-la-escuela-infantil\\\/#primaryimage\",\"url\":\"https:\\\/\\\/centro-cee.com\\\/web\\\/wp-content\\\/uploads\\\/2024\\\/11\\\/Captu9962ra.png\",\"contentUrl\":\"https:\\\/\\\/centro-cee.com\\\/web\\\/wp-content\\\/uploads\\\/2024\\\/11\\\/Captu9962ra.png\",\"width\":795,\"height\":437},{\"@type\":\"BreadcrumbList\",\"@id\":\"https:\\\/\\\/centro-cee.com\\\/web\\\/producto\\\/profesional-en-expresion-plastica-y-artistica-en-la-escuela-infantil\\\/#breadcrumb\",\"itemListElement\":[{\"@type\":\"ListItem\",\"position\":1,\"name\":\"Portada\",\"item\":\"https:\\\/\\\/centro-cee.com\\\/web\\\/\"},{\"@type\":\"ListItem\",\"position\":2,\"name\":\"Profesional en expresi\u00f3n pl\u00e1stica y art\u00edstica en la escuela infantil\"}]},{\"@type\":\"WebSite\",\"@id\":\"https:\\\/\\\/centro-cee.com\\\/web\\\/#website\",\"url\":\"https:\\\/\\\/centro-cee.com\\\/web\\\/\",\"name\":\"Centro Europeo E-learning\",\"description\":\"CEE Formaci\u00f3n Online\",\"publisher\":{\"@id\":\"https:\\\/\\\/centro-cee.com\\\/web\\\/#organization\"},\"alternateName\":\"Centro Online de Formaci\u00f3n\",\"potentialAction\":[{\"@type\":\"SearchAction\",\"target\":{\"@type\":\"EntryPoint\",\"urlTemplate\":\"https:\\\/\\\/centro-cee.com\\\/web\\\/?s={search_term_string}\"},\"query-input\":{\"@type\":\"PropertyValueSpecification\",\"valueRequired\":true,\"valueName\":\"search_term_string\"}}],\"inLanguage\":\"es\"},{\"@type\":\"Organization\",\"@id\":\"https:\\\/\\\/centro-cee.com\\\/web\\\/#organization\",\"name\":\"Centro Europeo E-learning CEE\",\"url\":\"https:\\\/\\\/centro-cee.com\\\/web\\\/\",\"logo\":{\"@type\":\"ImageObject\",\"inLanguage\":\"es\",\"@id\":\"https:\\\/\\\/centro-cee.com\\\/web\\\/#\\\/schema\\\/logo\\\/image\\\/\",\"url\":\"https:\\\/\\\/centro-cee.com\\\/web\\\/wp-content\\\/uploads\\\/2022\\\/12\\\/cropped-logo_educa.png\",\"contentUrl\":\"https:\\\/\\\/centro-cee.com\\\/web\\\/wp-content\\\/uploads\\\/2022\\\/12\\\/cropped-logo_educa.png\",\"width\":157,\"height\":63,\"caption\":\"Centro Europeo E-learning CEE\"},\"image\":{\"@id\":\"https:\\\/\\\/centro-cee.com\\\/web\\\/#\\\/schema\\\/logo\\\/image\\\/\"},\"sameAs\":[\"https:\\\/\\\/www.instagram.com\\\/centroeuropeo_cee\"]}]}<\/script>\n<!-- \/ Yoast SEO plugin. -->","yoast_head_json":{"title":"Profesional en expresi\u00f3n pl\u00e1stica y art\u00edstica en la escuela infantil","description":"Desarrolla tus habilidades y mejora tus conocimientos con nuestra formaci\u00f3n de Profesional en expresi\u00f3n pl\u00e1stica y art\u00edstica en la escuela infantil","robots":{"index":"index","follow":"follow","max-snippet":"max-snippet:-1","max-image-preview":"max-image-preview:large","max-video-preview":"max-video-preview:-1"},"canonical":"https:\/\/centro-cee.com\/web\/producto\/profesional-en-expresion-plastica-y-artistica-en-la-escuela-infantil\/","og_locale":"es_ES","og_type":"article","og_title":"Profesional en expresi\u00f3n pl\u00e1stica y art\u00edstica en la escuela infantil","og_description":"Desarrolla tus habilidades y mejora tus conocimientos con nuestra formaci\u00f3n de Profesional en expresi\u00f3n pl\u00e1stica y art\u00edstica en la escuela infantil","og_url":"https:\/\/centro-cee.com\/web\/producto\/profesional-en-expresion-plastica-y-artistica-en-la-escuela-infantil\/","og_site_name":"CEE Centro Europeo E-learning - Cursos online","article_modified_time":"2026-03-13T17:05:57+00:00","og_image":[{"width":795,"height":437,"url":"https:\/\/centro-cee.com\/web\/wp-content\/uploads\/2024\/11\/Captu9962ra.png","type":"image\/png"}],"twitter_card":"summary_large_image","twitter_misc":{"Tiempo de lectura":"3 minutos"},"schema":{"@context":"https:\/\/schema.org","@graph":[{"@type":"WebPage","@id":"https:\/\/centro-cee.com\/web\/producto\/profesional-en-expresion-plastica-y-artistica-en-la-escuela-infantil\/","url":"https:\/\/centro-cee.com\/web\/producto\/profesional-en-expresion-plastica-y-artistica-en-la-escuela-infantil\/","name":"Profesional en expresi\u00f3n pl\u00e1stica y art\u00edstica en la escuela infantil","isPartOf":{"@id":"https:\/\/centro-cee.com\/web\/#website"},"primaryImageOfPage":{"@id":"https:\/\/centro-cee.com\/web\/producto\/profesional-en-expresion-plastica-y-artistica-en-la-escuela-infantil\/#primaryimage"},"image":{"@id":"https:\/\/centro-cee.com\/web\/producto\/profesional-en-expresion-plastica-y-artistica-en-la-escuela-infantil\/#primaryimage"},"thumbnailUrl":"https:\/\/centro-cee.com\/web\/wp-content\/uploads\/2024\/11\/Captu9962ra.png","datePublished":"2024-11-14T13:46:30+00:00","dateModified":"2026-03-13T17:05:57+00:00","description":"Desarrolla tus habilidades y mejora tus conocimientos con nuestra formaci\u00f3n de Profesional en expresi\u00f3n pl\u00e1stica y art\u00edstica en la escuela infantil","breadcrumb":{"@id":"https:\/\/centro-cee.com\/web\/producto\/profesional-en-expresion-plastica-y-artistica-en-la-escuela-infantil\/#breadcrumb"},"inLanguage":"es","potentialAction":[{"@type":"ReadAction","target":["https:\/\/centro-cee.com\/web\/producto\/profesional-en-expresion-plastica-y-artistica-en-la-escuela-infantil\/"]}]},{"@type":"ImageObject","inLanguage":"es","@id":"https:\/\/centro-cee.com\/web\/producto\/profesional-en-expresion-plastica-y-artistica-en-la-escuela-infantil\/#primaryimage","url":"https:\/\/centro-cee.com\/web\/wp-content\/uploads\/2024\/11\/Captu9962ra.png","contentUrl":"https:\/\/centro-cee.com\/web\/wp-content\/uploads\/2024\/11\/Captu9962ra.png","width":795,"height":437},{"@type":"BreadcrumbList","@id":"https:\/\/centro-cee.com\/web\/producto\/profesional-en-expresion-plastica-y-artistica-en-la-escuela-infantil\/#breadcrumb","itemListElement":[{"@type":"ListItem","position":1,"name":"Portada","item":"https:\/\/centro-cee.com\/web\/"},{"@type":"ListItem","position":2,"name":"Profesional en expresi\u00f3n pl\u00e1stica y art\u00edstica en la escuela infantil"}]},{"@type":"WebSite","@id":"https:\/\/centro-cee.com\/web\/#website","url":"https:\/\/centro-cee.com\/web\/","name":"Centro Europeo E-learning","description":"CEE Formaci\u00f3n Online","publisher":{"@id":"https:\/\/centro-cee.com\/web\/#organization"},"alternateName":"Centro Online de Formaci\u00f3n","potentialAction":[{"@type":"SearchAction","target":{"@type":"EntryPoint","urlTemplate":"https:\/\/centro-cee.com\/web\/?s={search_term_string}"},"query-input":{"@type":"PropertyValueSpecification","valueRequired":true,"valueName":"search_term_string"}}],"inLanguage":"es"},{"@type":"Organization","@id":"https:\/\/centro-cee.com\/web\/#organization","name":"Centro Europeo E-learning CEE","url":"https:\/\/centro-cee.com\/web\/","logo":{"@type":"ImageObject","inLanguage":"es","@id":"https:\/\/centro-cee.com\/web\/#\/schema\/logo\/image\/","url":"https:\/\/centro-cee.com\/web\/wp-content\/uploads\/2022\/12\/cropped-logo_educa.png","contentUrl":"https:\/\/centro-cee.com\/web\/wp-content\/uploads\/2022\/12\/cropped-logo_educa.png","width":157,"height":63,"caption":"Centro Europeo E-learning CEE"},"image":{"@id":"https:\/\/centro-cee.com\/web\/#\/schema\/logo\/image\/"},"sameAs":["https:\/\/www.instagram.com\/centroeuropeo_cee"]}]}},"_links":{"self":[{"href":"https:\/\/centro-cee.com\/web\/wp-json\/wp\/v2\/product\/1772","targetHints":{"allow":["GET"]}}],"collection":[{"href":"https:\/\/centro-cee.com\/web\/wp-json\/wp\/v2\/product"}],"about":[{"href":"https:\/\/centro-cee.com\/web\/wp-json\/wp\/v2\/types\/product"}],"replies":[{"embeddable":true,"href":"https:\/\/centro-cee.com\/web\/wp-json\/wp\/v2\/comments?post=1772"}],"wp:featuredmedia":[{"embeddable":true,"href":"https:\/\/centro-cee.com\/web\/wp-json\/wp\/v2\/media\/1773"}],"wp:attachment":[{"href":"https:\/\/centro-cee.com\/web\/wp-json\/wp\/v2\/media?parent=1772"}],"wp:term":[{"taxonomy":"product_brand","embeddable":true,"href":"https:\/\/centro-cee.com\/web\/wp-json\/wp\/v2\/product_brand?post=1772"},{"taxonomy":"product_cat","embeddable":true,"href":"https:\/\/centro-cee.com\/web\/wp-json\/wp\/v2\/product_cat?post=1772"},{"taxonomy":"product_tag","embeddable":true,"href":"https:\/\/centro-cee.com\/web\/wp-json\/wp\/v2\/product_tag?post=1772"}],"curies":[{"name":"wp","href":"https:\/\/api.w.org\/{rel}","templated":true}]}}