{"id":1767,"date":"2024-11-14T13:35:01","date_gmt":"2024-11-14T13:35:01","guid":{"rendered":"https:\/\/centro-cee.com\/web\/?post_type=product&#038;p=1767"},"modified":"2024-12-09T11:58:54","modified_gmt":"2024-12-09T11:58:54","slug":"experto-tecnico-certificador-energetico-para-edificios","status":"publish","type":"product","link":"https:\/\/centro-cee.com\/web\/producto\/experto-tecnico-certificador-energetico-para-edificios\/","title":{"rendered":"Experto t\u00e9cnico certificador energ\u00e9tico para edificios"},"content":{"rendered":"<p><a href=\"https:\/\/centro-cee.com\/web\/formaciones\/\">Atr\u00e1s<\/a><\/p>\n<p><em><strong>Experto t\u00e9cnico certificador energ\u00e9tico para edificios<\/strong><\/em><\/p>\n<p>Toda esta informaci\u00f3n se realiza 100% online en nuestro campus online de formaci\u00f3n.<\/p>\n<p>Las tutor\u00edas se realizan directamente desde el campus de estudio con la opci\u00f3n de mensajer\u00eda a profesores. Las tutorias son \u201ca demanda\u201d, cuando necesites soporte nos lo pides.<\/p>\n<p>Los t\u00edtulos de Centro CEE est\u00e1n autenticados por la firma de notario que valida contenidos y autenticidad a nivel internacional. Nuestra organizaci\u00f3n pertenece a la Asociaci\u00f3n Espa\u00f1ola de Calidad, organizaci\u00f3n Espa\u00f1ola de referencia para la calidad\u00a0en la formaci\u00f3n de auxiliar de enfermer\u00eda. La certificaci\u00f3n se puede apostillar por la Haya para cualquier pa\u00eds firmante del convenio de la Haya.<\/p>\n<p>Se puede pagar a plazos.<\/p>\n<p>Carga horaria de la formaci\u00f3n: 400h<\/p>\n<p>&nbsp;<\/p>\n<h2>Temario<\/h2>\n<hr \/>\n<p>PARTE 1. CERTIFICACI\u00d3N ENERG\u00c9TICA EN EDIFICIOS DE NUEVA CONSTRUCCI\u00d3N (LIDER Y CALENER)<br \/>\n1. M\u00d3DULO 1. LIMITACI\u00d3N DE LA DEMANDA ENERG\u00c9TICA. HERRAMIENTA UNIFICADA LIDER CALENER<br \/>\nUNIDAD 1. HE1: LIMITACI\u00d3N DE LA DEMANDA<br \/>\n1. Puesta en situaci\u00f3n<br \/>\n2. C\u00f3digo T\u00e9cnico de la Edificaci\u00f3n<br \/>\n3. \u2026<br \/>\nUNIDAD 2. PROCEDIMIENTOS DE COMPROBACI\u00d3N DE LA LIMITACI\u00d3N DE LA DEMANDA<br \/>\n1. Introducci\u00f3n a los procedimientos existentes<br \/>\n2. La herramienta unificada LIDER-CALENER<br \/>\n3. Opci\u00f3n de c\u00e1lculo general o prestacional. Submen\u00fas de LIDER<br \/>\n4. Cuantificaci\u00f3n de la exigencia CTE-HE1<br \/>\n5. \u2026<br \/>\nUNIDAD 3. DEFINICI\u00d3N DE LOS DATOS DEL EDIFICIO<br \/>\n1. Introducci\u00f3n a los submen\u00fas de LIDER dentro de la herramienta unificada<br \/>\n2. Formulario Datos Generales<br \/>\n3. Formulario Definici\u00f3n Geom\u00e9trica, Constructiva y operacional<br \/>\nUNIDAD 4. HERRAMIENTA UNIFICADA LIDER-CALENER. DEFINICI\u00d3N GEOM\u00c9TRICA Y C\u00c1LCULO<br \/>\n1. Conceptos iniciales para la definici\u00f3n geom\u00e9trica<br \/>\n2. Proceso de definici\u00f3n geom\u00e9trica<br \/>\n3. Crear los espacios contenidos en una planta<br \/>\n4. Crear forjados de plantas, cerramientos y particiones interiores<br \/>\n5. Crear huecos<br \/>\n6. \u2026<\/p>\n<p>M\u00d3DULO 2. CALIFICACI\u00d3N ENERG\u00c9TICA DE EDIFICIOS DE NUEVA CONSTRUCCI\u00d3N<br \/>\nUNIDAD 1. LA CERTIFICACI\u00d3N DE EDIFICIOS DE NUEVA CONSTRUCCI\u00d3N<br \/>\n1. Introducci\u00f3n y contexto normativo<br \/>\n2. Algunos modelos de certificaci\u00f3n energ\u00e9tica en Europa<br \/>\n3. Certificaci\u00f3n energ\u00e9tica de edificios nuevos y existentes<br \/>\n4. \u2026<br \/>\nUNIDAD 2. OPCI\u00d3N SIMPLIFICADA Y GENERAL PARA LA CERTIFICACI\u00d3N DE EDIFICIOS<br \/>\n1. Opci\u00f3n general<br \/>\n2. Opci\u00f3n simplificada para residencial de nueva planta. CERMA<br \/>\n3. \u2026<br \/>\nUNIDAD 3. CERTIFICACI\u00d3N CON LA HERRAMIENTA UNIFICADA LIDER CALENER I<br \/>\n1. Procedimiento a seguir para la calificaci\u00f3n energ\u00e9tica<br \/>\n2. Paso de LIDER a CALENER-VYP con la herramienta unificada<br \/>\n3. Iniciar un trabajo: componentes de la instalaci\u00f3n de climatizaci\u00f3n<br \/>\n4. \u2026<br \/>\nUNIDAD 4. CERTIFICACI\u00d3N CON LA HERRAMIENTA UNIFICADA LIDER CALENER II<br \/>\n1. Como evitar errores en la introducci\u00f3n de los componentes de la instalaci\u00f3n<br \/>\n2. Reconocimientos de espacios en la vivienda utilizada<br \/>\n3. Definici\u00f3n del sistema ACS<br \/>\n4. Definici\u00f3n del sistema de climatizaci\u00f3n<br \/>\n5. \u2026<\/p>\n<p>PARTE 2. CERTIFICACI\u00d3N ENERG\u00c9TICA EN EDIFICIOS EXISTENTES (HERRAMIENTAS CE3 Y CE3X)<\/p>\n<p>1. M\u00d3DULO 1. CERTIFICACI\u00d3N DE EDIFICIOS EXISTENTES Y TERMODIN\u00c1MICA EDIFICATORIA<\/p>\n<p>UNIDAD 1. MARCO NORMATIVO DE LA CERTIFICACI\u00d3N DE EDIFICIOS EXISTENTES<br \/>\n1. Introducci\u00f3n a la certificaci\u00f3n energ\u00e9tica en edificios existes<br \/>\n2. Directiva 2010\/31\/UE Eficiencia Energ\u00e9tica en los Edificios<br \/>\n3. Procedimiento para la certificaci\u00f3n de eficiencia energ\u00e9tica de los edificios existentes<br \/>\n4. \u2026<br \/>\nUNIDAD 2. CONCEPTOS INICIALES SOBRE TERMODIN\u00c1MICA EDIFICATORIA<br \/>\n1. Conceptos previos sobre termodin\u00e1mica edificatoria<br \/>\n2. Grados-d\u00eda (GD)<br \/>\n3. Variable clima. La severidad clim\u00e1tica (SV)<br \/>\n4. Espacios interiores: habitables y no habitables<br \/>\n5. \u2026<\/p>\n<p>M\u00d3DULO 2. CERTIFICACI\u00d3N EN EDIFICIOS EXISTENTES. PROCEDIMIENTO CE3<\/p>\n<p>UNIDAD 1. PROGRAMA CE3 PARTE I. GENERALIDADES Y DEFINICI\u00d3N CONSTRUCTIVA<\/p>\n<p>1. Consideraciones iniciales sobre el programa CE3<br \/>\n2. Interfaz inicial de CE3<br \/>\n3. \u2026<br \/>\nUNIDAD 2. PROGRAMA CE3 PARTE II. DEFINICI\u00d3N GEOM\u00c9TRICA<br \/>\n1. Formulario ?Definici\u00f3n Geom\u00e9trica?<br \/>\n2. Definici\u00f3n geom\u00e9trica por tipolog\u00eda<br \/>\n3. Definici\u00f3n geom\u00e9trica por superficies y orientaciones<br \/>\n4. \u2026<br \/>\nUNIDAD 3. PROGRAMA CE3 PARTE III. SISTEMAS Y MEDIDAS DE MEJORA<br \/>\n1. Formulario ?Caracter\u00edsticas Operacionales y Funcionales?<br \/>\n2. Sistemas de acondicionamiento, ACS e iluminaci\u00f3n para vivienda, peque\u00f1o y mediano terciario<br \/>\n3. \u2026<\/p>\n<p>M\u00d3DULO 3. CERTIFICACI\u00d3N EN EDIFICIOS EXISTENTES. PROGRAMA CE3X<\/p>\n<p>UNIDAD 1. PROGRAMA CE3X PARTE I. INTERFAZ INICIAL Y PATRONES DE SOMBRA<br \/>\n1. Consideraciones iniciales sobre el procedimiento CE3X<br \/>\n2. Interfaz inicial de CE3X<br \/>\n3. Formulario de datos administrativos y generales<br \/>\n4. \u2026<br \/>\nUNIDAD 2. PROGRAMA CE3X PARTE II. FORMULARIO DE LA ENVOLVENTE T\u00c9RMICA<br \/>\n1. Formulario de envolvente t\u00e9rmica<br \/>\n2. Par\u00e1metros caracter\u00edsticos del cerramiento. Transmitancia t\u00e9rmica<br \/>\n3. Introducci\u00f3n de dimensiones de los distintos elementos y otros campos<br \/>\n4. Consideraciones en los cerramientos en contacto con el terreno<br \/>\n5. Clases de cubiertas<br \/>\n6. \u2026<br \/>\nUNIDAD 3. PROGRAMA CE3X PARTE III. FORMULARIO DE INSTALACIONES<br \/>\n1. Formulario de instalaciones<br \/>\n2. Definici\u00f3n de campos en instalaciones de ACS, Calefacci\u00f3n y Refrigeraci\u00f3n<br \/>\n3. \u2026<br \/>\nUNIDAD 4. PROGRAMA CE3X PARTE IV. AN\u00c1LISIS DE MEDIDAS Y CALIFICACI\u00d3N FINAL<br \/>\n1. Calificaci\u00f3n del inmueble<br \/>\n2. Modulo de medidas de mejora de CE3X<br \/>\n3. ..<\/p>\n<p>GESTI\u00d3N DE PROYECTOS<\/p>\n<p>1. CONCEPTOS B\u00c1SICOS<br \/>\n1.1. Gesti\u00f3n de proyectos.<br \/>\n1.2. Concepto de proyecto.<br \/>\n1.3. Caracter\u00edsticas de los proyectos.<br \/>\n1.4. \u2026<\/p>\n<p>2. FASES EN LA ELABORACI\u00d3N DE UN PROYECTO<br \/>\n2.1. Fases en la elaboraci\u00f3n de un proyecto.<br \/>\n2.2. Presentaci\u00f3n de la oferta.<br \/>\n2.3. Estudios de viabilidad.<br \/>\n2.4. \u2026<\/p>\n<p>3. T\u00c9CNICAS DE PLANIFICACI\u00d3N<br \/>\n3.1. Introducci\u00f3n.<br \/>\n3.2. Gr\u00e1fico de Gantt.<br \/>\n3.3. \u2026.<\/p>\n<p>4. CONTROL Y GESTI\u00d3N<br \/>\n4.1. Control de calidad, plazos y costes.<br \/>\n4.2. Gesti\u00f3n de costes.<br \/>\n4.3. Gesti\u00f3n de calidad.<\/p>\n<p>5. DOCUMENTACI\u00d3N Y APOYO INFORM\u00c1TICO<br \/>\n5.1. Objetivos.<br \/>\n5.2. Requisitos.<br \/>\n5.3. Control de la documentaci\u00f3n.<\/p>\n<p><em><strong>Experto t\u00e9cnico certificador energ\u00e9tico para edificios<\/strong><\/em><\/p>\n<hr \/>\n","protected":false},"excerpt":{"rendered":"<p><a href=\"https:\/\/centro-cee.com\/web\/formaciones\/\">Atr\u00e1s<\/a><\/p>\n<p>Formate y especializate en TODOS los aspectos relacionados con la certificaci\u00f3n energ\u00e9tica para edificios, con contenidos actualizados. En la actualidad esta la eficiencia energ\u00e9tica a la orden del d\u00eda, ya que es de obligado cumplimiento por Ley que ciertas viviendas y edificios dispongan de un certificado energetico para poder ser vendidos, alquilados, etc.<\/p>\n","protected":false},"featured_media":1768,"comment_status":"closed","ping_status":"closed","template":"","meta":[],"product_brand":[],"product_cat":[34],"product_tag":[1661,1657,1656,1653,1660,1658,1654,1662,1659,1655],"class_list":{"0":"post-1767","1":"product","2":"type-product","3":"status-publish","4":"has-post-thumbnail","6":"product_cat-tecnicos","7":"product_tag-ahorro-energetico-en-edificios","8":"product_tag-auditoria-energetica","9":"product_tag-certificacion-energetica","10":"product_tag-certificacion-energetica-de-edificios","11":"product_tag-curso-de-certificacion-energetica","12":"product_tag-eficiencia-energetica-en-construccion","13":"product_tag-experto-en-eficiencia-energetica","14":"product_tag-formacion-en-certificacion-de-edificios","15":"product_tag-normativa-energetica","16":"product_tag-tecnico-certificador-energetico","18":"first","19":"instock","20":"sale","21":"shipping-taxable","22":"purchasable","23":"product-type-simple"},"yoast_head":"<!-- This site is optimized with the Yoast SEO plugin v27.5 - https:\/\/yoast.com\/product\/yoast-seo-wordpress\/ -->\n<title>Experto t\u00e9cnico certificador energ\u00e9tico para edificios<\/title>\n<meta name=\"description\" content=\"Desarrolla tus habilidades y mejora tus conocimientos y preparate con nuestra formaci\u00f3n de Experto t\u00e9cnico certificador energ\u00e9tico para edificios\" \/>\n<meta name=\"robots\" content=\"index, follow, max-snippet:-1, max-image-preview:large, max-video-preview:-1\" \/>\n<link rel=\"canonical\" href=\"https:\/\/centro-cee.com\/web\/producto\/experto-tecnico-certificador-energetico-para-edificios\/\" \/>\n<meta property=\"og:locale\" content=\"es_ES\" \/>\n<meta property=\"og:type\" content=\"article\" \/>\n<meta property=\"og:title\" content=\"Experto t\u00e9cnico certificador energ\u00e9tico para edificios\" \/>\n<meta property=\"og:description\" content=\"Desarrolla tus habilidades y mejora tus conocimientos y preparate con nuestra formaci\u00f3n de Experto t\u00e9cnico certificador energ\u00e9tico para edificios\" \/>\n<meta property=\"og:url\" content=\"https:\/\/centro-cee.com\/web\/producto\/experto-tecnico-certificador-energetico-para-edificios\/\" \/>\n<meta property=\"og:site_name\" content=\"CEE Centro Europeo E-learning - Cursos online\" \/>\n<meta property=\"article:modified_time\" content=\"2024-12-09T11:58:54+00:00\" \/>\n<meta property=\"og:image\" content=\"https:\/\/centro-cee.com\/web\/wp-content\/uploads\/2024\/11\/Capt213wura.png\" \/>\n\t<meta property=\"og:image:width\" content=\"745\" \/>\n\t<meta property=\"og:image:height\" content=\"499\" \/>\n\t<meta property=\"og:image:type\" content=\"image\/png\" \/>\n<meta name=\"twitter:card\" content=\"summary_large_image\" \/>\n<meta name=\"twitter:label1\" content=\"Tiempo de lectura\" \/>\n\t<meta name=\"twitter:data1\" content=\"6 minutos\" \/>\n<script type=\"application\/ld+json\" class=\"yoast-schema-graph\">{\"@context\":\"https:\\\/\\\/schema.org\",\"@graph\":[{\"@type\":\"WebPage\",\"@id\":\"https:\\\/\\\/centro-cee.com\\\/web\\\/producto\\\/experto-tecnico-certificador-energetico-para-edificios\\\/\",\"url\":\"https:\\\/\\\/centro-cee.com\\\/web\\\/producto\\\/experto-tecnico-certificador-energetico-para-edificios\\\/\",\"name\":\"Experto t\u00e9cnico certificador energ\u00e9tico para edificios\",\"isPartOf\":{\"@id\":\"https:\\\/\\\/centro-cee.com\\\/web\\\/#website\"},\"primaryImageOfPage\":{\"@id\":\"https:\\\/\\\/centro-cee.com\\\/web\\\/producto\\\/experto-tecnico-certificador-energetico-para-edificios\\\/#primaryimage\"},\"image\":{\"@id\":\"https:\\\/\\\/centro-cee.com\\\/web\\\/producto\\\/experto-tecnico-certificador-energetico-para-edificios\\\/#primaryimage\"},\"thumbnailUrl\":\"https:\\\/\\\/centro-cee.com\\\/web\\\/wp-content\\\/uploads\\\/2024\\\/11\\\/Capt213wura.png\",\"datePublished\":\"2024-11-14T13:35:01+00:00\",\"dateModified\":\"2024-12-09T11:58:54+00:00\",\"description\":\"Desarrolla tus habilidades y mejora tus conocimientos y preparate con nuestra formaci\u00f3n de Experto t\u00e9cnico certificador energ\u00e9tico para edificios\",\"breadcrumb\":{\"@id\":\"https:\\\/\\\/centro-cee.com\\\/web\\\/producto\\\/experto-tecnico-certificador-energetico-para-edificios\\\/#breadcrumb\"},\"inLanguage\":\"es\",\"potentialAction\":[{\"@type\":\"ReadAction\",\"target\":[\"https:\\\/\\\/centro-cee.com\\\/web\\\/producto\\\/experto-tecnico-certificador-energetico-para-edificios\\\/\"]}]},{\"@type\":\"ImageObject\",\"inLanguage\":\"es\",\"@id\":\"https:\\\/\\\/centro-cee.com\\\/web\\\/producto\\\/experto-tecnico-certificador-energetico-para-edificios\\\/#primaryimage\",\"url\":\"https:\\\/\\\/centro-cee.com\\\/web\\\/wp-content\\\/uploads\\\/2024\\\/11\\\/Capt213wura.png\",\"contentUrl\":\"https:\\\/\\\/centro-cee.com\\\/web\\\/wp-content\\\/uploads\\\/2024\\\/11\\\/Capt213wura.png\",\"width\":745,\"height\":499},{\"@type\":\"BreadcrumbList\",\"@id\":\"https:\\\/\\\/centro-cee.com\\\/web\\\/producto\\\/experto-tecnico-certificador-energetico-para-edificios\\\/#breadcrumb\",\"itemListElement\":[{\"@type\":\"ListItem\",\"position\":1,\"name\":\"Portada\",\"item\":\"https:\\\/\\\/centro-cee.com\\\/web\\\/\"},{\"@type\":\"ListItem\",\"position\":2,\"name\":\"Experto t\u00e9cnico certificador energ\u00e9tico para edificios\"}]},{\"@type\":\"WebSite\",\"@id\":\"https:\\\/\\\/centro-cee.com\\\/web\\\/#website\",\"url\":\"https:\\\/\\\/centro-cee.com\\\/web\\\/\",\"name\":\"Centro Europeo E-learning\",\"description\":\"CEE Formaci\u00f3n Online\",\"publisher\":{\"@id\":\"https:\\\/\\\/centro-cee.com\\\/web\\\/#organization\"},\"alternateName\":\"Centro Online de Formaci\u00f3n\",\"potentialAction\":[{\"@type\":\"SearchAction\",\"target\":{\"@type\":\"EntryPoint\",\"urlTemplate\":\"https:\\\/\\\/centro-cee.com\\\/web\\\/?s={search_term_string}\"},\"query-input\":{\"@type\":\"PropertyValueSpecification\",\"valueRequired\":true,\"valueName\":\"search_term_string\"}}],\"inLanguage\":\"es\"},{\"@type\":\"Organization\",\"@id\":\"https:\\\/\\\/centro-cee.com\\\/web\\\/#organization\",\"name\":\"Centro Europeo E-learning CEE\",\"url\":\"https:\\\/\\\/centro-cee.com\\\/web\\\/\",\"logo\":{\"@type\":\"ImageObject\",\"inLanguage\":\"es\",\"@id\":\"https:\\\/\\\/centro-cee.com\\\/web\\\/#\\\/schema\\\/logo\\\/image\\\/\",\"url\":\"https:\\\/\\\/centro-cee.com\\\/web\\\/wp-content\\\/uploads\\\/2022\\\/12\\\/cropped-logo_educa.png\",\"contentUrl\":\"https:\\\/\\\/centro-cee.com\\\/web\\\/wp-content\\\/uploads\\\/2022\\\/12\\\/cropped-logo_educa.png\",\"width\":157,\"height\":63,\"caption\":\"Centro Europeo E-learning CEE\"},\"image\":{\"@id\":\"https:\\\/\\\/centro-cee.com\\\/web\\\/#\\\/schema\\\/logo\\\/image\\\/\"},\"sameAs\":[\"https:\\\/\\\/www.instagram.com\\\/centroeuropeo_cee\"]}]}<\/script>\n<!-- \/ Yoast SEO plugin. -->","yoast_head_json":{"title":"Experto t\u00e9cnico certificador energ\u00e9tico para edificios","description":"Desarrolla tus habilidades y mejora tus conocimientos y preparate con nuestra formaci\u00f3n de Experto t\u00e9cnico certificador energ\u00e9tico para edificios","robots":{"index":"index","follow":"follow","max-snippet":"max-snippet:-1","max-image-preview":"max-image-preview:large","max-video-preview":"max-video-preview:-1"},"canonical":"https:\/\/centro-cee.com\/web\/producto\/experto-tecnico-certificador-energetico-para-edificios\/","og_locale":"es_ES","og_type":"article","og_title":"Experto t\u00e9cnico certificador energ\u00e9tico para edificios","og_description":"Desarrolla tus habilidades y mejora tus conocimientos y preparate con nuestra formaci\u00f3n de Experto t\u00e9cnico certificador energ\u00e9tico para edificios","og_url":"https:\/\/centro-cee.com\/web\/producto\/experto-tecnico-certificador-energetico-para-edificios\/","og_site_name":"CEE Centro Europeo E-learning - Cursos online","article_modified_time":"2024-12-09T11:58:54+00:00","og_image":[{"width":745,"height":499,"url":"https:\/\/centro-cee.com\/web\/wp-content\/uploads\/2024\/11\/Capt213wura.png","type":"image\/png"}],"twitter_card":"summary_large_image","twitter_misc":{"Tiempo de lectura":"6 minutos"},"schema":{"@context":"https:\/\/schema.org","@graph":[{"@type":"WebPage","@id":"https:\/\/centro-cee.com\/web\/producto\/experto-tecnico-certificador-energetico-para-edificios\/","url":"https:\/\/centro-cee.com\/web\/producto\/experto-tecnico-certificador-energetico-para-edificios\/","name":"Experto t\u00e9cnico certificador energ\u00e9tico para edificios","isPartOf":{"@id":"https:\/\/centro-cee.com\/web\/#website"},"primaryImageOfPage":{"@id":"https:\/\/centro-cee.com\/web\/producto\/experto-tecnico-certificador-energetico-para-edificios\/#primaryimage"},"image":{"@id":"https:\/\/centro-cee.com\/web\/producto\/experto-tecnico-certificador-energetico-para-edificios\/#primaryimage"},"thumbnailUrl":"https:\/\/centro-cee.com\/web\/wp-content\/uploads\/2024\/11\/Capt213wura.png","datePublished":"2024-11-14T13:35:01+00:00","dateModified":"2024-12-09T11:58:54+00:00","description":"Desarrolla tus habilidades y mejora tus conocimientos y preparate con nuestra formaci\u00f3n de Experto t\u00e9cnico certificador energ\u00e9tico para edificios","breadcrumb":{"@id":"https:\/\/centro-cee.com\/web\/producto\/experto-tecnico-certificador-energetico-para-edificios\/#breadcrumb"},"inLanguage":"es","potentialAction":[{"@type":"ReadAction","target":["https:\/\/centro-cee.com\/web\/producto\/experto-tecnico-certificador-energetico-para-edificios\/"]}]},{"@type":"ImageObject","inLanguage":"es","@id":"https:\/\/centro-cee.com\/web\/producto\/experto-tecnico-certificador-energetico-para-edificios\/#primaryimage","url":"https:\/\/centro-cee.com\/web\/wp-content\/uploads\/2024\/11\/Capt213wura.png","contentUrl":"https:\/\/centro-cee.com\/web\/wp-content\/uploads\/2024\/11\/Capt213wura.png","width":745,"height":499},{"@type":"BreadcrumbList","@id":"https:\/\/centro-cee.com\/web\/producto\/experto-tecnico-certificador-energetico-para-edificios\/#breadcrumb","itemListElement":[{"@type":"ListItem","position":1,"name":"Portada","item":"https:\/\/centro-cee.com\/web\/"},{"@type":"ListItem","position":2,"name":"Experto t\u00e9cnico certificador energ\u00e9tico para edificios"}]},{"@type":"WebSite","@id":"https:\/\/centro-cee.com\/web\/#website","url":"https:\/\/centro-cee.com\/web\/","name":"Centro Europeo E-learning","description":"CEE Formaci\u00f3n Online","publisher":{"@id":"https:\/\/centro-cee.com\/web\/#organization"},"alternateName":"Centro Online de Formaci\u00f3n","potentialAction":[{"@type":"SearchAction","target":{"@type":"EntryPoint","urlTemplate":"https:\/\/centro-cee.com\/web\/?s={search_term_string}"},"query-input":{"@type":"PropertyValueSpecification","valueRequired":true,"valueName":"search_term_string"}}],"inLanguage":"es"},{"@type":"Organization","@id":"https:\/\/centro-cee.com\/web\/#organization","name":"Centro Europeo E-learning CEE","url":"https:\/\/centro-cee.com\/web\/","logo":{"@type":"ImageObject","inLanguage":"es","@id":"https:\/\/centro-cee.com\/web\/#\/schema\/logo\/image\/","url":"https:\/\/centro-cee.com\/web\/wp-content\/uploads\/2022\/12\/cropped-logo_educa.png","contentUrl":"https:\/\/centro-cee.com\/web\/wp-content\/uploads\/2022\/12\/cropped-logo_educa.png","width":157,"height":63,"caption":"Centro Europeo E-learning CEE"},"image":{"@id":"https:\/\/centro-cee.com\/web\/#\/schema\/logo\/image\/"},"sameAs":["https:\/\/www.instagram.com\/centroeuropeo_cee"]}]}},"_links":{"self":[{"href":"https:\/\/centro-cee.com\/web\/wp-json\/wp\/v2\/product\/1767","targetHints":{"allow":["GET"]}}],"collection":[{"href":"https:\/\/centro-cee.com\/web\/wp-json\/wp\/v2\/product"}],"about":[{"href":"https:\/\/centro-cee.com\/web\/wp-json\/wp\/v2\/types\/product"}],"replies":[{"embeddable":true,"href":"https:\/\/centro-cee.com\/web\/wp-json\/wp\/v2\/comments?post=1767"}],"wp:featuredmedia":[{"embeddable":true,"href":"https:\/\/centro-cee.com\/web\/wp-json\/wp\/v2\/media\/1768"}],"wp:attachment":[{"href":"https:\/\/centro-cee.com\/web\/wp-json\/wp\/v2\/media?parent=1767"}],"wp:term":[{"taxonomy":"product_brand","embeddable":true,"href":"https:\/\/centro-cee.com\/web\/wp-json\/wp\/v2\/product_brand?post=1767"},{"taxonomy":"product_cat","embeddable":true,"href":"https:\/\/centro-cee.com\/web\/wp-json\/wp\/v2\/product_cat?post=1767"},{"taxonomy":"product_tag","embeddable":true,"href":"https:\/\/centro-cee.com\/web\/wp-json\/wp\/v2\/product_tag?post=1767"}],"curies":[{"name":"wp","href":"https:\/\/api.w.org\/{rel}","templated":true}]}}