{"id":1762,"date":"2024-11-14T13:21:37","date_gmt":"2024-11-14T13:21:37","guid":{"rendered":"https:\/\/centro-cee.com\/web\/?post_type=product&#038;p=1762"},"modified":"2026-03-13T17:00:31","modified_gmt":"2026-03-13T17:00:31","slug":"direccion-y-gestion-de-proyectos-tecnicas-de-coaching","status":"publish","type":"product","link":"https:\/\/centro-cee.com\/web\/producto\/direccion-y-gestion-de-proyectos-tecnicas-de-coaching\/","title":{"rendered":"Direcci\u00f3n y gesti\u00f3n de proyectos + t\u00e9cnicas de coaching"},"content":{"rendered":"<p><a href=\"https:\/\/centro-cee.com\/web\/formaciones\/\">Atr\u00e1s<\/a><\/p>\n<p><em><strong>Direcci\u00f3n y gesti\u00f3n de proyectos + t\u00e9cnicas de coaching<\/strong><\/em><\/p>\n<p>Toda esta informaci\u00f3n se realiza 100% online en nuestro campus online de formaci\u00f3n.<\/p>\n<p>Las tutor\u00edas se realizan directamente desde el campus de estudio con la opci\u00f3n de mensajer\u00eda a profesores. Las tutorias son \u201ca demanda\u201d, cuando necesites soporte nos lo pides.<\/p>\n<p>Los t\u00edtulos de Centro CEE est\u00e1n autenticados por la firma de notario que valida contenidos y autenticidad a nivel internacional. Nuestra organizaci\u00f3n pertenece a la Asociaci\u00f3n Espa\u00f1ola de Calidad, organizaci\u00f3n Espa\u00f1ola de referencia para la calidad\u00a0en la formaci\u00f3n de auxiliar de enfermer\u00eda. La certificaci\u00f3n se puede apostillar por la Haya para cualquier pa\u00eds firmante del convenio de la Haya.<\/p>\n<p>Se puede pagar a plazos.<\/p>\n<p>Carga horaria de la formaci\u00f3n: 400h<\/p>\n<p>&nbsp;<\/p>\n<h2>Temario<\/h2>\n<hr \/>\n<p>GESTI\u00d3N DE PROYECTOS<\/p>\n<p>1. CONCEPTOS B\u00c1SICOS<br \/>\n1.1. Gesti\u00f3n de proyectos.<br \/>\n1.2. Concepto de proyecto.<br \/>\n1.3. Caracter\u00edsticas de los proyectos.<br \/>\n1.4. Naturaleza especial de los proyectos.<br \/>\n1.5. \u2026<\/p>\n<p>2. FASES EN LA ELABORACI\u00d3N DE UN PROYECTO<br \/>\n2.1. Fases en la elaboraci\u00f3n de un proyecto.<br \/>\n2.2. Presentaci\u00f3n de la oferta.<br \/>\n2.3. Estudios de viabilidad.<br \/>\n2.4. \u2026<\/p>\n<p>3. T\u00c9CNICAS DE PLANIFICACI\u00d3N<br \/>\n3.1. Introducci\u00f3n.<br \/>\n3.2. Gr\u00e1fico de Gantt.<br \/>\n3.3. PERT\/CPM.<br \/>\n3.4. ..<\/p>\n<p>4. CONTROL Y GESTI\u00d3N<br \/>\n4.1. Control de calidad, plazos y costes.<br \/>\n4.2. Gesti\u00f3n de costes.<br \/>\n4.3. Gesti\u00f3n de calidad.<\/p>\n<p>5. DOCUMENTACI\u00d3N Y APOYO INFORM\u00c1TICO<br \/>\n5.1. Objetivos.<br \/>\n5.2. Requisitos.<br \/>\n5.3. Control de la documentaci\u00f3n.<br \/>\n5.4. \u2026<\/p>\n<p>GESTI\u00d3N DEL CAMBIO<\/p>\n<p>1. \u00bfQU\u00c9 ES EL CAMBIO?<br \/>\n    1.1. Introducci\u00f3n<br \/>\n    1.2. Tipos de cambio<br \/>\n    1.3. \u2026<\/p>\n<p>2. MODELOS Y DIN\u00c1MICA DEL CAMBIO<br \/>\n    2.1. Introducci\u00f3n<br \/>\n    2.2. Modelo de Lewin<br \/>\n    2.3. ..<\/p>\n<p>3. RESISTENCIA AL CAMBIO<br \/>\n    3.1. Introducci\u00f3n<br \/>\n    3.2. Resistencia individual<br \/>\n    3.3. Resistencia organizacional<br \/>\n    3.4..<\/p>\n<p>4. PLANIFICACI\u00d3N DEL CAMBIO<br \/>\n    4.1. Introducci\u00f3n<br \/>\n    4.2. Roles<br \/>\n    4.3. Condicionantes<br \/>\n    4.4. Proceso del cambio planificado<\/p>\n<p>GESTI\u00d3N DEL CONOCIMIENTO<\/p>\n<p>       1. IMPORTANCIA DE LA GESTI\u00d3N DEL CONOCIMIENTO<\/p>\n<p>       2. DE LOS DATOS AL CONOCIMIENTO<br \/>\n    2.1. Datos<br \/>\n    2.2. Capta<br \/>\n    2.3. ..<\/p>\n<p>       3. GESTI\u00d3N DEL CONOCIMIENTO EN LA EMPRESA<br \/>\n    3.1. Modelos de Gesti\u00f3n del Conocimiento<br \/>\n    3.2. Ciclo de Gesti\u00f3n del Conocimiento<\/p>\n<p>4. LAS PERSONAS Y LA VENTAJA COMPETITIVA EN LA GESTI\u00d3N DEL CONOCIMIENTO<br \/>\n    4.1. Las personas en la Gesti\u00f3n del Conocimiento<br \/>\n    4.2. La ventaja competitiva<\/p>\n<p>5. HERRAMIENTAS<br \/>\n    5.1. Intranet<br \/>\n    5.2. Portales de empleados: ERM<br \/>\n    5.3. De planificaci\u00f3n de recursos empresariales: ERP<br \/>\n    5.4. Redes virtuales privadas: VPN<br \/>\n    5.5. Gesti\u00f3n de relaciones con los clientes: CRM<br \/>\n    5.6\u2026.<\/p>\n<p>       6. BARRERAS A LA GESTI\u00d3N DEL CONOCIMIENTO<\/p>\n<p>7. BENEFICIOS DE LA GESTI\u00d3N DEL CONOCIMIENTO<\/p>\n<p>MOTIVACI\u00d3N LABORAL<\/p>\n<p>1. CONCEPTOS B\u00c1SICOS<br \/>\n1.1. \u00bfQu\u00e9 es la motivaci\u00f3n?<br \/>\n1.2. Motivaci\u00f3n y satisfacci\u00f3n<\/p>\n<p>2. TEOR\u00cdAS Y MODELOS<br \/>\n2.1. Conexionismo y Taylorismo<br \/>\n2.2. Escuela de las relaciones humanas<br \/>\n2.3. Teor\u00eda ERC de Alderfer<br \/>\n2.4. Teor\u00eda de motivaci\u00f3n e higiene de Herzberg<br \/>\n2.5. \u2026<\/p>\n<p>3. T\u00c9CNICAS DE MOTIVACI\u00d3N LABORAL<br \/>\n3.1. Motivaci\u00f3n laboral<br \/>\n3.2. T\u00e9cnicas de enriquecimiento del trabajo<br \/>\n3.3. Programas de calidad de vida laboral<br \/>\n3.4. \u2026<\/p>\n<p>4. OTROS FACTORES<br \/>\n4.1. Motivaci\u00f3n y retribuci\u00f3n<br \/>\n4.2. Intra-emprendedores<br \/>\n4.3. Liderazgo<\/p>\n<p>COACHING Y MENTORING<\/p>\n<p>1. INTRODUCCI\u00d3N<br \/>\n1.1. Origen del coaching<br \/>\n1.2. Coaching ejecutivo<br \/>\n1.3. Definici\u00f3n de los conceptos de Coaching y Mentoring<br \/>\n1.4. Diferencias entre coaching y mentoring y con otros conceptos relacionados<br \/>\n1.4.1. Diferencias entre coaching y mentoring<br \/>\n1.4.2. Coach o entrenador<br \/>\n1.4.3. \u2026<br \/>\n1.5. Ventajas del Coaching y el Mentoring frente a otro tipo de entrenamiento<\/p>\n<p>2. EL PROCESO DE COACHING<br \/>\n2.1. Por qu\u00e9 iniciar un proceso de coaching<br \/>\n2.2. El proceso de coaching. Sesiones b\u00e1sicas<br \/>\n2.2.1. Contrato entre dos partes<br \/>\n2.2.2. Elecci\u00f3n de los directivos<br \/>\n2.2.3. ..<\/p>\n<p>3. TIPOS DE COACHING<br \/>\n3.1. Clasificaciones<br \/>\n3.1.1. Seg\u00fan su \u00e1mbito de aplicaci\u00f3n<br \/>\n3.1.2. ..<br \/>\n3.2. El e-coaching<br \/>\n3.2.1. Caracter\u00edsticas<br \/>\n3.2.2. Ventajas<br \/>\n3.2.3. \u2026<\/p>\n<p>4. COMPETENCIAS DEL COACH<br \/>\n4.1. El coach y la empat\u00eda<br \/>\n4.2. Competencias b\u00e1sicas del Coach<br \/>\n4.2.1. Establecer confianza e intimidad con el cliente<br \/>\n4.2.2. Presencia del coaching<br \/>\n4.2.3. Escucha activa<br \/>\n4.2.4. Preguntas poderosas<br \/>\n4.2.5. Comunicaci\u00f3n directa<br \/>\n4.2.6. Crear conciencia<br \/>\n4.3. \u2026.<\/p>\n<p>5. HERRAMIENTAS E INSTRUMENTOS<br \/>\n5.1. Herramientas<br \/>\n5.1.1. Introducci\u00f3n<br \/>\n5.1.2. Evaluar necesidades<br \/>\n5.1.3. Conocer al coachee<br \/>\n5.1.4. Aumentar la autoconciencia<br \/>\n5.1.5. ..<br \/>\n5.2. Las preguntas<br \/>\n5.3. Pruebas de conocimiento o de capacidad<br \/>\n5.4. Test psicom\u00e9tricos<br \/>\n5.5. ..<\/p>\n<p>6. ACREDITACI\u00d3N DEL COACH<br \/>\n6.1.  Introducci\u00f3n<br \/>\n6.2. C\u00f3mo se acredita un Coach<br \/>\n6.3. Competencias b\u00e1sicas para obtener la acreditaci\u00f3n de la ICF<br \/>\n6.4. \u00c9tica profesional y c\u00f3digo deontol\u00f3gico<br \/>\n6.4.1. \u2026<\/p>\n<p>7. ORIENTACI\u00d3N PROFESIONAL O MENTORING<br \/>\n7.1. Definici\u00f3n de mentoring<br \/>\n7.2. Tipos de mentoring<br \/>\n7.3. El proceso de mentoring<br \/>\n7.4. El mentee<br \/>\n7.5. El mentor                                                            <\/p>\n<p><em><strong>Direcci\u00f3n y gesti\u00f3n de proyectos + t\u00e9cnicas de coaching<\/strong><\/em><\/p>\n<hr \/>\n","protected":false},"excerpt":{"rendered":"<p><a href=\"https:\/\/centro-cee.com\/web\/formaciones\/\">Atr\u00e1s<\/a><\/p>\n<p>Hoy en d\u00eda las empresas necesitan personal capacitado en planificaci\u00f3n de cambios, gesti\u00f3n de conocimientos de la entidad \u201cknow how\u201d, gestionar la motivaci\u00f3n laboral que acompa\u00f1e a los trabajadores, entre otras estrategias que garantizan el avance de una compa\u00f1\u00eda. Es por esto que CEE Centro Europeo E-learning oferta el M\u00e1ster en Direcci\u00f3n y Gesti\u00f3n de Proyectos+T\u00e9cnicas de Coaching.<\/p>\n<p>A partir de este m\u00e1ster aprender\u00e1s sobre gesti\u00f3n de proyectos, fases de elaboraci\u00f3n de un proyecto, t\u00e9cnicas de planificaci\u00f3n, planificaci\u00f3n del cambio, gesti\u00f3n del conocimiento, motivaci\u00f3n laboral, coaching y mentoring, tipos de coaching, competencias del coach y m\u00e1s t\u00e9cnicas y herramientas que facilitar\u00e1n tu desempe\u00f1o laboral en este \u00e1mbito. <\/p>\n","protected":false},"featured_media":1763,"comment_status":"closed","ping_status":"closed","template":"","meta":[],"product_brand":[],"product_cat":[2050,2048,17],"product_tag":[1642,1641,1638,1645,703,1639,1644,1640,1643,426],"class_list":{"0":"post-1762","1":"product","2":"type-product","3":"status-publish","4":"has-post-thumbnail","6":"product_cat-cursos-online-empresa","7":"product_cat-cursos-online-psicologia","8":"product_cat-master","9":"product_tag-coaching-para-directores-de-proyectos","10":"product_tag-curso-de-project-management","11":"product_tag-direccion-de-proyectos","12":"product_tag-direccion-estrategica-y-coaching","13":"product_tag-formacion-en-gestion-de-proyectos","14":"product_tag-gestion-de-proyectos","15":"product_tag-habilidades-de-coaching","16":"product_tag-liderazgo-de-equipos","17":"product_tag-planificacion-de-proyectos","18":"product_tag-tecnicas-de-coaching","20":"first","21":"instock","22":"sale","23":"shipping-taxable","24":"purchasable","25":"product-type-simple"},"yoast_head":"<!-- This site is optimized with the Yoast SEO plugin v27.5 - https:\/\/yoast.com\/product\/yoast-seo-wordpress\/ -->\n<title>Direcci\u00f3n y gesti\u00f3n de proyectos + t\u00e9cnicas de coaching<\/title>\n<meta name=\"description\" content=\"Desarrolla tus habilidades y mejora tus conocimientos y preparate con nuestra formaci\u00f3n de Direcci\u00f3n y gesti\u00f3n de proyectos + t\u00e9cnicas de coaching\" \/>\n<meta name=\"robots\" content=\"index, follow, max-snippet:-1, max-image-preview:large, max-video-preview:-1\" \/>\n<link rel=\"canonical\" href=\"https:\/\/centro-cee.com\/web\/producto\/direccion-y-gestion-de-proyectos-tecnicas-de-coaching\/\" \/>\n<meta property=\"og:locale\" content=\"es_ES\" \/>\n<meta property=\"og:type\" content=\"article\" \/>\n<meta property=\"og:title\" content=\"Direcci\u00f3n y gesti\u00f3n de proyectos + t\u00e9cnicas de coaching\" \/>\n<meta property=\"og:description\" content=\"Desarrolla tus habilidades y mejora tus conocimientos y preparate con nuestra formaci\u00f3n de Direcci\u00f3n y gesti\u00f3n de proyectos + t\u00e9cnicas de coaching\" \/>\n<meta property=\"og:url\" content=\"https:\/\/centro-cee.com\/web\/producto\/direccion-y-gestion-de-proyectos-tecnicas-de-coaching\/\" \/>\n<meta property=\"og:site_name\" content=\"CEE Centro Europeo E-learning - Cursos online\" \/>\n<meta property=\"article:modified_time\" content=\"2026-03-13T17:00:31+00:00\" \/>\n<meta property=\"og:image\" content=\"https:\/\/centro-cee.com\/web\/wp-content\/uploads\/2024\/11\/Capt62ura.png\" \/>\n\t<meta property=\"og:image:width\" content=\"501\" \/>\n\t<meta property=\"og:image:height\" content=\"450\" \/>\n\t<meta property=\"og:image:type\" content=\"image\/png\" \/>\n<meta name=\"twitter:card\" content=\"summary_large_image\" \/>\n<meta name=\"twitter:label1\" content=\"Tiempo de lectura\" \/>\n\t<meta name=\"twitter:data1\" content=\"6 minutos\" \/>\n<script type=\"application\/ld+json\" class=\"yoast-schema-graph\">{\"@context\":\"https:\\\/\\\/schema.org\",\"@graph\":[{\"@type\":\"WebPage\",\"@id\":\"https:\\\/\\\/centro-cee.com\\\/web\\\/producto\\\/direccion-y-gestion-de-proyectos-tecnicas-de-coaching\\\/\",\"url\":\"https:\\\/\\\/centro-cee.com\\\/web\\\/producto\\\/direccion-y-gestion-de-proyectos-tecnicas-de-coaching\\\/\",\"name\":\"Direcci\u00f3n y gesti\u00f3n de proyectos + t\u00e9cnicas de coaching\",\"isPartOf\":{\"@id\":\"https:\\\/\\\/centro-cee.com\\\/web\\\/#website\"},\"primaryImageOfPage\":{\"@id\":\"https:\\\/\\\/centro-cee.com\\\/web\\\/producto\\\/direccion-y-gestion-de-proyectos-tecnicas-de-coaching\\\/#primaryimage\"},\"image\":{\"@id\":\"https:\\\/\\\/centro-cee.com\\\/web\\\/producto\\\/direccion-y-gestion-de-proyectos-tecnicas-de-coaching\\\/#primaryimage\"},\"thumbnailUrl\":\"https:\\\/\\\/centro-cee.com\\\/web\\\/wp-content\\\/uploads\\\/2024\\\/11\\\/Capt62ura.png\",\"datePublished\":\"2024-11-14T13:21:37+00:00\",\"dateModified\":\"2026-03-13T17:00:31+00:00\",\"description\":\"Desarrolla tus habilidades y mejora tus conocimientos y preparate con nuestra formaci\u00f3n de Direcci\u00f3n y gesti\u00f3n de proyectos + t\u00e9cnicas de coaching\",\"breadcrumb\":{\"@id\":\"https:\\\/\\\/centro-cee.com\\\/web\\\/producto\\\/direccion-y-gestion-de-proyectos-tecnicas-de-coaching\\\/#breadcrumb\"},\"inLanguage\":\"es\",\"potentialAction\":[{\"@type\":\"ReadAction\",\"target\":[\"https:\\\/\\\/centro-cee.com\\\/web\\\/producto\\\/direccion-y-gestion-de-proyectos-tecnicas-de-coaching\\\/\"]}]},{\"@type\":\"ImageObject\",\"inLanguage\":\"es\",\"@id\":\"https:\\\/\\\/centro-cee.com\\\/web\\\/producto\\\/direccion-y-gestion-de-proyectos-tecnicas-de-coaching\\\/#primaryimage\",\"url\":\"https:\\\/\\\/centro-cee.com\\\/web\\\/wp-content\\\/uploads\\\/2024\\\/11\\\/Capt62ura.png\",\"contentUrl\":\"https:\\\/\\\/centro-cee.com\\\/web\\\/wp-content\\\/uploads\\\/2024\\\/11\\\/Capt62ura.png\",\"width\":501,\"height\":450},{\"@type\":\"BreadcrumbList\",\"@id\":\"https:\\\/\\\/centro-cee.com\\\/web\\\/producto\\\/direccion-y-gestion-de-proyectos-tecnicas-de-coaching\\\/#breadcrumb\",\"itemListElement\":[{\"@type\":\"ListItem\",\"position\":1,\"name\":\"Portada\",\"item\":\"https:\\\/\\\/centro-cee.com\\\/web\\\/\"},{\"@type\":\"ListItem\",\"position\":2,\"name\":\"Direcci\u00f3n y gesti\u00f3n de proyectos + t\u00e9cnicas de coaching\"}]},{\"@type\":\"WebSite\",\"@id\":\"https:\\\/\\\/centro-cee.com\\\/web\\\/#website\",\"url\":\"https:\\\/\\\/centro-cee.com\\\/web\\\/\",\"name\":\"Centro Europeo E-learning\",\"description\":\"CEE Formaci\u00f3n Online\",\"publisher\":{\"@id\":\"https:\\\/\\\/centro-cee.com\\\/web\\\/#organization\"},\"alternateName\":\"Centro Online de Formaci\u00f3n\",\"potentialAction\":[{\"@type\":\"SearchAction\",\"target\":{\"@type\":\"EntryPoint\",\"urlTemplate\":\"https:\\\/\\\/centro-cee.com\\\/web\\\/?s={search_term_string}\"},\"query-input\":{\"@type\":\"PropertyValueSpecification\",\"valueRequired\":true,\"valueName\":\"search_term_string\"}}],\"inLanguage\":\"es\"},{\"@type\":\"Organization\",\"@id\":\"https:\\\/\\\/centro-cee.com\\\/web\\\/#organization\",\"name\":\"Centro Europeo E-learning CEE\",\"url\":\"https:\\\/\\\/centro-cee.com\\\/web\\\/\",\"logo\":{\"@type\":\"ImageObject\",\"inLanguage\":\"es\",\"@id\":\"https:\\\/\\\/centro-cee.com\\\/web\\\/#\\\/schema\\\/logo\\\/image\\\/\",\"url\":\"https:\\\/\\\/centro-cee.com\\\/web\\\/wp-content\\\/uploads\\\/2022\\\/12\\\/cropped-logo_educa.png\",\"contentUrl\":\"https:\\\/\\\/centro-cee.com\\\/web\\\/wp-content\\\/uploads\\\/2022\\\/12\\\/cropped-logo_educa.png\",\"width\":157,\"height\":63,\"caption\":\"Centro Europeo E-learning CEE\"},\"image\":{\"@id\":\"https:\\\/\\\/centro-cee.com\\\/web\\\/#\\\/schema\\\/logo\\\/image\\\/\"},\"sameAs\":[\"https:\\\/\\\/www.instagram.com\\\/centroeuropeo_cee\"]}]}<\/script>\n<!-- \/ Yoast SEO plugin. -->","yoast_head_json":{"title":"Direcci\u00f3n y gesti\u00f3n de proyectos + t\u00e9cnicas de coaching","description":"Desarrolla tus habilidades y mejora tus conocimientos y preparate con nuestra formaci\u00f3n de Direcci\u00f3n y gesti\u00f3n de proyectos + t\u00e9cnicas de coaching","robots":{"index":"index","follow":"follow","max-snippet":"max-snippet:-1","max-image-preview":"max-image-preview:large","max-video-preview":"max-video-preview:-1"},"canonical":"https:\/\/centro-cee.com\/web\/producto\/direccion-y-gestion-de-proyectos-tecnicas-de-coaching\/","og_locale":"es_ES","og_type":"article","og_title":"Direcci\u00f3n y gesti\u00f3n de proyectos + t\u00e9cnicas de coaching","og_description":"Desarrolla tus habilidades y mejora tus conocimientos y preparate con nuestra formaci\u00f3n de Direcci\u00f3n y gesti\u00f3n de proyectos + t\u00e9cnicas de coaching","og_url":"https:\/\/centro-cee.com\/web\/producto\/direccion-y-gestion-de-proyectos-tecnicas-de-coaching\/","og_site_name":"CEE Centro Europeo E-learning - Cursos online","article_modified_time":"2026-03-13T17:00:31+00:00","og_image":[{"width":501,"height":450,"url":"https:\/\/centro-cee.com\/web\/wp-content\/uploads\/2024\/11\/Capt62ura.png","type":"image\/png"}],"twitter_card":"summary_large_image","twitter_misc":{"Tiempo de lectura":"6 minutos"},"schema":{"@context":"https:\/\/schema.org","@graph":[{"@type":"WebPage","@id":"https:\/\/centro-cee.com\/web\/producto\/direccion-y-gestion-de-proyectos-tecnicas-de-coaching\/","url":"https:\/\/centro-cee.com\/web\/producto\/direccion-y-gestion-de-proyectos-tecnicas-de-coaching\/","name":"Direcci\u00f3n y gesti\u00f3n de proyectos + t\u00e9cnicas de coaching","isPartOf":{"@id":"https:\/\/centro-cee.com\/web\/#website"},"primaryImageOfPage":{"@id":"https:\/\/centro-cee.com\/web\/producto\/direccion-y-gestion-de-proyectos-tecnicas-de-coaching\/#primaryimage"},"image":{"@id":"https:\/\/centro-cee.com\/web\/producto\/direccion-y-gestion-de-proyectos-tecnicas-de-coaching\/#primaryimage"},"thumbnailUrl":"https:\/\/centro-cee.com\/web\/wp-content\/uploads\/2024\/11\/Capt62ura.png","datePublished":"2024-11-14T13:21:37+00:00","dateModified":"2026-03-13T17:00:31+00:00","description":"Desarrolla tus habilidades y mejora tus conocimientos y preparate con nuestra formaci\u00f3n de Direcci\u00f3n y gesti\u00f3n de proyectos + t\u00e9cnicas de coaching","breadcrumb":{"@id":"https:\/\/centro-cee.com\/web\/producto\/direccion-y-gestion-de-proyectos-tecnicas-de-coaching\/#breadcrumb"},"inLanguage":"es","potentialAction":[{"@type":"ReadAction","target":["https:\/\/centro-cee.com\/web\/producto\/direccion-y-gestion-de-proyectos-tecnicas-de-coaching\/"]}]},{"@type":"ImageObject","inLanguage":"es","@id":"https:\/\/centro-cee.com\/web\/producto\/direccion-y-gestion-de-proyectos-tecnicas-de-coaching\/#primaryimage","url":"https:\/\/centro-cee.com\/web\/wp-content\/uploads\/2024\/11\/Capt62ura.png","contentUrl":"https:\/\/centro-cee.com\/web\/wp-content\/uploads\/2024\/11\/Capt62ura.png","width":501,"height":450},{"@type":"BreadcrumbList","@id":"https:\/\/centro-cee.com\/web\/producto\/direccion-y-gestion-de-proyectos-tecnicas-de-coaching\/#breadcrumb","itemListElement":[{"@type":"ListItem","position":1,"name":"Portada","item":"https:\/\/centro-cee.com\/web\/"},{"@type":"ListItem","position":2,"name":"Direcci\u00f3n y gesti\u00f3n de proyectos + t\u00e9cnicas de coaching"}]},{"@type":"WebSite","@id":"https:\/\/centro-cee.com\/web\/#website","url":"https:\/\/centro-cee.com\/web\/","name":"Centro Europeo E-learning","description":"CEE Formaci\u00f3n Online","publisher":{"@id":"https:\/\/centro-cee.com\/web\/#organization"},"alternateName":"Centro Online de Formaci\u00f3n","potentialAction":[{"@type":"SearchAction","target":{"@type":"EntryPoint","urlTemplate":"https:\/\/centro-cee.com\/web\/?s={search_term_string}"},"query-input":{"@type":"PropertyValueSpecification","valueRequired":true,"valueName":"search_term_string"}}],"inLanguage":"es"},{"@type":"Organization","@id":"https:\/\/centro-cee.com\/web\/#organization","name":"Centro Europeo E-learning CEE","url":"https:\/\/centro-cee.com\/web\/","logo":{"@type":"ImageObject","inLanguage":"es","@id":"https:\/\/centro-cee.com\/web\/#\/schema\/logo\/image\/","url":"https:\/\/centro-cee.com\/web\/wp-content\/uploads\/2022\/12\/cropped-logo_educa.png","contentUrl":"https:\/\/centro-cee.com\/web\/wp-content\/uploads\/2022\/12\/cropped-logo_educa.png","width":157,"height":63,"caption":"Centro Europeo E-learning CEE"},"image":{"@id":"https:\/\/centro-cee.com\/web\/#\/schema\/logo\/image\/"},"sameAs":["https:\/\/www.instagram.com\/centroeuropeo_cee"]}]}},"_links":{"self":[{"href":"https:\/\/centro-cee.com\/web\/wp-json\/wp\/v2\/product\/1762","targetHints":{"allow":["GET"]}}],"collection":[{"href":"https:\/\/centro-cee.com\/web\/wp-json\/wp\/v2\/product"}],"about":[{"href":"https:\/\/centro-cee.com\/web\/wp-json\/wp\/v2\/types\/product"}],"replies":[{"embeddable":true,"href":"https:\/\/centro-cee.com\/web\/wp-json\/wp\/v2\/comments?post=1762"}],"wp:featuredmedia":[{"embeddable":true,"href":"https:\/\/centro-cee.com\/web\/wp-json\/wp\/v2\/media\/1763"}],"wp:attachment":[{"href":"https:\/\/centro-cee.com\/web\/wp-json\/wp\/v2\/media?parent=1762"}],"wp:term":[{"taxonomy":"product_brand","embeddable":true,"href":"https:\/\/centro-cee.com\/web\/wp-json\/wp\/v2\/product_brand?post=1762"},{"taxonomy":"product_cat","embeddable":true,"href":"https:\/\/centro-cee.com\/web\/wp-json\/wp\/v2\/product_cat?post=1762"},{"taxonomy":"product_tag","embeddable":true,"href":"https:\/\/centro-cee.com\/web\/wp-json\/wp\/v2\/product_tag?post=1762"}],"curies":[{"name":"wp","href":"https:\/\/api.w.org\/{rel}","templated":true}]}}