{"id":1702,"date":"2024-09-10T10:54:36","date_gmt":"2024-09-10T10:54:36","guid":{"rendered":"https:\/\/centro-cee.com\/web\/?post_type=product&#038;p=1702"},"modified":"2026-03-13T17:02:04","modified_gmt":"2026-03-13T17:02:04","slug":"especialista-en-estimulacion-en-pacientes-de-alzheimer","status":"publish","type":"product","link":"https:\/\/centro-cee.com\/web\/producto\/especialista-en-estimulacion-en-pacientes-de-alzheimer\/","title":{"rendered":"Especialista en estimulaci\u00f3n en pacientes de alzheimer"},"content":{"rendered":"<p><a href=\"https:\/\/centro-cee.com\/web\/formaciones\/\">Atr\u00e1s<\/a><\/p>\n<p><em><strong>Especialista en estimulaci\u00f3n en pacientes de alzheimer<\/strong><\/em><\/p>\n<p>Toda esta informaci\u00f3n se realiza 100% online en nuestro campus online de formaci\u00f3n.<\/p>\n<p>Las tutor\u00edas se realizan directamente desde el campus de estudio con la opci\u00f3n de mensajer\u00eda a profesores. Las tutorias son \u201ca demanda\u201d, cuando necesites soporte nos lo pides.<\/p>\n<p>Los t\u00edtulos de Centro CEE est\u00e1n autenticados por la firma de notario que valida contenidos y autenticidad a nivel internacional. Nuestra organizaci\u00f3n pertenece a la Asociaci\u00f3n Espa\u00f1ola de Calidad, organizaci\u00f3n Espa\u00f1ola de referencia para la calidad\u00a0en la formaci\u00f3n de auxiliar de enfermer\u00eda. La certificaci\u00f3n se puede apostillar por la Haya para cualquier pa\u00eds firmante del convenio de la Haya.<\/p>\n<p>Se puede pagar a plazos.<\/p>\n<p>Carga horaria de la formaci\u00f3n: 320h<\/p>\n<p>&nbsp;<\/p>\n<h2>Temario<\/h2>\n<hr \/>\n<p>1. INTRODUCCI\u00d3N A LAS FUNCIONES COGNITIVAS<br \/>\n1. El cerebro. Anatom\u00eda<br \/>\n2. El desarrollo cognitivo<br \/>\n3. &#8211; Etapa sensoriomotora<br \/>\n4. &#8211; Etapa preoperacional<br \/>\n5. &#8211; Etapa de las operaciones concretas<br \/>\n6. &#8211; Etapa de las operaciones formales<br \/>\n7. La cognici\u00f3n humana. Las funciones cognitivas<br \/>\n8. &#8211; Perceptivas<br \/>\n9. &#8211; Atenci\u00f3n<br \/>\n10. &#8211; Memoria<br \/>\n11. &#8211; Lenguaje<br \/>\n12. &#8211; Razonamiento<br \/>\n13..<\/p>\n<p>2. ESTIMULACI\u00d3N COGNITIVA EN PACIENTES DE EA<br \/>\n1. Valoraci\u00f3n mental o cognitiva<br \/>\n2. &#8211; T\u00e9cnicas e instrumentos de evaluaci\u00f3n de las funciones cognitivas<br \/>\n3. Afectaci\u00f3n de las funciones cognitivas en la EA<br \/>\n4. &#8211; Fase inicial<br \/>\n5. &#8211; Fase Moderada<br \/>\n6. &#8211; Fase Severa<br \/>\n7. La estimulaci\u00f3n cognitiva<br \/>\n8. Programas de estimulaci\u00f3n cognitiva<br \/>\n9. &#8211; Terapia de orientaci\u00f3n a la realidad (T.O.R.)<br \/>\n&#8230;<\/p>\n<p>3. ESTIMULACI\u00d3N COGNITIVA DE LAS CAPACIDADES PERCEPTIVAS PARA ENFERMOS DE ALZHEIMER<br \/>\n1. La percepci\u00f3n<br \/>\n2. &#8211; Teor\u00edas de la percepci\u00f3n indirecta<br \/>\n3. &#8211; Teor\u00edas de la percepci\u00f3n directa<br \/>\n4. &#8211; Una f\u00f3rmula com\u00fan en la definici\u00f3n de la percepci\u00f3n<br \/>\n5. El an\u00e1lisis del concepto perceptual<br \/>\n6. &#8211; El input o est\u00edmulo perceptual<br \/>\n&#8230;<\/p>\n<p>4. ESTIMULACI\u00d3N COGNITIVA DE LAS CAPACIDADES ATENCIONALES EN ENFERMOS DE ALZHEIMER<br \/>\n1. La atenci\u00f3n<br \/>\n2. &#8211; El concepto de atenci\u00f3n<br \/>\n3. &#8211; Tipos de atenci\u00f3n<br \/>\n4. Problemas atencionales en la EA<br \/>\n5. Estimulaci\u00f3n de la atenci\u00f3n en paciente con EA<br \/>\n&#8230;<\/p>\n<p>5. ESTIMULACI\u00d3N COGNITIVA EN MEMORIA PARA ENFERMOS DE ALZHEIMER<br \/>\n1. La memoria<br \/>\n2. &#8211; Tipos de memoria<br \/>\n3. Afectaci\u00f3n de la memoria en la EA<br \/>\n4. Estimulaci\u00f3n de la memoria en pacientes con EA<br \/>\n&#8230;<\/p>\n<p>6. ESTIMULACI\u00d3N COGNITIVA DEL LENGUAJE PARA ENFERMOS DE ALZHEIMER<br \/>\n1. \u00c1reas cerebrales del lenguaje<br \/>\n2. &#8211; \u00c1rea de Wernicke<br \/>\n3. &#8211; \u00c1rea de Broca<br \/>\n4. &#8211; Fasc\u00edculo arqueado<br \/>\n5. Afectaci\u00f3n del lenguaje en la EA<br \/>\n6. &#8211; Contenidos de la evaluaci\u00f3n del lenguaje<br \/>\n&#8230;<\/p>\n<p>7. ESTIMULACI\u00d3N COGNITIVA DE LAS PRAXIAS PARA ENFERMOS DE ALZHEIMER<br \/>\n1. Funciones motoras. Praxias<br \/>\n2. Problemas motores en pacientes con EA<br \/>\n3&#8230;.<\/p>\n<p>ESTIMULACI\u00d3N COGNITIVA DE LA ORIENTACI\u00d3N ESPACIO TEMPORAL EN ENFERMOS DE ALZHEIMER<br \/>\n1. Orientaci\u00f3n espacial, temporal y personal<br \/>\n2. Afectaci\u00f3n de la orientaci\u00f3n en pacientes con E<br \/>\n3. Estimulaci\u00f3n y mejora de la orientaci\u00f3n espacio temporal en pacientes con EA<br \/>\n4. &#8211; Ejercicios de estimulaci\u00f3n y mejora de la orientaci\u00f3n<\/p>\n<p>ESTIMULACI\u00d3N COGNITIVA DE LAS FUNCIONES EJECUTIVAS Y RAZONAMIENTO EN ENFERMOS DE ALZHEIMER<br \/>\n1. Funciones ejecutivas<br \/>\n2. El razonamiento<br \/>\n3. Afectaci\u00f3n de las funciones ejecutivas en la EA<br \/>\n4. Estimulaci\u00f3n de las funciones ejecutivas en pacientes con EA<br \/>\n&#8230;<\/p>\n<p>ESTIMULACI\u00d3N DE LAS ACTIVIDADES DE LA VIDA DIARIA PARA ENFERMOS DE ALZHEIMER<br \/>\n1. Actividades instrumentales y de la vida diaria<br \/>\n2. Afectaci\u00f3n de las actividades instrumentales y de la vida diaria en la EA<br \/>\n3. &#8211; Escalas de valoraci\u00f3n<br \/>\n4. Trabajo y estimulaci\u00f3n de las actividades de la vida diaria e instrumentales en pacientes con EA<br \/>\n5. &#8230;<\/p>\n<p>GESTI\u00d3N DE ESTR\u00c9S<br \/>\n1. EL ESTR\u00c9S Y SUS CARACTER\u00cdSTICAS<br \/>\n1.1. Introducci\u00f3n<br \/>\n1.2. Definiciones<br \/>\n1.3. Tipos de estr\u00e9s<br \/>\n1.4. \u2026<\/p>\n<p>2. EL ESTR\u00c9S LABORAL<br \/>\n2.1. Factores psicosociales<br \/>\n2.2. Diferencia entre presi\u00f3n de trabajo y estr\u00e9s<br \/>\n2.3. S\u00edntomas del estr\u00e9s laboral<br \/>\n2.4. \u2026<\/p>\n<p>3. T\u00c9CNICAS PERSONALES DE CONTROL DE ESTR\u00c9S<br \/>\n3.1. T\u00e9cnicas de respiraci\u00f3n<br \/>\n3.1.1. En pie y respirando<br \/>\n3.1.2. Nadi Shodhana<br \/>\n3.1.3. \u2026<br \/>\n3.2. Consejos para evitar el estr\u00e9s<br \/>\n3.2.1. Habit\u00faate a<br \/>\n3.2.2. Anal\u00edzate<br \/>\n3.2.3. En el trabajo<br \/>\n3.2.4. Tiempo libre y ocio<br \/>\n3.2.5. \u2026<br \/>\n3.3. T\u00e9cnicas para dominar el estr\u00e9s<br \/>\n3.3.1. Identificando nuestros s\u00edntomas de relajaci\u00f3n<br \/>\n3.3.2. Un ant\u00eddoto para el desaliento<br \/>\n3.3.3. La concentraci\u00f3n: una respiraci\u00f3n en nueve rondas<br \/>\n3.3.4. \u2026<br \/>\nAnexo: Comprueba tu nivel de estr\u00e9s<\/p>\n<p>4. T\u00c9CNICA DE AFRONTAMIENTO DEL ESTR\u00c9S<br \/>\n4.1. Introducci\u00f3n<br \/>\n4.2. Desarrollo de la t\u00e9cnica<br \/>\n4.2.1. Desarrollo de una relajaci\u00f3n efectiva<\/p>\n<p><em><strong>Especialista en estimulaci\u00f3n en pacientes de alzheimer<\/strong><\/em><\/p>\n<hr \/>\n","protected":false},"excerpt":{"rendered":"<p><a href=\"https:\/\/centro-cee.com\/web\/formaciones\/\">Atr\u00e1s<\/a><\/p>\n<p>Se trata de una formaci\u00f3n online, que podr\u00e1s seguir desde la comodidad de casa, utilizando un ordenador o tablet con conexi\u00f3n a internet. Los contenidos son multimedia, interactivos y con audio, en general se evita el exceso de contenidos de texto.<\/p>\n<p>Por \u00faltimo, podr\u00e1s obtener el Certificado Universitario Internacional DQ-Universidad Cat\u00f3lilca de Cuyo, y el reconocimiento de cr\u00e9ditos ECTS.<\/p>\n<p>\u00a1No esperes m\u00e1s y f\u00f3rmate con los mejores profesionales!<\/p>\n","protected":false},"featured_media":1717,"comment_status":"closed","ping_status":"closed","template":"","meta":[],"product_brand":[],"product_cat":[2046,34],"product_tag":[543,23,511,545,547,544,546],"class_list":{"0":"post-1702","1":"product","2":"type-product","3":"status-publish","4":"has-post-thumbnail","6":"product_cat-cursos-salud","7":"product_cat-tecnicos","8":"product_tag-alzheimer","9":"product_tag-cee","10":"product_tag-clea","11":"product_tag-curso-estimulacion-pacientes-de-alzheimer","12":"product_tag-curso-online-especialista-alzheimer","13":"product_tag-estimulacion-pacientes","14":"product_tag-parkinson","16":"first","17":"instock","18":"sale","19":"shipping-taxable","20":"purchasable","21":"product-type-simple"},"yoast_head":"<!-- This site is optimized with the Yoast SEO plugin v27.4 - https:\/\/yoast.com\/product\/yoast-seo-wordpress\/ -->\n<title>Especialista en estimulaci\u00f3n en pacientes de alzheimer<\/title>\n<meta name=\"description\" content=\"Desarrolla tus habilidades y mejora tus conocimientos y preparate con nuestra formaci\u00f3n de Especialista en estimulaci\u00f3n en pacientes de alzheimer\" \/>\n<meta name=\"robots\" content=\"index, follow, max-snippet:-1, max-image-preview:large, max-video-preview:-1\" \/>\n<link rel=\"canonical\" href=\"https:\/\/centro-cee.com\/web\/producto\/especialista-en-estimulacion-en-pacientes-de-alzheimer\/\" \/>\n<meta property=\"og:locale\" content=\"es_ES\" \/>\n<meta property=\"og:type\" content=\"article\" \/>\n<meta property=\"og:title\" content=\"Especialista en estimulaci\u00f3n en pacientes de alzheimer\" \/>\n<meta property=\"og:description\" content=\"Desarrolla tus habilidades y mejora tus conocimientos y preparate con nuestra formaci\u00f3n de Especialista en estimulaci\u00f3n en pacientes de alzheimer\" \/>\n<meta property=\"og:url\" content=\"https:\/\/centro-cee.com\/web\/producto\/especialista-en-estimulacion-en-pacientes-de-alzheimer\/\" \/>\n<meta property=\"og:site_name\" content=\"CEE Centro Europeo E-learning - Cursos online\" \/>\n<meta property=\"article:modified_time\" content=\"2026-03-13T17:02:04+00:00\" \/>\n<meta property=\"og:image\" content=\"https:\/\/centro-cee.com\/web\/wp-content\/uploads\/2024\/09\/avelinogomez-490x578-1.jpg\" \/>\n\t<meta property=\"og:image:width\" content=\"490\" \/>\n\t<meta property=\"og:image:height\" content=\"578\" \/>\n\t<meta property=\"og:image:type\" content=\"image\/jpeg\" \/>\n<meta name=\"twitter:card\" content=\"summary_large_image\" \/>\n<meta name=\"twitter:label1\" content=\"Tiempo de lectura\" \/>\n\t<meta name=\"twitter:data1\" content=\"4 minutos\" \/>\n<script type=\"application\/ld+json\" class=\"yoast-schema-graph\">{\"@context\":\"https:\\\/\\\/schema.org\",\"@graph\":[{\"@type\":\"WebPage\",\"@id\":\"https:\\\/\\\/centro-cee.com\\\/web\\\/producto\\\/especialista-en-estimulacion-en-pacientes-de-alzheimer\\\/\",\"url\":\"https:\\\/\\\/centro-cee.com\\\/web\\\/producto\\\/especialista-en-estimulacion-en-pacientes-de-alzheimer\\\/\",\"name\":\"Especialista en estimulaci\u00f3n en pacientes de alzheimer\",\"isPartOf\":{\"@id\":\"https:\\\/\\\/centro-cee.com\\\/web\\\/#website\"},\"primaryImageOfPage\":{\"@id\":\"https:\\\/\\\/centro-cee.com\\\/web\\\/producto\\\/especialista-en-estimulacion-en-pacientes-de-alzheimer\\\/#primaryimage\"},\"image\":{\"@id\":\"https:\\\/\\\/centro-cee.com\\\/web\\\/producto\\\/especialista-en-estimulacion-en-pacientes-de-alzheimer\\\/#primaryimage\"},\"thumbnailUrl\":\"https:\\\/\\\/centro-cee.com\\\/web\\\/wp-content\\\/uploads\\\/2024\\\/09\\\/avelinogomez-490x578-1.jpg\",\"datePublished\":\"2024-09-10T10:54:36+00:00\",\"dateModified\":\"2026-03-13T17:02:04+00:00\",\"description\":\"Desarrolla tus habilidades y mejora tus conocimientos y preparate con nuestra formaci\u00f3n de Especialista en estimulaci\u00f3n en pacientes de alzheimer\",\"breadcrumb\":{\"@id\":\"https:\\\/\\\/centro-cee.com\\\/web\\\/producto\\\/especialista-en-estimulacion-en-pacientes-de-alzheimer\\\/#breadcrumb\"},\"inLanguage\":\"es\",\"potentialAction\":[{\"@type\":\"ReadAction\",\"target\":[\"https:\\\/\\\/centro-cee.com\\\/web\\\/producto\\\/especialista-en-estimulacion-en-pacientes-de-alzheimer\\\/\"]}]},{\"@type\":\"ImageObject\",\"inLanguage\":\"es\",\"@id\":\"https:\\\/\\\/centro-cee.com\\\/web\\\/producto\\\/especialista-en-estimulacion-en-pacientes-de-alzheimer\\\/#primaryimage\",\"url\":\"https:\\\/\\\/centro-cee.com\\\/web\\\/wp-content\\\/uploads\\\/2024\\\/09\\\/avelinogomez-490x578-1.jpg\",\"contentUrl\":\"https:\\\/\\\/centro-cee.com\\\/web\\\/wp-content\\\/uploads\\\/2024\\\/09\\\/avelinogomez-490x578-1.jpg\",\"width\":490,\"height\":578},{\"@type\":\"BreadcrumbList\",\"@id\":\"https:\\\/\\\/centro-cee.com\\\/web\\\/producto\\\/especialista-en-estimulacion-en-pacientes-de-alzheimer\\\/#breadcrumb\",\"itemListElement\":[{\"@type\":\"ListItem\",\"position\":1,\"name\":\"Portada\",\"item\":\"https:\\\/\\\/centro-cee.com\\\/web\\\/\"},{\"@type\":\"ListItem\",\"position\":2,\"name\":\"Especialista en estimulaci\u00f3n en pacientes de alzheimer\"}]},{\"@type\":\"WebSite\",\"@id\":\"https:\\\/\\\/centro-cee.com\\\/web\\\/#website\",\"url\":\"https:\\\/\\\/centro-cee.com\\\/web\\\/\",\"name\":\"Centro Europeo E-learning\",\"description\":\"CEE Formaci\u00f3n Online\",\"publisher\":{\"@id\":\"https:\\\/\\\/centro-cee.com\\\/web\\\/#organization\"},\"alternateName\":\"Centro Online de Formaci\u00f3n\",\"potentialAction\":[{\"@type\":\"SearchAction\",\"target\":{\"@type\":\"EntryPoint\",\"urlTemplate\":\"https:\\\/\\\/centro-cee.com\\\/web\\\/?s={search_term_string}\"},\"query-input\":{\"@type\":\"PropertyValueSpecification\",\"valueRequired\":true,\"valueName\":\"search_term_string\"}}],\"inLanguage\":\"es\"},{\"@type\":\"Organization\",\"@id\":\"https:\\\/\\\/centro-cee.com\\\/web\\\/#organization\",\"name\":\"Centro Europeo E-learning CEE\",\"url\":\"https:\\\/\\\/centro-cee.com\\\/web\\\/\",\"logo\":{\"@type\":\"ImageObject\",\"inLanguage\":\"es\",\"@id\":\"https:\\\/\\\/centro-cee.com\\\/web\\\/#\\\/schema\\\/logo\\\/image\\\/\",\"url\":\"https:\\\/\\\/centro-cee.com\\\/web\\\/wp-content\\\/uploads\\\/2022\\\/12\\\/cropped-logo_educa.png\",\"contentUrl\":\"https:\\\/\\\/centro-cee.com\\\/web\\\/wp-content\\\/uploads\\\/2022\\\/12\\\/cropped-logo_educa.png\",\"width\":157,\"height\":63,\"caption\":\"Centro Europeo E-learning CEE\"},\"image\":{\"@id\":\"https:\\\/\\\/centro-cee.com\\\/web\\\/#\\\/schema\\\/logo\\\/image\\\/\"},\"sameAs\":[\"https:\\\/\\\/www.instagram.com\\\/centroeuropeo_cee\"]}]}<\/script>\n<!-- \/ Yoast SEO plugin. -->","yoast_head_json":{"title":"Especialista en estimulaci\u00f3n en pacientes de alzheimer","description":"Desarrolla tus habilidades y mejora tus conocimientos y preparate con nuestra formaci\u00f3n de Especialista en estimulaci\u00f3n en pacientes de alzheimer","robots":{"index":"index","follow":"follow","max-snippet":"max-snippet:-1","max-image-preview":"max-image-preview:large","max-video-preview":"max-video-preview:-1"},"canonical":"https:\/\/centro-cee.com\/web\/producto\/especialista-en-estimulacion-en-pacientes-de-alzheimer\/","og_locale":"es_ES","og_type":"article","og_title":"Especialista en estimulaci\u00f3n en pacientes de alzheimer","og_description":"Desarrolla tus habilidades y mejora tus conocimientos y preparate con nuestra formaci\u00f3n de Especialista en estimulaci\u00f3n en pacientes de alzheimer","og_url":"https:\/\/centro-cee.com\/web\/producto\/especialista-en-estimulacion-en-pacientes-de-alzheimer\/","og_site_name":"CEE Centro Europeo E-learning - Cursos online","article_modified_time":"2026-03-13T17:02:04+00:00","og_image":[{"width":490,"height":578,"url":"https:\/\/centro-cee.com\/web\/wp-content\/uploads\/2024\/09\/avelinogomez-490x578-1.jpg","type":"image\/jpeg"}],"twitter_card":"summary_large_image","twitter_misc":{"Tiempo de lectura":"4 minutos"},"schema":{"@context":"https:\/\/schema.org","@graph":[{"@type":"WebPage","@id":"https:\/\/centro-cee.com\/web\/producto\/especialista-en-estimulacion-en-pacientes-de-alzheimer\/","url":"https:\/\/centro-cee.com\/web\/producto\/especialista-en-estimulacion-en-pacientes-de-alzheimer\/","name":"Especialista en estimulaci\u00f3n en pacientes de alzheimer","isPartOf":{"@id":"https:\/\/centro-cee.com\/web\/#website"},"primaryImageOfPage":{"@id":"https:\/\/centro-cee.com\/web\/producto\/especialista-en-estimulacion-en-pacientes-de-alzheimer\/#primaryimage"},"image":{"@id":"https:\/\/centro-cee.com\/web\/producto\/especialista-en-estimulacion-en-pacientes-de-alzheimer\/#primaryimage"},"thumbnailUrl":"https:\/\/centro-cee.com\/web\/wp-content\/uploads\/2024\/09\/avelinogomez-490x578-1.jpg","datePublished":"2024-09-10T10:54:36+00:00","dateModified":"2026-03-13T17:02:04+00:00","description":"Desarrolla tus habilidades y mejora tus conocimientos y preparate con nuestra formaci\u00f3n de Especialista en estimulaci\u00f3n en pacientes de alzheimer","breadcrumb":{"@id":"https:\/\/centro-cee.com\/web\/producto\/especialista-en-estimulacion-en-pacientes-de-alzheimer\/#breadcrumb"},"inLanguage":"es","potentialAction":[{"@type":"ReadAction","target":["https:\/\/centro-cee.com\/web\/producto\/especialista-en-estimulacion-en-pacientes-de-alzheimer\/"]}]},{"@type":"ImageObject","inLanguage":"es","@id":"https:\/\/centro-cee.com\/web\/producto\/especialista-en-estimulacion-en-pacientes-de-alzheimer\/#primaryimage","url":"https:\/\/centro-cee.com\/web\/wp-content\/uploads\/2024\/09\/avelinogomez-490x578-1.jpg","contentUrl":"https:\/\/centro-cee.com\/web\/wp-content\/uploads\/2024\/09\/avelinogomez-490x578-1.jpg","width":490,"height":578},{"@type":"BreadcrumbList","@id":"https:\/\/centro-cee.com\/web\/producto\/especialista-en-estimulacion-en-pacientes-de-alzheimer\/#breadcrumb","itemListElement":[{"@type":"ListItem","position":1,"name":"Portada","item":"https:\/\/centro-cee.com\/web\/"},{"@type":"ListItem","position":2,"name":"Especialista en estimulaci\u00f3n en pacientes de alzheimer"}]},{"@type":"WebSite","@id":"https:\/\/centro-cee.com\/web\/#website","url":"https:\/\/centro-cee.com\/web\/","name":"Centro Europeo E-learning","description":"CEE Formaci\u00f3n Online","publisher":{"@id":"https:\/\/centro-cee.com\/web\/#organization"},"alternateName":"Centro Online de Formaci\u00f3n","potentialAction":[{"@type":"SearchAction","target":{"@type":"EntryPoint","urlTemplate":"https:\/\/centro-cee.com\/web\/?s={search_term_string}"},"query-input":{"@type":"PropertyValueSpecification","valueRequired":true,"valueName":"search_term_string"}}],"inLanguage":"es"},{"@type":"Organization","@id":"https:\/\/centro-cee.com\/web\/#organization","name":"Centro Europeo E-learning CEE","url":"https:\/\/centro-cee.com\/web\/","logo":{"@type":"ImageObject","inLanguage":"es","@id":"https:\/\/centro-cee.com\/web\/#\/schema\/logo\/image\/","url":"https:\/\/centro-cee.com\/web\/wp-content\/uploads\/2022\/12\/cropped-logo_educa.png","contentUrl":"https:\/\/centro-cee.com\/web\/wp-content\/uploads\/2022\/12\/cropped-logo_educa.png","width":157,"height":63,"caption":"Centro Europeo E-learning CEE"},"image":{"@id":"https:\/\/centro-cee.com\/web\/#\/schema\/logo\/image\/"},"sameAs":["https:\/\/www.instagram.com\/centroeuropeo_cee"]}]}},"_links":{"self":[{"href":"https:\/\/centro-cee.com\/web\/wp-json\/wp\/v2\/product\/1702","targetHints":{"allow":["GET"]}}],"collection":[{"href":"https:\/\/centro-cee.com\/web\/wp-json\/wp\/v2\/product"}],"about":[{"href":"https:\/\/centro-cee.com\/web\/wp-json\/wp\/v2\/types\/product"}],"replies":[{"embeddable":true,"href":"https:\/\/centro-cee.com\/web\/wp-json\/wp\/v2\/comments?post=1702"}],"wp:featuredmedia":[{"embeddable":true,"href":"https:\/\/centro-cee.com\/web\/wp-json\/wp\/v2\/media\/1717"}],"wp:attachment":[{"href":"https:\/\/centro-cee.com\/web\/wp-json\/wp\/v2\/media?parent=1702"}],"wp:term":[{"taxonomy":"product_brand","embeddable":true,"href":"https:\/\/centro-cee.com\/web\/wp-json\/wp\/v2\/product_brand?post=1702"},{"taxonomy":"product_cat","embeddable":true,"href":"https:\/\/centro-cee.com\/web\/wp-json\/wp\/v2\/product_cat?post=1702"},{"taxonomy":"product_tag","embeddable":true,"href":"https:\/\/centro-cee.com\/web\/wp-json\/wp\/v2\/product_tag?post=1702"}],"curies":[{"name":"wp","href":"https:\/\/api.w.org\/{rel}","templated":true}]}}