{"id":1591,"date":"2024-03-19T13:34:38","date_gmt":"2024-03-19T13:34:38","guid":{"rendered":"https:\/\/centro-cee.com\/web\/?post_type=product&#038;p=1591"},"modified":"2026-03-13T16:57:13","modified_gmt":"2026-03-13T16:57:13","slug":"master-en-atencion-temprana-trastornos-y-necesidades-2","status":"publish","type":"product","link":"https:\/\/centro-cee.com\/web\/producto\/master-en-atencion-temprana-trastornos-y-necesidades-2\/","title":{"rendered":"Master en atenci\u00f3n temprana trastornos y necesidades"},"content":{"rendered":"<p><a href=\"https:\/\/centro-cee.com\/web\/formaciones\/\">Atr\u00e1s<\/a><\/p>\n<p><em><strong>Master en atenci\u00f3n temprana trastornos y necesidades<\/strong><\/em><\/p>\n<p>Toda esta informaci\u00f3n se realiza 100% online en nuestro campus online de formaci\u00f3n.<\/p>\n<p>Las tutorias se realizan directamente desde el campus de estudio con la opci\u00f3n de mensajer\u00eda a profesores. Las tutorias son \u201ca demanda\u201d, cuando necesites soporte nos lo pides.<\/p>\n<p>Los t\u00edtulos de Centro CEE est\u00e1n autenticados por la firma de notario que valida contenidos y autenticidad a nivel internacional. Nuestra organizaci\u00f3n pertenece a la Asociaci\u00f3n Espa\u00f1ola de Calidad, organizaci\u00f3n Espa\u00f1ola de referencia para la calidad\u00a0en la formaci\u00f3n de auxiliar de enfermer\u00eda. La certificaci\u00f3n se puede apostillar por la Haya para cualquier pa\u00eds firmante del convenio de la Haya.<\/p>\n<p>Se puede pagar a plazos.<\/p>\n<p>Carga horaria de la formaci\u00f3n: 400h<\/p>\n<p>&nbsp;<\/p>\n<h2>Temario<\/h2>\n<hr \/>\n<p>1. M\u00d3DULO I. INTRODUCCI\u00d3N A LA ATENCI\u00d3N TEMPRANA<br \/>\nTEMA 1. \u00bfQU\u00c9 ES LA ATENCI\u00d3N TEMPRANA?<br \/>\n1. Or\u00edgenes, concepto y objetivos de la Atenci\u00f3n Temprana<br \/>\n2. Principios b\u00e1sicos de la Atenci\u00f3n Temprana<br \/>\n3. Niveles de intervenci\u00f3n en la Atenci\u00f3n Temprana<br \/>\nTEMA 2. CENTROS DE DESARROLLO INFANTIL Y ATENCI\u00d3N TEMPRANA<br \/>\n1. Definici\u00f3n<br \/>\n2. Organizaci\u00f3n<br \/>\n3. Funciones<br \/>\n4. M\u00d3DULO II. DESARROLLO INTEGRAL DEL NI\u00d1O\/A DE CERO A SEIS A\u00d1OS<br \/>\nTEMA 3. DESARROLLO F\u00cdSICO, SENSORIAL Y MOTOR DEL NI\u00d1O DE CERO A SEIS A\u00d1OS<br \/>\n1. El ni\u00f1o de cero a 15 meses<br \/>\n2. \u2026<br \/>\nTEMA 4. DESARROLLO COGNITIVO DEL NI\u00d1O DE 0 A 6 A\u00d1OS<br \/>\n1. El ni\u00f1o de cero a 15 meses<br \/>\n2. El ni\u00f1o de uno a tres a\u00f1os<br \/>\n3. \u2026<br \/>\nTEMA 5. DESARROLLO DEL LENGUAJE Y LA COMUNICACI\u00d3N EN EL NI\u00d1O DE CERO A SEIS A\u00d1OS<br \/>\n1. Definici\u00f3n lenguaje y comunicaci\u00f3n<br \/>\n2. El ni\u00f1o de cero a 15 meses<br \/>\n3. .<br \/>\nTEMA 6. DESARROLLO SOCIOAFECTIVO DEL NI\u00d1O DE CERO A SEIS A\u00d1OS<br \/>\n1. El ni\u00f1o de cero a 15 meses<br \/>\n2. ..<br \/>\nTEMA 7. TRASTORNOS SENSORIALES Y PERCEPTIVOS<br \/>\n1. D\u00e9ficit auditivo<br \/>\n2. D\u00e9ficit visual<br \/>\n3. ..<br \/>\nTEMA 8. TRASTORNOS MOTORES Y PSICOMOTORES<br \/>\n1. Distrofia muscular<br \/>\n2. Tics<br \/>\n3. \u2026<br \/>\nTEMA 9. RETRASO MENTAL Y SOBREDOTACI\u00d3N<br \/>\n1. Retraso mental<br \/>\n2. Sobredotaci\u00f3n<br \/>\nTEMA 10. COMUNICACI\u00d3N: TRASTORNOS DEL LENGUAJE<br \/>\n1. Introducci\u00f3n a los trastornos del lenguaje<br \/>\n2. Trastornos del lenguaje expresivo<br \/>\n3. Trastorno del lenguaje receptivo-expresivo<br \/>\n4. ..<br \/>\nTEMA 11. TRASTORNOS EMOCIONALES Y DEL COMPORTAMIENTO<br \/>\n1. Introducci\u00f3n<br \/>\n2. Trastorno Disocial<br \/>\n3. \u2026<br \/>\nTEMA 12. AUTISMO Y S\u00cdNDROME DE DOWN<br \/>\n1. Autismo<br \/>\n2. S\u00edndrome de Down<br \/>\n3. M\u00d3DULO IV. INTERVENCI\u00d3N EN ATENCI\u00d3N TEMPRANA<br \/>\nTEMA 13. ESTIMULACI\u00d3N PRE Y POSTNATAL<br \/>\n1. Estimulaci\u00f3n prenatal<br \/>\n2. Estimulaci\u00f3n postnatal<br \/>\nTEMA 14. INTERVENCI\u00d3N EN DISCAPACIDAD SENSORIAL<br \/>\n1. Intervenci\u00f3n temprana en la deficiencia auditiva<br \/>\n2. Intervenci\u00f3n temprana en la deficiencia visual<br \/>\nTEMA 15. INTERVENCI\u00d3N EN DISCAPACIDAD MOT\u00d3RICA Y PSICOMOTRICIDAD<br \/>\n1. Intervenci\u00f3n en distrofias musculares<br \/>\n2. Intervenci\u00f3n en Tics<br \/>\n3. Intervenci\u00f3n en par\u00e1lisis cerebral<br \/>\n4. \u2026<br \/>\nTEMA 16. INTERVENCI\u00d3N EN DISCAPACIDAD INTELECTUAL<br \/>\n1. Prevenci\u00f3n, diagn\u00f3stico precoz y atenci\u00f3n temprana del retraso mental<br \/>\n2. Intervenci\u00f3n en retraso mental<br \/>\n3. La sobredotaci\u00f3n<br \/>\nTEMA 17. INTERVENCI\u00d3N EN PROBLEMAS DEL LENGUAJE Y LA COMUNICACI\u00d3N<br \/>\n1. Introducci\u00f3n<br \/>\n2. Trastorno del lenguaje expresivo<br \/>\n3. \u2026<br \/>\nTEMA 18. INTERVENCI\u00d3N EN PROBLEMAS EMOCIONALES Y DE COMPORTAMIENTO<br \/>\n1. La Atenci\u00f3n Temprana en los trastornos emocionales y de conducta<br \/>\n2. Intervenci\u00f3n en el trastorno disocial<br \/>\n3. \u2026<br \/>\nTEMA 19. INTERVENCI\u00d3N EN AUTISMO Y S\u00cdNDROME DE DOWN<br \/>\n1. Intervenci\u00f3n en autismo<br \/>\n2. Intervenci\u00f3n en ni\u00f1os con S\u00edndrome de Down<br \/>\n3. M\u00d3DULO V. FAMILIA Y ATENCI\u00d3N TEMPRANA<br \/>\nTEMA 20. INFLUENCIA FAMILIAR EN EL DESARROLLO INFANTIL<br \/>\n1. Introducci\u00f3n<br \/>\n2. Influencia de la familia en el desarrollo integral del ni\u00f1o<br \/>\n3. El papel del entorno familiar ante las alteraciones del desarrollo infantil<br \/>\nTEMA 21. INTERVENCI\u00d3N EN EL CONTEXTO FAMILIAR<br \/>\n1. Introducci\u00f3n<br \/>\n2. Los programas o modelos de intervenci\u00f3n<br \/>\n<em><strong>Master en atenci\u00f3n temprana trastornos y necesidades<\/strong><\/em><\/p>\n<hr \/>\n","protected":false},"excerpt":{"rendered":"<p><a href=\"https:\/\/centro-cee.com\/web\/formaciones\/\">Atr\u00e1s<\/a><\/p>\n<p>Formate y especializate en todos los aspectos relacionados con la atenci\u00f3n temprana, con contenidos actualizados. Esta especialidad es de vital importancia para detectar de la forma mas prematura cualquier problema en las ni\u00f1as y ni\u00f1os en edades tempranas.<\/p>\n<p>Este tipo de atenci\u00f3n permite identificar posibles anomalias en el desarrollo integral del ni\u00f1o\/a, como la parte cognitiva, del lenguaje, la comunicaci\u00f3n, etc.<br \/>\nTodo ello sin olvidar las se\u00f1ales referentes a un posible retraso mental, trastorno disocial, autismo, etc.<\/p>\n<p>La figura de este profesional es demandada en diferentes sectores, como la sanidad, educaci\u00f3n, etc., ya que cualquier t\u00e9cnica de detecci\u00f3n temprana es necesaria para tratar y paliar lo antes posible cada caso.<\/p>\n","protected":false},"featured_media":1592,"comment_status":"closed","ping_status":"closed","template":"","meta":[],"product_brand":[],"product_cat":[2052,17],"product_tag":[675,678,674,673,676,671,677,680,672,679],"class_list":{"0":"post-1591","1":"product","2":"type-product","3":"status-publish","4":"has-post-thumbnail","6":"product_cat-cursos-educacion","7":"product_cat-master","8":"product_tag-curso-de-atencion-temprana-y-trastornos","9":"product_tag-curso-online-de-atencion-temprana","10":"product_tag-especializacion-en-necesidades-educativas","11":"product_tag-formacion-en-atencion-temprana","12":"product_tag-intervencion-en-trastornos-infantiles","13":"product_tag-master-en-atencion-temprana","14":"product_tag-master-en-desarrollo-infantil","15":"product_tag-master-en-educacion-y-atencion-temprana","16":"product_tag-master-en-trastornos-del-desarrollo","17":"product_tag-tratamiento-de-trastornos-en-la-infancia","19":"first","20":"instock","21":"sale","22":"shipping-taxable","23":"purchasable","24":"product-type-simple"},"yoast_head":"<!-- This site is optimized with the Yoast SEO plugin v27.5 - https:\/\/yoast.com\/product\/yoast-seo-wordpress\/ -->\n<title>Master en atenci\u00f3n temprana trastornos y necesidades<\/title>\n<meta name=\"description\" content=\"Desarrolla tus habilidades y mejora tus conocimientos y preparate con nuestra formaci\u00f3n Master en atenci\u00f3n temprana trastornos y necesidades\" \/>\n<meta name=\"robots\" content=\"index, follow, max-snippet:-1, max-image-preview:large, max-video-preview:-1\" \/>\n<link rel=\"canonical\" href=\"https:\/\/centro-cee.com\/web\/producto\/master-en-atencion-temprana-trastornos-y-necesidades-2\/\" \/>\n<meta property=\"og:locale\" content=\"es_ES\" \/>\n<meta property=\"og:type\" content=\"article\" \/>\n<meta property=\"og:title\" content=\"Master en atenci\u00f3n temprana trastornos y necesidades\" \/>\n<meta property=\"og:description\" content=\"Desarrolla tus habilidades y mejora tus conocimientos y preparate con nuestra formaci\u00f3n Master en atenci\u00f3n temprana trastornos y necesidades\" \/>\n<meta property=\"og:url\" content=\"https:\/\/centro-cee.com\/web\/producto\/master-en-atencion-temprana-trastornos-y-necesidades-2\/\" \/>\n<meta property=\"og:site_name\" content=\"CEE Centro Europeo E-learning - Cursos online\" \/>\n<meta property=\"article:modified_time\" content=\"2026-03-13T16:57:13+00:00\" \/>\n<meta property=\"og:image\" content=\"https:\/\/centro-cee.com\/web\/wp-content\/uploads\/2024\/03\/Capt96asdura.png\" \/>\n\t<meta property=\"og:image:width\" content=\"791\" \/>\n\t<meta property=\"og:image:height\" content=\"642\" \/>\n\t<meta property=\"og:image:type\" content=\"image\/png\" \/>\n<meta name=\"twitter:card\" content=\"summary_large_image\" \/>\n<meta name=\"twitter:label1\" content=\"Tiempo de lectura\" \/>\n\t<meta name=\"twitter:data1\" content=\"3 minutos\" \/>\n<script type=\"application\/ld+json\" class=\"yoast-schema-graph\">{\"@context\":\"https:\\\/\\\/schema.org\",\"@graph\":[{\"@type\":\"WebPage\",\"@id\":\"https:\\\/\\\/centro-cee.com\\\/web\\\/producto\\\/master-en-atencion-temprana-trastornos-y-necesidades-2\\\/\",\"url\":\"https:\\\/\\\/centro-cee.com\\\/web\\\/producto\\\/master-en-atencion-temprana-trastornos-y-necesidades-2\\\/\",\"name\":\"Master en atenci\u00f3n temprana trastornos y necesidades\",\"isPartOf\":{\"@id\":\"https:\\\/\\\/centro-cee.com\\\/web\\\/#website\"},\"primaryImageOfPage\":{\"@id\":\"https:\\\/\\\/centro-cee.com\\\/web\\\/producto\\\/master-en-atencion-temprana-trastornos-y-necesidades-2\\\/#primaryimage\"},\"image\":{\"@id\":\"https:\\\/\\\/centro-cee.com\\\/web\\\/producto\\\/master-en-atencion-temprana-trastornos-y-necesidades-2\\\/#primaryimage\"},\"thumbnailUrl\":\"https:\\\/\\\/centro-cee.com\\\/web\\\/wp-content\\\/uploads\\\/2024\\\/03\\\/Capt96asdura.png\",\"datePublished\":\"2024-03-19T13:34:38+00:00\",\"dateModified\":\"2026-03-13T16:57:13+00:00\",\"description\":\"Desarrolla tus habilidades y mejora tus conocimientos y preparate con nuestra formaci\u00f3n Master en atenci\u00f3n temprana trastornos y necesidades\",\"breadcrumb\":{\"@id\":\"https:\\\/\\\/centro-cee.com\\\/web\\\/producto\\\/master-en-atencion-temprana-trastornos-y-necesidades-2\\\/#breadcrumb\"},\"inLanguage\":\"es\",\"potentialAction\":[{\"@type\":\"ReadAction\",\"target\":[\"https:\\\/\\\/centro-cee.com\\\/web\\\/producto\\\/master-en-atencion-temprana-trastornos-y-necesidades-2\\\/\"]}]},{\"@type\":\"ImageObject\",\"inLanguage\":\"es\",\"@id\":\"https:\\\/\\\/centro-cee.com\\\/web\\\/producto\\\/master-en-atencion-temprana-trastornos-y-necesidades-2\\\/#primaryimage\",\"url\":\"https:\\\/\\\/centro-cee.com\\\/web\\\/wp-content\\\/uploads\\\/2024\\\/03\\\/Capt96asdura.png\",\"contentUrl\":\"https:\\\/\\\/centro-cee.com\\\/web\\\/wp-content\\\/uploads\\\/2024\\\/03\\\/Capt96asdura.png\",\"width\":791,\"height\":642,\"caption\":\"Master en atenci\u00f3n temprana trastornos y necesidades\"},{\"@type\":\"BreadcrumbList\",\"@id\":\"https:\\\/\\\/centro-cee.com\\\/web\\\/producto\\\/master-en-atencion-temprana-trastornos-y-necesidades-2\\\/#breadcrumb\",\"itemListElement\":[{\"@type\":\"ListItem\",\"position\":1,\"name\":\"Portada\",\"item\":\"https:\\\/\\\/centro-cee.com\\\/web\\\/\"},{\"@type\":\"ListItem\",\"position\":2,\"name\":\"Master en atenci\u00f3n temprana trastornos y necesidades\"}]},{\"@type\":\"WebSite\",\"@id\":\"https:\\\/\\\/centro-cee.com\\\/web\\\/#website\",\"url\":\"https:\\\/\\\/centro-cee.com\\\/web\\\/\",\"name\":\"Centro Europeo E-learning\",\"description\":\"CEE Formaci\u00f3n Online\",\"publisher\":{\"@id\":\"https:\\\/\\\/centro-cee.com\\\/web\\\/#organization\"},\"alternateName\":\"Centro Online de Formaci\u00f3n\",\"potentialAction\":[{\"@type\":\"SearchAction\",\"target\":{\"@type\":\"EntryPoint\",\"urlTemplate\":\"https:\\\/\\\/centro-cee.com\\\/web\\\/?s={search_term_string}\"},\"query-input\":{\"@type\":\"PropertyValueSpecification\",\"valueRequired\":true,\"valueName\":\"search_term_string\"}}],\"inLanguage\":\"es\"},{\"@type\":\"Organization\",\"@id\":\"https:\\\/\\\/centro-cee.com\\\/web\\\/#organization\",\"name\":\"Centro Europeo E-learning CEE\",\"url\":\"https:\\\/\\\/centro-cee.com\\\/web\\\/\",\"logo\":{\"@type\":\"ImageObject\",\"inLanguage\":\"es\",\"@id\":\"https:\\\/\\\/centro-cee.com\\\/web\\\/#\\\/schema\\\/logo\\\/image\\\/\",\"url\":\"https:\\\/\\\/centro-cee.com\\\/web\\\/wp-content\\\/uploads\\\/2022\\\/12\\\/cropped-logo_educa.png\",\"contentUrl\":\"https:\\\/\\\/centro-cee.com\\\/web\\\/wp-content\\\/uploads\\\/2022\\\/12\\\/cropped-logo_educa.png\",\"width\":157,\"height\":63,\"caption\":\"Centro Europeo E-learning CEE\"},\"image\":{\"@id\":\"https:\\\/\\\/centro-cee.com\\\/web\\\/#\\\/schema\\\/logo\\\/image\\\/\"},\"sameAs\":[\"https:\\\/\\\/www.instagram.com\\\/centroeuropeo_cee\"]}]}<\/script>\n<!-- \/ Yoast SEO plugin. -->","yoast_head_json":{"title":"Master en atenci\u00f3n temprana trastornos y necesidades","description":"Desarrolla tus habilidades y mejora tus conocimientos y preparate con nuestra formaci\u00f3n Master en atenci\u00f3n temprana trastornos y necesidades","robots":{"index":"index","follow":"follow","max-snippet":"max-snippet:-1","max-image-preview":"max-image-preview:large","max-video-preview":"max-video-preview:-1"},"canonical":"https:\/\/centro-cee.com\/web\/producto\/master-en-atencion-temprana-trastornos-y-necesidades-2\/","og_locale":"es_ES","og_type":"article","og_title":"Master en atenci\u00f3n temprana trastornos y necesidades","og_description":"Desarrolla tus habilidades y mejora tus conocimientos y preparate con nuestra formaci\u00f3n Master en atenci\u00f3n temprana trastornos y necesidades","og_url":"https:\/\/centro-cee.com\/web\/producto\/master-en-atencion-temprana-trastornos-y-necesidades-2\/","og_site_name":"CEE Centro Europeo E-learning - Cursos online","article_modified_time":"2026-03-13T16:57:13+00:00","og_image":[{"width":791,"height":642,"url":"https:\/\/centro-cee.com\/web\/wp-content\/uploads\/2024\/03\/Capt96asdura.png","type":"image\/png"}],"twitter_card":"summary_large_image","twitter_misc":{"Tiempo de lectura":"3 minutos"},"schema":{"@context":"https:\/\/schema.org","@graph":[{"@type":"WebPage","@id":"https:\/\/centro-cee.com\/web\/producto\/master-en-atencion-temprana-trastornos-y-necesidades-2\/","url":"https:\/\/centro-cee.com\/web\/producto\/master-en-atencion-temprana-trastornos-y-necesidades-2\/","name":"Master en atenci\u00f3n temprana trastornos y necesidades","isPartOf":{"@id":"https:\/\/centro-cee.com\/web\/#website"},"primaryImageOfPage":{"@id":"https:\/\/centro-cee.com\/web\/producto\/master-en-atencion-temprana-trastornos-y-necesidades-2\/#primaryimage"},"image":{"@id":"https:\/\/centro-cee.com\/web\/producto\/master-en-atencion-temprana-trastornos-y-necesidades-2\/#primaryimage"},"thumbnailUrl":"https:\/\/centro-cee.com\/web\/wp-content\/uploads\/2024\/03\/Capt96asdura.png","datePublished":"2024-03-19T13:34:38+00:00","dateModified":"2026-03-13T16:57:13+00:00","description":"Desarrolla tus habilidades y mejora tus conocimientos y preparate con nuestra formaci\u00f3n Master en atenci\u00f3n temprana trastornos y necesidades","breadcrumb":{"@id":"https:\/\/centro-cee.com\/web\/producto\/master-en-atencion-temprana-trastornos-y-necesidades-2\/#breadcrumb"},"inLanguage":"es","potentialAction":[{"@type":"ReadAction","target":["https:\/\/centro-cee.com\/web\/producto\/master-en-atencion-temprana-trastornos-y-necesidades-2\/"]}]},{"@type":"ImageObject","inLanguage":"es","@id":"https:\/\/centro-cee.com\/web\/producto\/master-en-atencion-temprana-trastornos-y-necesidades-2\/#primaryimage","url":"https:\/\/centro-cee.com\/web\/wp-content\/uploads\/2024\/03\/Capt96asdura.png","contentUrl":"https:\/\/centro-cee.com\/web\/wp-content\/uploads\/2024\/03\/Capt96asdura.png","width":791,"height":642,"caption":"Master en atenci\u00f3n temprana trastornos y necesidades"},{"@type":"BreadcrumbList","@id":"https:\/\/centro-cee.com\/web\/producto\/master-en-atencion-temprana-trastornos-y-necesidades-2\/#breadcrumb","itemListElement":[{"@type":"ListItem","position":1,"name":"Portada","item":"https:\/\/centro-cee.com\/web\/"},{"@type":"ListItem","position":2,"name":"Master en atenci\u00f3n temprana trastornos y necesidades"}]},{"@type":"WebSite","@id":"https:\/\/centro-cee.com\/web\/#website","url":"https:\/\/centro-cee.com\/web\/","name":"Centro Europeo E-learning","description":"CEE Formaci\u00f3n Online","publisher":{"@id":"https:\/\/centro-cee.com\/web\/#organization"},"alternateName":"Centro Online de Formaci\u00f3n","potentialAction":[{"@type":"SearchAction","target":{"@type":"EntryPoint","urlTemplate":"https:\/\/centro-cee.com\/web\/?s={search_term_string}"},"query-input":{"@type":"PropertyValueSpecification","valueRequired":true,"valueName":"search_term_string"}}],"inLanguage":"es"},{"@type":"Organization","@id":"https:\/\/centro-cee.com\/web\/#organization","name":"Centro Europeo E-learning CEE","url":"https:\/\/centro-cee.com\/web\/","logo":{"@type":"ImageObject","inLanguage":"es","@id":"https:\/\/centro-cee.com\/web\/#\/schema\/logo\/image\/","url":"https:\/\/centro-cee.com\/web\/wp-content\/uploads\/2022\/12\/cropped-logo_educa.png","contentUrl":"https:\/\/centro-cee.com\/web\/wp-content\/uploads\/2022\/12\/cropped-logo_educa.png","width":157,"height":63,"caption":"Centro Europeo E-learning CEE"},"image":{"@id":"https:\/\/centro-cee.com\/web\/#\/schema\/logo\/image\/"},"sameAs":["https:\/\/www.instagram.com\/centroeuropeo_cee"]}]}},"_links":{"self":[{"href":"https:\/\/centro-cee.com\/web\/wp-json\/wp\/v2\/product\/1591","targetHints":{"allow":["GET"]}}],"collection":[{"href":"https:\/\/centro-cee.com\/web\/wp-json\/wp\/v2\/product"}],"about":[{"href":"https:\/\/centro-cee.com\/web\/wp-json\/wp\/v2\/types\/product"}],"replies":[{"embeddable":true,"href":"https:\/\/centro-cee.com\/web\/wp-json\/wp\/v2\/comments?post=1591"}],"wp:featuredmedia":[{"embeddable":true,"href":"https:\/\/centro-cee.com\/web\/wp-json\/wp\/v2\/media\/1592"}],"wp:attachment":[{"href":"https:\/\/centro-cee.com\/web\/wp-json\/wp\/v2\/media?parent=1591"}],"wp:term":[{"taxonomy":"product_brand","embeddable":true,"href":"https:\/\/centro-cee.com\/web\/wp-json\/wp\/v2\/product_brand?post=1591"},{"taxonomy":"product_cat","embeddable":true,"href":"https:\/\/centro-cee.com\/web\/wp-json\/wp\/v2\/product_cat?post=1591"},{"taxonomy":"product_tag","embeddable":true,"href":"https:\/\/centro-cee.com\/web\/wp-json\/wp\/v2\/product_tag?post=1591"}],"curies":[{"name":"wp","href":"https:\/\/api.w.org\/{rel}","templated":true}]}}