{"id":1487,"date":"2023-10-31T12:34:23","date_gmt":"2023-10-31T12:34:23","guid":{"rendered":"https:\/\/centro-cee.com\/web\/?post_type=product&#038;p=1487"},"modified":"2026-03-13T16:59:41","modified_gmt":"2026-03-13T16:59:41","slug":"master-en-nutricion-y-dietetica-deportiva-y-coaching-deportivo","status":"publish","type":"product","link":"https:\/\/centro-cee.com\/web\/producto\/master-en-nutricion-y-dietetica-deportiva-y-coaching-deportivo\/","title":{"rendered":"M\u00e1ster en nutrici\u00f3n y diet\u00e9tica deportiva y coaching deportivo"},"content":{"rendered":"<p><a href=\"https:\/\/centro-cee.com\/web\/formaciones\/\">Atr\u00e1s<\/a><\/p>\n<p><em><strong>M\u00e1ster en nutrici\u00f3n y diet\u00e9tica deportiva y coaching deportivo<\/strong><\/em><\/p>\n<p>Toda esta formaci\u00f3n se realiza 100% online en nuestro campus online de formaci\u00f3n.<\/p>\n<p>Las tutorias se realizan directamente desde el campus de estudio con la opci\u00f3n de mensajer\u00eda a profesores. Las tutorias son \u00aba demanda\u00bb, cuando necesites soporte nos lo pides.<\/p>\n<p>Los t\u00edtulos de Centro CEE est\u00e1n autenticados por la firma de notario que valida contenidos y autenticidad a nivel internacional. Nuestra organizaci\u00f3n pertenece a la Asociaci\u00f3n Espa\u00f1ola de Calidad, organizaci\u00f3n Espa\u00f1ola de referencia para la calidad en la formaci\u00f3n. La certificaci\u00f3n se puede apostillar por la Haya para cualquier pa\u00eds firmante del convenio de la Haya.<\/p>\n<p>Se puede pagar a plazos.<\/p>\n<p>Carga horaria de la formaci\u00f3n: 500h<\/p>\n<h2>Temario<\/h2>\n<p>TEMA 1. \u00bfQU\u00c9 ES EL COACHING?<br \/>\n   1. El cambio, la crisis y la construcci\u00f3n de la identidad<br \/>\n   2. Concepto de coaching<br \/>\n   3. Etimolog\u00eda del coaching<br \/>\n   4. &#8230;<\/p>\n<p>TEMA 2. IMPORTANCIA DEL COACHING<br \/>\n   1. \u00bfPor qu\u00e9 es importante el coaching?<br \/>\n   2. Principios y valores<br \/>\n   3. &#8230;<\/p>\n<p>TEMA 3. ASPECTOS FUNDAMENTALES DEL COACHING (I)<br \/>\n   1. Introducci\u00f3n: los elementos claves para el \u00e9xito<br \/>\n   2. Motivaci\u00f3n<br \/>\n   3. &#8230;<\/p>\n<p>TEMA 4. ASPECTOS FUNDAMENTALES DEL COACHING (II)<br \/>\n   1. Responsabilidad y compromiso<br \/>\n   2. Acci\u00f3n<br \/>\n   3. Creatividad<br \/>\n   4. &#8230;<br \/>\nTEMA 5. \u00c9TICA Y COACHING<br \/>\n   1. Liderazgo, poder y \u00e9tica<br \/>\n   2. Confidencialidad del Proceso<br \/>\n   3. \u00c9tica y Deontolog\u00eda del coach<br \/>\n   4. &#8230;<\/p>\n<p>TEMA 6. COACHING, CAMBIO Y APRENDIZAJE<br \/>\n   1. La superaci\u00f3n de los bloqueos<br \/>\n   2. El deseo de avanzar<br \/>\n   3. &#8230;<\/p>\n<p>TEMA 7. EL PROCESO DE COACHING: ASPECTOS GENERALES<br \/>\n   1. Coaching \u00bfherramienta o proceso?<br \/>\n   2. Motivaci\u00f3n en el proceso<br \/>\n   3. &#8230;<\/p>\n<p>TEMA 8. HABILIDADES RELACIONADAS CON EL PROCESO<br \/>\n   1. Introducci\u00f3n<br \/>\n   2. Escucha<br \/>\n   3. Empat\u00eda<br \/>\n   4&#8230;.<\/p>\n<p>TEMA 9. FASES EN EL PROCESO DE COACHING<br \/>\n   1. Primera fase: establecer la relaci\u00f3n de coaching<br \/>\n   2. Segunda fase: planificaci\u00f3n de la acci\u00f3n<br \/>\n   3. &#8230;<\/p>\n<p>TEMA 10. EVALUACI\u00d3N (I)<br \/>\n   1. \u00bfPor qu\u00e9 es necesaria la evaluaci\u00f3n?<br \/>\n   2. Beneficios de los programas de evaluaci\u00f3n de coaching<br \/>\n   3. Factores que pueden interferir en la evaluaci\u00f3n<br \/>\n   4&#8230;.<\/p>\n<p>TEMA 11. EVALUACI\u00d3N (II)<br \/>\n   1. El final de la evaluaci\u00f3n<br \/>\n   2. Evaluaci\u00f3n externa<br \/>\n   3. Sesiones de evaluaci\u00f3n continua<br \/>\n   4. &#8230;<\/p>\n<p>TEMA 12. EL COACH<br \/>\n   1. La figura del coach<br \/>\n   2. Tipos de coach<br \/>\n   3. Papel del coach en el proceso de coaching ejecutivo<\/p>\n<p>TEMA 13. COMPETENCIAS DEL COACH<br \/>\n   1. Competencias clave y actuaci\u00f3n del coach<br \/>\n   2. Las caracter\u00edsticas del coach efectivo para el desarrollo de competencias<br \/>\n   3. Dos competencias clave para el desarrollo de una empresa liberadora<\/p>\n<p>TEMA 14. LA PREPARACI\u00d3N DE UN BUEN COACH<br \/>\n   1. Preparaci\u00f3n t\u00e9cnica: formaci\u00f3n y experiencia empresarial<br \/>\n   2. Errores m\u00e1s comunes del coach<br \/>\n   3. Capacitaci\u00f3n para conducir las sesiones de coaching<\/p>\n<p>TEMA 15. LA FIGURA DEL COACHEE<br \/>\n   1. La figura del coachee<br \/>\n   2. Caracter\u00edsticas del destinatario del coaching<br \/>\n   3. &#8230;<\/p>\n<p>TEMA 16. COACHING Y DEPORTE<br \/>\n   1. El origen del coaching<br \/>\n   2. La estrategia deportiva<br \/>\n   3. Coaching deportivo: aprender a fluir<\/p>\n<p>TEMA 17. VALORES DEL DEPORTE<br \/>\n   1. El deporte: crisol de valores<br \/>\n   2. La sana competitividad<br \/>\n   3. &#8230;<\/p>\n<p>TEMA 18. EL ENTRENADOR: COACH<br \/>\n   1. Descripci\u00f3n del buen entrenador<br \/>\n   2. Objetivos, misi\u00f3n y valores del entrenador<br \/>\n   3. &#8230;<\/p>\n<p>TEMA 19. EL ENTRENAMIENTO<br \/>\n   1. \u00bfQu\u00e9 significa entrenar?<br \/>\n   2. Claves para un buen entrenamiento<br \/>\n   3. &#8230;<\/p>\n<p>TEMA 20. CONCIENCIA PERSONAL<br \/>\n   1. El deportista: concentraci\u00f3n<br \/>\n   2. Regulaci\u00f3n emocional en el deporte y las atribuciones<br \/>\n   3. &#8230;<\/p>\n<p>TEMA 21. CONCIENCIA GRUPAL<br \/>\n   1. El equipo: sinergia grupal<br \/>\n   2. Grupo vs. Equipo<br \/>\n   3. El \u00e9xito colectivo<\/p>\n<p>TEMA 22. GESTI\u00d3N DE LAS EMOCIONES<br \/>\n   1. Mantener una actitud positiva<br \/>\n   2. Motivaci\u00f3n<br \/>\n   3. Reconocer las posibilidades: autovaloraci\u00f3n<br \/>\n   4. &#8230;<\/p>\n<p>TEMA 23. EL CUERPO, LA MENTE Y EL DEPORTE<br \/>\n   1. Cuerpo<br \/>\n   2. Mente<br \/>\n   3. Equilibrio cuerpo y mente<\/p>\n<p>TEMA 24. L\u00cdDER Y LIDERAZGO<br \/>\n   1. El l\u00edder<br \/>\n   2. Liderazgo<br \/>\n   3. Enfoques centrados en el l\u00edder<br \/>\n   4. &#8230;<\/p>\n<p>TEMA 25. T\u00c9CNICAS DEPORTIVAS<br \/>\n   1. Introducci\u00f3n a las t\u00e9cnicas de coaching en positivo<br \/>\n   2. Visualizaci\u00f3n<br \/>\n   3. &#8230;<\/p>\n<p>TEMA 26. T\u00c9CNICAS DE EQUIPO<br \/>\n   1. Definici\u00f3n y clasificaci\u00f3n<br \/>\n   2. T\u00e9cnicas de grupo grande<br \/>\n   3. Grupo mediano<br \/>\n   4. &#8230;o<\/p>\n<p>TEMA 27. LAS METAS EN EL DEPORTE<br \/>\n   1. \u00bfQu\u00e9 entendemos por meta?<br \/>\n   2. Pautas para establecer una buena meta<br \/>\n   3. Dise\u00f1o de un sistema de establecimiento de metas<\/p>\n<p>TEMA 28. ESTABLECER OBJETIVOS<br \/>\n   1. Diferencia entre objetivo y meta<br \/>\n   2. Pautas para enunciar objetivos<br \/>\n   3. &#8230;<\/p>\n<p>TEMA 29. PREPARACI\u00d3N PARA ALCANZAR LA META<br \/>\n   1. Plantear las metas<br \/>\n   2. Conseguir las metas<\/p>\n<p>TEMA 30. COACHING, PSICOLOG\u00cdA DEL DEPORTE Y DEPORTE<br \/>\n   1. \u00bfQu\u00e9 es la psicolog\u00eda del deporte?<br \/>\n   2. Herramientas, ejercicios y principios de la psicolog\u00eda del deporte<br \/>\n   3. Aportaciones de la psicolog\u00eda al deporte<\/p>\n<p>TEMA 31. COACHING, MENTORING Y DEPORTE<br \/>\n   1. \u00bfQu\u00e9 es el mentoring?<br \/>\n   2. Semejanzas y diferencias entre coaching y mentoring<br \/>\n   3. &#8230;<\/p>\n<p>TEMA 32. COACHING, INTELIGENCIA EMOCIONAL Y DEPORTE<br \/>\n   1. \u00bfQu\u00e9 es la Inteligencia Emocional?<br \/>\n   2. Componentes de la inteligencia emocional<br \/>\n   3. &#8230;<\/p>\n<p>TEMA 33. COACHING, PNL Y DEPORTE<br \/>\n   1. \u00bfQu\u00e9 es la Programaci\u00f3n Neuroling\u00fc\u00edstica?<br \/>\n   2. Principios de la PNL<br \/>\n   3. Los sistemas representacionales<br \/>\n   4. Coaching, PNL y deporte<\/p>\n<p>M\u00c1STER EN NUTRICI\u00d3N PARA LA PR\u00c1CTICA DEPORTIVA<\/p>\n<p>1. CONCEPTOS Y DEFINICIONES<br \/>\n   1. Concepto de bromatolog\u00eda<br \/>\n   2. Concepto de alimentaci\u00f3n<br \/>\n   3. Concepto de nutrici\u00f3n<br \/>\n   4. &#8230;<\/p>\n<p>2. CLASIFICACI\u00d3N DE ALIMENTOS Y NUTRIENTES. GU\u00cdAS ALIMENTARIAS<br \/>\n   1. Clasificaci\u00f3n de los alimentos<br \/>\n   2. Clasificaci\u00f3n de nutrientes<br \/>\n   3. Necesidades de nutrientes: pir\u00e1mide nutricional<\/p>\n<p>3. EL SISTEMA DIGESTIVO<br \/>\n   1. Conceptos b\u00e1sicos<br \/>\n   2. Anatom\u00eda y fisiolog\u00eda del aparato digestivo<br \/>\n   3. Proceso de la digesti\u00f3n<\/p>\n<p>4. NECESIDADES NUTRICIONALES<br \/>\n   1. Transformaciones energ\u00e9ticas celulares<br \/>\n   2. Unidades de medida de la energ\u00eda<br \/>\n   3. &#8230;<\/p>\n<p>5. HIDRATOS DE CARBONO<br \/>\n   1. Definici\u00f3n y generalidades<br \/>\n   2. Clasificaci\u00f3n<br \/>\n   3. Funciones<br \/>\n   4. &#8230;<\/p>\n<p>6. L\u00cdPIDOS<br \/>\n   1. Definici\u00f3n y generalidades<br \/>\n   2. Funciones<br \/>\n   3. Distribuci\u00f3n<br \/>\n   4. &#8230;<\/p>\n<p>7. PROTE\u00cdNAS<br \/>\n   1. Definici\u00f3n y generalidades<br \/>\n   2. Amino\u00e1cidos<br \/>\n   3. Prote\u00ednas<br \/>\n   4. Metabolismo de las prote\u00ednas<br \/>\n   5. &#8230;<\/p>\n<p>8. VITAMINAS<br \/>\n   1. Introducci\u00f3n<br \/>\n   2. Funciones<br \/>\n   3. &#8230;<\/p>\n<p>9. MINERALES<br \/>\n   1. Introducci\u00f3n<br \/>\n   2. Clasificaci\u00f3n<br \/>\n   3. Caracter\u00edsticas generales de los minerales<br \/>\n   4. &#8230;<\/p>\n<p>10. IMPORTANCIA NUTRICIONAL DEL AGUA<br \/>\n   1. Introducci\u00f3n y caracter\u00edsticas del agua<br \/>\n   2. El agua en el cuerpo humano<br \/>\n   3. &#8230;<br \/>\n<em><strong>M\u00e1ster en nutrici\u00f3n y diet\u00e9tica deportiva y coaching deportivo<\/strong><\/em><\/p>\n<hr \/>\n","protected":false},"excerpt":{"rendered":"<p><a href=\"https:\/\/centro-cee.com\/web\/formaciones\/\">Atr\u00e1s<\/a><\/p>\n<p>Al  t\u00e9rmino del programa estar\u00e1s en la capacidad de asumir funciones de responsabilidad media o alta en \u00e1reas de coaching, procesos de cambio, motivaci\u00f3n, coaching, PNL, etc y tambi\u00e9n en la parte de alimentaci\u00f3n, nutrientes, sistema digestivo, entre otros, especializ\u00e1ndote en el deporte. Abordar\u00e1s temas dentro del coaching como las fases del proceso, las competencias, la fase como entrenador, la conciencia personal y grupal, la inteligencia emocional, la gesti\u00f3n de emociones, las t\u00e9cnicas deportivas, el establecimiento de metas, se trata de tambi\u00e9n de un proceso de aprendizaje personal que te permita liderarte a ti mismo y luego tambi\u00e9n liderar a tus coachees.<\/p>\n","protected":false},"featured_media":1489,"comment_status":"closed","ping_status":"closed","template":"","meta":[],"product_brand":[],"product_cat":[2047,2048,17,34],"product_tag":[810,802,806,809,805,807,803,801,808,804],"class_list":{"0":"post-1487","1":"product","2":"type-product","3":"status-publish","4":"has-post-thumbnail","6":"product_cat-cursos-online-deporte","7":"product_cat-cursos-online-psicologia","8":"product_cat-master","9":"product_cat-tecnicos","10":"product_tag-certificacion-en-nutricion-y-coaching-deportivo","11":"product_tag-curso-de-dietetica-deportiva","12":"product_tag-curso-online-de-nutricion-deportiva","13":"product_tag-dietas-para-deportistas","14":"product_tag-especializacion-en-nutricion-y-coaching","15":"product_tag-estrategias-de-coaching-en-deporte","16":"product_tag-formacion-en-coaching-deportivo","17":"product_tag-master-en-nutricion-deportiva","18":"product_tag-nutricion-para-atletas","19":"product_tag-nutricion-y-rendimiento-deportivo","21":"first","22":"instock","23":"sale","24":"shipping-taxable","25":"purchasable","26":"product-type-simple"},"yoast_head":"<!-- This site is optimized with the Yoast SEO plugin v27.4 - https:\/\/yoast.com\/product\/yoast-seo-wordpress\/ -->\n<title>M\u00e1ster en nutrici\u00f3n y diet\u00e9tica deportiva y coaching deportivo<\/title>\n<meta name=\"description\" content=\"Obt\u00e9n las habilidades necesarias para convertirte en un profesional con nuestro M\u00e1ster en nutrici\u00f3n y diet\u00e9tica deportiva y coaching deportivo\" \/>\n<meta name=\"robots\" content=\"index, follow, max-snippet:-1, max-image-preview:large, max-video-preview:-1\" \/>\n<link rel=\"canonical\" href=\"https:\/\/centro-cee.com\/web\/producto\/master-en-nutricion-y-dietetica-deportiva-y-coaching-deportivo\/\" \/>\n<meta property=\"og:locale\" content=\"es_ES\" \/>\n<meta property=\"og:type\" content=\"article\" \/>\n<meta property=\"og:title\" content=\"M\u00e1ster en nutrici\u00f3n y diet\u00e9tica deportiva y coaching deportivo\" \/>\n<meta property=\"og:description\" content=\"Obt\u00e9n las habilidades necesarias para convertirte en un profesional con nuestro M\u00e1ster en nutrici\u00f3n y diet\u00e9tica deportiva y coaching deportivo\" \/>\n<meta property=\"og:url\" content=\"https:\/\/centro-cee.com\/web\/producto\/master-en-nutricion-y-dietetica-deportiva-y-coaching-deportivo\/\" \/>\n<meta property=\"og:site_name\" content=\"CEE Centro Europeo E-learning - Cursos online\" \/>\n<meta property=\"article:modified_time\" content=\"2026-03-13T16:59:41+00:00\" \/>\n<meta property=\"og:image\" content=\"https:\/\/centro-cee.com\/web\/wp-content\/uploads\/2023\/10\/imagen_2023-10-31_133836031.png\" \/>\n\t<meta property=\"og:image:width\" content=\"800\" \/>\n\t<meta property=\"og:image:height\" content=\"534\" \/>\n\t<meta property=\"og:image:type\" content=\"image\/png\" \/>\n<meta name=\"twitter:card\" content=\"summary_large_image\" \/>\n<meta name=\"twitter:label1\" content=\"Tiempo de lectura\" \/>\n\t<meta name=\"twitter:data1\" content=\"7 minutos\" \/>\n<script type=\"application\/ld+json\" class=\"yoast-schema-graph\">{\"@context\":\"https:\\\/\\\/schema.org\",\"@graph\":[{\"@type\":\"WebPage\",\"@id\":\"https:\\\/\\\/centro-cee.com\\\/web\\\/producto\\\/master-en-nutricion-y-dietetica-deportiva-y-coaching-deportivo\\\/\",\"url\":\"https:\\\/\\\/centro-cee.com\\\/web\\\/producto\\\/master-en-nutricion-y-dietetica-deportiva-y-coaching-deportivo\\\/\",\"name\":\"M\u00e1ster en nutrici\u00f3n y diet\u00e9tica deportiva y coaching deportivo\",\"isPartOf\":{\"@id\":\"https:\\\/\\\/centro-cee.com\\\/web\\\/#website\"},\"primaryImageOfPage\":{\"@id\":\"https:\\\/\\\/centro-cee.com\\\/web\\\/producto\\\/master-en-nutricion-y-dietetica-deportiva-y-coaching-deportivo\\\/#primaryimage\"},\"image\":{\"@id\":\"https:\\\/\\\/centro-cee.com\\\/web\\\/producto\\\/master-en-nutricion-y-dietetica-deportiva-y-coaching-deportivo\\\/#primaryimage\"},\"thumbnailUrl\":\"https:\\\/\\\/centro-cee.com\\\/web\\\/wp-content\\\/uploads\\\/2023\\\/10\\\/imagen_2023-10-31_133836031.png\",\"datePublished\":\"2023-10-31T12:34:23+00:00\",\"dateModified\":\"2026-03-13T16:59:41+00:00\",\"description\":\"Obt\u00e9n las habilidades necesarias para convertirte en un profesional con nuestro M\u00e1ster en nutrici\u00f3n y diet\u00e9tica deportiva y coaching deportivo\",\"breadcrumb\":{\"@id\":\"https:\\\/\\\/centro-cee.com\\\/web\\\/producto\\\/master-en-nutricion-y-dietetica-deportiva-y-coaching-deportivo\\\/#breadcrumb\"},\"inLanguage\":\"es\",\"potentialAction\":[{\"@type\":\"ReadAction\",\"target\":[\"https:\\\/\\\/centro-cee.com\\\/web\\\/producto\\\/master-en-nutricion-y-dietetica-deportiva-y-coaching-deportivo\\\/\"]}]},{\"@type\":\"ImageObject\",\"inLanguage\":\"es\",\"@id\":\"https:\\\/\\\/centro-cee.com\\\/web\\\/producto\\\/master-en-nutricion-y-dietetica-deportiva-y-coaching-deportivo\\\/#primaryimage\",\"url\":\"https:\\\/\\\/centro-cee.com\\\/web\\\/wp-content\\\/uploads\\\/2023\\\/10\\\/imagen_2023-10-31_133836031.png\",\"contentUrl\":\"https:\\\/\\\/centro-cee.com\\\/web\\\/wp-content\\\/uploads\\\/2023\\\/10\\\/imagen_2023-10-31_133836031.png\",\"width\":800,\"height\":534,\"caption\":\"M\u00e1ster en nutrici\u00f3n y diet\u00e9tica deportiva y coaching deportivo\"},{\"@type\":\"BreadcrumbList\",\"@id\":\"https:\\\/\\\/centro-cee.com\\\/web\\\/producto\\\/master-en-nutricion-y-dietetica-deportiva-y-coaching-deportivo\\\/#breadcrumb\",\"itemListElement\":[{\"@type\":\"ListItem\",\"position\":1,\"name\":\"Portada\",\"item\":\"https:\\\/\\\/centro-cee.com\\\/web\\\/\"},{\"@type\":\"ListItem\",\"position\":2,\"name\":\"M\u00e1ster en nutrici\u00f3n y diet\u00e9tica deportiva y coaching deportivo\"}]},{\"@type\":\"WebSite\",\"@id\":\"https:\\\/\\\/centro-cee.com\\\/web\\\/#website\",\"url\":\"https:\\\/\\\/centro-cee.com\\\/web\\\/\",\"name\":\"Centro Europeo E-learning\",\"description\":\"CEE Formaci\u00f3n Online\",\"publisher\":{\"@id\":\"https:\\\/\\\/centro-cee.com\\\/web\\\/#organization\"},\"alternateName\":\"Centro Online de Formaci\u00f3n\",\"potentialAction\":[{\"@type\":\"SearchAction\",\"target\":{\"@type\":\"EntryPoint\",\"urlTemplate\":\"https:\\\/\\\/centro-cee.com\\\/web\\\/?s={search_term_string}\"},\"query-input\":{\"@type\":\"PropertyValueSpecification\",\"valueRequired\":true,\"valueName\":\"search_term_string\"}}],\"inLanguage\":\"es\"},{\"@type\":\"Organization\",\"@id\":\"https:\\\/\\\/centro-cee.com\\\/web\\\/#organization\",\"name\":\"Centro Europeo E-learning CEE\",\"url\":\"https:\\\/\\\/centro-cee.com\\\/web\\\/\",\"logo\":{\"@type\":\"ImageObject\",\"inLanguage\":\"es\",\"@id\":\"https:\\\/\\\/centro-cee.com\\\/web\\\/#\\\/schema\\\/logo\\\/image\\\/\",\"url\":\"https:\\\/\\\/centro-cee.com\\\/web\\\/wp-content\\\/uploads\\\/2022\\\/12\\\/cropped-logo_educa.png\",\"contentUrl\":\"https:\\\/\\\/centro-cee.com\\\/web\\\/wp-content\\\/uploads\\\/2022\\\/12\\\/cropped-logo_educa.png\",\"width\":157,\"height\":63,\"caption\":\"Centro Europeo E-learning CEE\"},\"image\":{\"@id\":\"https:\\\/\\\/centro-cee.com\\\/web\\\/#\\\/schema\\\/logo\\\/image\\\/\"},\"sameAs\":[\"https:\\\/\\\/www.instagram.com\\\/centroeuropeo_cee\"]}]}<\/script>\n<!-- \/ Yoast SEO plugin. -->","yoast_head_json":{"title":"M\u00e1ster en nutrici\u00f3n y diet\u00e9tica deportiva y coaching deportivo","description":"Obt\u00e9n las habilidades necesarias para convertirte en un profesional con nuestro M\u00e1ster en nutrici\u00f3n y diet\u00e9tica deportiva y coaching deportivo","robots":{"index":"index","follow":"follow","max-snippet":"max-snippet:-1","max-image-preview":"max-image-preview:large","max-video-preview":"max-video-preview:-1"},"canonical":"https:\/\/centro-cee.com\/web\/producto\/master-en-nutricion-y-dietetica-deportiva-y-coaching-deportivo\/","og_locale":"es_ES","og_type":"article","og_title":"M\u00e1ster en nutrici\u00f3n y diet\u00e9tica deportiva y coaching deportivo","og_description":"Obt\u00e9n las habilidades necesarias para convertirte en un profesional con nuestro M\u00e1ster en nutrici\u00f3n y diet\u00e9tica deportiva y coaching deportivo","og_url":"https:\/\/centro-cee.com\/web\/producto\/master-en-nutricion-y-dietetica-deportiva-y-coaching-deportivo\/","og_site_name":"CEE Centro Europeo E-learning - Cursos online","article_modified_time":"2026-03-13T16:59:41+00:00","og_image":[{"width":800,"height":534,"url":"https:\/\/centro-cee.com\/web\/wp-content\/uploads\/2023\/10\/imagen_2023-10-31_133836031.png","type":"image\/png"}],"twitter_card":"summary_large_image","twitter_misc":{"Tiempo de lectura":"7 minutos"},"schema":{"@context":"https:\/\/schema.org","@graph":[{"@type":"WebPage","@id":"https:\/\/centro-cee.com\/web\/producto\/master-en-nutricion-y-dietetica-deportiva-y-coaching-deportivo\/","url":"https:\/\/centro-cee.com\/web\/producto\/master-en-nutricion-y-dietetica-deportiva-y-coaching-deportivo\/","name":"M\u00e1ster en nutrici\u00f3n y diet\u00e9tica deportiva y coaching deportivo","isPartOf":{"@id":"https:\/\/centro-cee.com\/web\/#website"},"primaryImageOfPage":{"@id":"https:\/\/centro-cee.com\/web\/producto\/master-en-nutricion-y-dietetica-deportiva-y-coaching-deportivo\/#primaryimage"},"image":{"@id":"https:\/\/centro-cee.com\/web\/producto\/master-en-nutricion-y-dietetica-deportiva-y-coaching-deportivo\/#primaryimage"},"thumbnailUrl":"https:\/\/centro-cee.com\/web\/wp-content\/uploads\/2023\/10\/imagen_2023-10-31_133836031.png","datePublished":"2023-10-31T12:34:23+00:00","dateModified":"2026-03-13T16:59:41+00:00","description":"Obt\u00e9n las habilidades necesarias para convertirte en un profesional con nuestro M\u00e1ster en nutrici\u00f3n y diet\u00e9tica deportiva y coaching deportivo","breadcrumb":{"@id":"https:\/\/centro-cee.com\/web\/producto\/master-en-nutricion-y-dietetica-deportiva-y-coaching-deportivo\/#breadcrumb"},"inLanguage":"es","potentialAction":[{"@type":"ReadAction","target":["https:\/\/centro-cee.com\/web\/producto\/master-en-nutricion-y-dietetica-deportiva-y-coaching-deportivo\/"]}]},{"@type":"ImageObject","inLanguage":"es","@id":"https:\/\/centro-cee.com\/web\/producto\/master-en-nutricion-y-dietetica-deportiva-y-coaching-deportivo\/#primaryimage","url":"https:\/\/centro-cee.com\/web\/wp-content\/uploads\/2023\/10\/imagen_2023-10-31_133836031.png","contentUrl":"https:\/\/centro-cee.com\/web\/wp-content\/uploads\/2023\/10\/imagen_2023-10-31_133836031.png","width":800,"height":534,"caption":"M\u00e1ster en nutrici\u00f3n y diet\u00e9tica deportiva y coaching deportivo"},{"@type":"BreadcrumbList","@id":"https:\/\/centro-cee.com\/web\/producto\/master-en-nutricion-y-dietetica-deportiva-y-coaching-deportivo\/#breadcrumb","itemListElement":[{"@type":"ListItem","position":1,"name":"Portada","item":"https:\/\/centro-cee.com\/web\/"},{"@type":"ListItem","position":2,"name":"M\u00e1ster en nutrici\u00f3n y diet\u00e9tica deportiva y coaching deportivo"}]},{"@type":"WebSite","@id":"https:\/\/centro-cee.com\/web\/#website","url":"https:\/\/centro-cee.com\/web\/","name":"Centro Europeo E-learning","description":"CEE Formaci\u00f3n Online","publisher":{"@id":"https:\/\/centro-cee.com\/web\/#organization"},"alternateName":"Centro Online de Formaci\u00f3n","potentialAction":[{"@type":"SearchAction","target":{"@type":"EntryPoint","urlTemplate":"https:\/\/centro-cee.com\/web\/?s={search_term_string}"},"query-input":{"@type":"PropertyValueSpecification","valueRequired":true,"valueName":"search_term_string"}}],"inLanguage":"es"},{"@type":"Organization","@id":"https:\/\/centro-cee.com\/web\/#organization","name":"Centro Europeo E-learning CEE","url":"https:\/\/centro-cee.com\/web\/","logo":{"@type":"ImageObject","inLanguage":"es","@id":"https:\/\/centro-cee.com\/web\/#\/schema\/logo\/image\/","url":"https:\/\/centro-cee.com\/web\/wp-content\/uploads\/2022\/12\/cropped-logo_educa.png","contentUrl":"https:\/\/centro-cee.com\/web\/wp-content\/uploads\/2022\/12\/cropped-logo_educa.png","width":157,"height":63,"caption":"Centro Europeo E-learning CEE"},"image":{"@id":"https:\/\/centro-cee.com\/web\/#\/schema\/logo\/image\/"},"sameAs":["https:\/\/www.instagram.com\/centroeuropeo_cee"]}]}},"_links":{"self":[{"href":"https:\/\/centro-cee.com\/web\/wp-json\/wp\/v2\/product\/1487","targetHints":{"allow":["GET"]}}],"collection":[{"href":"https:\/\/centro-cee.com\/web\/wp-json\/wp\/v2\/product"}],"about":[{"href":"https:\/\/centro-cee.com\/web\/wp-json\/wp\/v2\/types\/product"}],"replies":[{"embeddable":true,"href":"https:\/\/centro-cee.com\/web\/wp-json\/wp\/v2\/comments?post=1487"}],"wp:featuredmedia":[{"embeddable":true,"href":"https:\/\/centro-cee.com\/web\/wp-json\/wp\/v2\/media\/1489"}],"wp:attachment":[{"href":"https:\/\/centro-cee.com\/web\/wp-json\/wp\/v2\/media?parent=1487"}],"wp:term":[{"taxonomy":"product_brand","embeddable":true,"href":"https:\/\/centro-cee.com\/web\/wp-json\/wp\/v2\/product_brand?post=1487"},{"taxonomy":"product_cat","embeddable":true,"href":"https:\/\/centro-cee.com\/web\/wp-json\/wp\/v2\/product_cat?post=1487"},{"taxonomy":"product_tag","embeddable":true,"href":"https:\/\/centro-cee.com\/web\/wp-json\/wp\/v2\/product_tag?post=1487"}],"curies":[{"name":"wp","href":"https:\/\/api.w.org\/{rel}","templated":true}]}}