{"id":1315,"date":"2023-06-19T10:30:20","date_gmt":"2023-06-19T10:30:20","guid":{"rendered":"https:\/\/centro-cee.com\/web\/?post_type=product&#038;p=1315"},"modified":"2024-10-18T10:31:48","modified_gmt":"2024-10-18T10:31:48","slug":"curso-superior-de-responsable-tecnico-de-taller-mecanico","status":"publish","type":"product","link":"https:\/\/centro-cee.com\/web\/producto\/curso-superior-de-responsable-tecnico-de-taller-mecanico\/","title":{"rendered":"Curso superior de responsable t\u00e9cnico de taller mec\u00e1nico"},"content":{"rendered":"<p><a href=\"https:\/\/centro-cee.com\/web\/formaciones\/\">Atr\u00e1s<\/a><\/p>\n<p><em><strong>Curso superior de responsable t\u00e9cnico de taller mec\u00e1nico<\/strong><\/em><\/p>\n<p>Toda esta formaci\u00f3n se realiza 100% online en nuestro campus online de formaci\u00f3n.<\/p>\n<p>Las tutorias se realizan directamente desde el campus de estudio con la opci\u00f3n de mensajer\u00eda a profesores. Las tutorias son \u00aba demanda\u00bb, cuando necesites soporte nos lo pides.<\/p>\n<p>Los t\u00edtulos de Centro CEE est\u00e1n autenticados por la firma de notario que valida contenidos y autenticidad a nivel internacional. Nuestra organizaci\u00f3n pertenece a la Asociaci\u00f3n Espa\u00f1ola de Calidad, organizaci\u00f3n Espa\u00f1ola de referencia para la calidad en la formaci\u00f3n. La certificaci\u00f3n se puede apostillar por la Haya para cualquier pa\u00eds firmante del convenio de la Haya.<\/p>\n<p>Se puede pagar a plazos.<\/p>\n<p>Carga horaria de la formaci\u00f3n: 200h<\/p>\n<h2>Temario<\/h2>\n<hr \/>\n<p>1. M\u00d3DULO 1. CONOCIMIENTOS GENERALES DE LA MEC\u00c1NICA DEL AUTOM\u00d3VIL<br \/>\nTEMA 1 EL VEH\u00cdCULO<br \/>\n1. Introducci\u00f3n<br \/>\n2. Veh\u00edculos autom\u00f3viles<br \/>\n3. \u00d3rganos principales de un veh\u00edculo autom\u00f3vil<br \/>\n4. Sistemas auxiliares de seguridad y confort<br \/>\n5. Talleres y tipos<br \/>\nTEMA 2 EL MOTOR<br \/>\n1. Motor: definici\u00f3n y tipos<br \/>\n2. Potencia del motor, par motor y curvas caracter\u00edsticas<br \/>\n3. Componentes del motor<br \/>\n4. Comparaci\u00f3n entre motores de explosi\u00f3n y motores diesel<br \/>\nTEMA 3. LUBRICACI\u00d3N, REFRIGERACI\u00d3N Y ALIMENTACI\u00d3N<br \/>\n1. Sistema de lubricaci\u00f3n<br \/>\n2. Sistema de refrigeraci\u00f3n<br \/>\n3. Sistema de alimentaci\u00f3n y carburaci\u00f3n<br \/>\nTEMA 4 TRANSMISI\u00d3N, FRENADO, SUSPENSI\u00d3N Y DIRECCI\u00d3N<br \/>\n1. Sistema de transmisi\u00f3n<br \/>\n2. Sistema de frenos<br \/>\n3. Sistema de suspensi\u00f3n<br \/>\n4. Sistema de direcci\u00f3n<br \/>\n5. Ruedas y neum\u00e1ticos<br \/>\nTEMA 5 SISTEMA EL\u00c9CTRICO<br \/>\n1. Concepto y funci\u00f3n del sistema electr\u00f3nico<br \/>\n2. Bater\u00eda<br \/>\n3. Generador de energ\u00eda<br \/>\n4. Puesta en marcha el\u00e9ctrica<br \/>\n5. Sistema de alumbrado<br \/>\n6. Sistemas el\u00e9ctricos auxiliares<br \/>\n7. Sistema de inyecci\u00f3n<br \/>\nTEMA 6 CARROCER\u00cdA I. DEFINICI\u00d3N, TIPOS Y MATERIALES<br \/>\n1. La carrocer\u00eda<br \/>\n2. Tipos de carrocer\u00eda<br \/>\n3. Materiales<br \/>\n4. Identificaci\u00f3n de los materiales<br \/>\n5. Herramientas para la carrocer\u00eda<br \/>\n6. Instalaciones necesarias<br \/>\nTEMA 7 CARROCER\u00cdA II. PROCESOS DE REPARACI\u00d3N<br \/>\n1. An\u00e1lisis del da\u00f1o<br \/>\n2. Proceso de reparaci\u00f3n en fr\u00edo<br \/>\n3. Proceso de reparaci\u00f3n con aportaci\u00f3n de calor<br \/>\n4. Operaciones de golpeo continuo<br \/>\n5. Extracci\u00f3n de abolladura con equipo multifunci\u00f3n<br \/>\n6. Extracci\u00f3n de abolladura con equipo neum\u00e1tico<br \/>\n7. Extracci\u00f3n de abolladura con ventosas<br \/>\n8. Reparaci\u00f3n de pol\u00edmeros<br \/>\nTEMA 8 PINTURA<br \/>\n1. Pinturas<br \/>\n2. Masillas, imprimaciones y aparejos<br \/>\n3. Herramientas para la actividad de pintado<br \/>\n4. Proceso de aplicaci\u00f3n de la pintura<br \/>\n5. Defectos de pintado y correcci\u00f3n<br \/>\n6. Seguridad y salud laboral<br \/>\n7. M\u00d3DULO 2. LEGISLACI\u00d3N REGULADORA DE LOS TALLERES DE VEH\u00cdCULOS Y SU RELACI\u00d3N CON LAS INSPECCIONES T\u00c9CNICAS DE VEH\u00cdCULOS<br \/>\nTEMA 1. REAL DECRETO 1457\/1986, DE 10 DE ENERO<br \/>\n1. Real Decreto 1457\/1986, de 10 de enero, por el que se regulan la actividad industrial y la prestaci\u00f3n de servicios en los talleres de reparaci\u00f3n de veh\u00edculos autom\u00f3viles, de sus equipos y componentes<br \/>\n2. T\u00edtulo preliminar. \u00c1mbito de aplicaci\u00f3n<br \/>\n3. T\u00edtulo I. Conceptos y clasificaciones<br \/>\n4. T\u00edtulo II. Condiciones y requisitos de la actividad industrial<br \/>\n5. T\u00edtulo III. Centros de diagnosis y dict\u00e1menes t\u00e9cnicos<br \/>\n6. T\u00edtulo IV. Garant\u00edas, responsabilidades<br \/>\n7. T\u00edtulo V. Competencias, infracciones y sanciones<br \/>\n8. Disposiciones<br \/>\n9. Anexos<br \/>\nTEMA 2. INSPECCIONES T\u00c9CNICAS DE VEH\u00cdCULOS (ITV)<br \/>\n1. Introducci\u00f3n<br \/>\n2. Real Decreto 2042\/1994, de 14 de octubre, por el que se regula la Inspecci\u00f3n T\u00e9cnica de Veh\u00edculos<br \/>\n3. Real Decreto 224\/2008, de 15 de febrero, sobre normas generales de instalaci\u00f3n y funcionamiento de las estaciones de inspecci\u00f3n t\u00e9cnica de veh\u00edculos<br \/>\nTEMA 3. LOS TALLERES Y LA LEGISLACI\u00d3N APLICABLE A LAS REFORMAS<br \/>\n1. Introducci\u00f3n<br \/>\n2. Real Decreto 866\/2010, de 2 de julio, por el que se regula la tramitaci\u00f3n de las reformas de veh\u00edculos<br \/>\n3. M\u00d3DULO 3. OBLIGACIONES DE LOS TALLERES EN MATERIA MEDIOAMBIENTAL, DE SEGURIDAD, METROLOG\u00cdA, RIESGOS LABORALES Y CONSUMO 101<br \/>\nTEMA 1. MARCO NORMATIVO B\u00c1SICO EN MATERIA DE PREVENCI\u00d3N DE RIESGOS LABORALES. DERECHOS Y DEBERES<br \/>\n1. Normativa<br \/>\n2. Derechos, obligaciones y sanciones en Prevenci\u00f3n de Riesgos Laborales<br \/>\nTEMA 2. NORMATIVA DE SEGURIDAD Y RIESGOS EN LOS TALLERES MEC\u00c1NICOS<br \/>\n1. Normativas de seguridad aplicables en los talleres de reparaci\u00f3n<br \/>\n2. Los riesgos en talleres mec\u00e1nicos<br \/>\nTEMA 3. GESTI\u00d3N DE RESIDUOS Y BUENAS PR\u00c1CTICAS MEDIOAMBIENTALES EN TALLERES MEC\u00c1NICOS<br \/>\n1. Gesti\u00f3n de residuos<br \/>\n2. Buenas Pr\u00e1cticas Medioambientales en talleres mec\u00e1nicos<br \/>\n3. Problem\u00e1tica y gesti\u00f3n de los residuos peligrosos<br \/>\nTEMA 4. MARCO NORMATIVO B\u00c1SICO EN MATERIA DE MEDIOAMBIENTE Y GESTI\u00d3N DE RESIDUOS<br \/>\n1. Introducci\u00f3n<br \/>\n2. El sistema jur\u00eddico en materia de medio ambiente. Normativa comunitaria, estatal, auton\u00f3mica y local<br \/>\n3. El ordenamiento jur\u00eddico estatal<br \/>\n4. Proyectos de Directivas Comunitarias en materia de residuos<br \/>\n5. Resumen de las normativas estatales<br \/>\n6. Normativa sobre la producci\u00f3n y gesti\u00f3n de determinados tipos de residuos<br \/>\n7. Legislaci\u00f3n sobre Sistemas de Gesti\u00f3n Medioambiental (ISO 14001)<br \/>\nTEMA 5. ATENCI\u00d3N AL CLIENTE Y ORGANIZACI\u00d3N DEL TALLER MEC\u00c1NICO<br \/>\n1. Concepto y caracter\u00edsticas de la funci\u00f3n de atenci\u00f3n al cliente<br \/>\n2. Cumplimiento de las obligaciones reglamentarias<br \/>\n3. Mantenimiento del taller mec\u00e1nico<br \/>\n4. Organizaci\u00f3n y control del taller mec\u00e1nico<\/p>\n<p><em><strong>Curso superior de responsable t\u00e9cnico de taller mec\u00e1nico<\/strong><\/em><\/p>\n<hr \/>\n","protected":false},"excerpt":{"rendered":"<p><a href=\"https:\/\/centro-cee.com\/web\/formaciones\/\">Atr\u00e1s<\/a><\/p>\n<p>Aprende a trabajar en un taller automotriz m\u00e1s eficaces gracias a este Curso Superior de Responsable T\u00e9cnico de Taller Mec\u00e1nico<\/p>\n<p>Esta formaci\u00f3n es necesaria para la apertura de un nuevo taller mec\u00e1nico o bien en talleres existentes en los que debe existir la figura del responsable t\u00e9cnico de taller. Adem\u00e1s, a lo largo de este curso vas a revisar de forma general la mec\u00e1nica del autom\u00f3vil, como el motor, refrigeraci\u00f3n, transmisi\u00f3n, frenado, direcci\u00f3n, etc&#8230; hasta los procesos de reparaci\u00f3n, pintura, etc.<\/p>\n<p>Tambi\u00e9n conocer\u00e1s los RD que afectan a las inspecciones ITV, y la legislaci\u00f3n aplicable a los talleres, prl y gesti\u00f3n de residuos. Por \u00faltimo, la formaci\u00f3n obtenida es de alto nivel y con gran cantidad de contenidos que dotaran a las\/los alumnas\/os de unos conocimientos excelentes<\/p>\n","protected":false},"featured_media":1316,"comment_status":"closed","ping_status":"closed","template":"","meta":[],"product_brand":[],"product_cat":[34],"product_tag":[1070,1066,1072,1068,1067,1073,1071,1075,1074,1069],"class_list":{"0":"post-1315","1":"product","2":"type-product","3":"status-publish","4":"has-post-thumbnail","6":"product_cat-tecnicos","7":"product_tag-certificacion-en-gestion-de-talleres-mecanicos","8":"product_tag-curso-de-responsable-tecnico-de-taller-mecanico","9":"product_tag-curso-online-de-gestion-de-talleres","10":"product_tag-formacion-en-administracion-de-talleres","11":"product_tag-gestion-de-taller-mecanico","12":"product_tag-liderazgo-en-talleres-automotrices","13":"product_tag-mantenimiento-y-reparacion-de-vehiculos","14":"product_tag-organizacion-de-servicios-mecanicos","15":"product_tag-tecnicas-de-supervision-en-talleres-mecanicos","16":"product_tag-tecnico-en-mecanica-automotriz","18":"first","19":"instock","20":"sale","21":"shipping-taxable","22":"purchasable","23":"product-type-simple"},"yoast_head":"<!-- This site is optimized with the Yoast SEO plugin v27.5 - https:\/\/yoast.com\/product\/yoast-seo-wordpress\/ -->\n<title>Curso superior de responsable t\u00e9cnico de taller mec\u00e1nico<\/title>\n<meta name=\"description\" content=\"Obt\u00e9n las habilidades necesarias para ser un responsable profesional de mecanica con nuestro Curso superior de responsable t\u00e9cnico de taller mec\u00e1nico\" \/>\n<meta name=\"robots\" content=\"index, follow, max-snippet:-1, max-image-preview:large, max-video-preview:-1\" \/>\n<link rel=\"canonical\" href=\"https:\/\/centro-cee.com\/web\/producto\/curso-superior-de-responsable-tecnico-de-taller-mecanico\/\" \/>\n<meta property=\"og:locale\" content=\"es_ES\" \/>\n<meta property=\"og:type\" content=\"article\" \/>\n<meta property=\"og:title\" content=\"Curso superior de responsable t\u00e9cnico de taller mec\u00e1nico\" \/>\n<meta property=\"og:description\" content=\"Obt\u00e9n las habilidades necesarias para ser un responsable profesional de mecanica con nuestro Curso superior de responsable t\u00e9cnico de taller mec\u00e1nico\" \/>\n<meta property=\"og:url\" content=\"https:\/\/centro-cee.com\/web\/producto\/curso-superior-de-responsable-tecnico-de-taller-mecanico\/\" \/>\n<meta property=\"og:site_name\" content=\"CEE Centro Europeo E-learning - Cursos online\" \/>\n<meta property=\"article:modified_time\" content=\"2024-10-18T10:31:48+00:00\" \/>\n<meta property=\"og:image\" content=\"https:\/\/centro-cee.com\/web\/wp-content\/uploads\/2023\/06\/imagen_2023-06-19_123406087.png\" \/>\n\t<meta property=\"og:image:width\" content=\"798\" \/>\n\t<meta property=\"og:image:height\" content=\"536\" \/>\n\t<meta property=\"og:image:type\" content=\"image\/png\" \/>\n<meta name=\"twitter:card\" content=\"summary_large_image\" \/>\n<meta name=\"twitter:label1\" content=\"Tiempo de lectura\" \/>\n\t<meta name=\"twitter:data1\" content=\"4 minutos\" \/>\n<script type=\"application\/ld+json\" class=\"yoast-schema-graph\">{\"@context\":\"https:\\\/\\\/schema.org\",\"@graph\":[{\"@type\":\"WebPage\",\"@id\":\"https:\\\/\\\/centro-cee.com\\\/web\\\/producto\\\/curso-superior-de-responsable-tecnico-de-taller-mecanico\\\/\",\"url\":\"https:\\\/\\\/centro-cee.com\\\/web\\\/producto\\\/curso-superior-de-responsable-tecnico-de-taller-mecanico\\\/\",\"name\":\"Curso superior de responsable t\u00e9cnico de taller mec\u00e1nico\",\"isPartOf\":{\"@id\":\"https:\\\/\\\/centro-cee.com\\\/web\\\/#website\"},\"primaryImageOfPage\":{\"@id\":\"https:\\\/\\\/centro-cee.com\\\/web\\\/producto\\\/curso-superior-de-responsable-tecnico-de-taller-mecanico\\\/#primaryimage\"},\"image\":{\"@id\":\"https:\\\/\\\/centro-cee.com\\\/web\\\/producto\\\/curso-superior-de-responsable-tecnico-de-taller-mecanico\\\/#primaryimage\"},\"thumbnailUrl\":\"https:\\\/\\\/centro-cee.com\\\/web\\\/wp-content\\\/uploads\\\/2023\\\/06\\\/imagen_2023-06-19_123406087.png\",\"datePublished\":\"2023-06-19T10:30:20+00:00\",\"dateModified\":\"2024-10-18T10:31:48+00:00\",\"description\":\"Obt\u00e9n las habilidades necesarias para ser un responsable profesional de mecanica con nuestro Curso superior de responsable t\u00e9cnico de taller mec\u00e1nico\",\"breadcrumb\":{\"@id\":\"https:\\\/\\\/centro-cee.com\\\/web\\\/producto\\\/curso-superior-de-responsable-tecnico-de-taller-mecanico\\\/#breadcrumb\"},\"inLanguage\":\"es\",\"potentialAction\":[{\"@type\":\"ReadAction\",\"target\":[\"https:\\\/\\\/centro-cee.com\\\/web\\\/producto\\\/curso-superior-de-responsable-tecnico-de-taller-mecanico\\\/\"]}]},{\"@type\":\"ImageObject\",\"inLanguage\":\"es\",\"@id\":\"https:\\\/\\\/centro-cee.com\\\/web\\\/producto\\\/curso-superior-de-responsable-tecnico-de-taller-mecanico\\\/#primaryimage\",\"url\":\"https:\\\/\\\/centro-cee.com\\\/web\\\/wp-content\\\/uploads\\\/2023\\\/06\\\/imagen_2023-06-19_123406087.png\",\"contentUrl\":\"https:\\\/\\\/centro-cee.com\\\/web\\\/wp-content\\\/uploads\\\/2023\\\/06\\\/imagen_2023-06-19_123406087.png\",\"width\":798,\"height\":536,\"caption\":\"curso superior de responsable t\u00e9cnico de taller mec\u00e1nico\"},{\"@type\":\"BreadcrumbList\",\"@id\":\"https:\\\/\\\/centro-cee.com\\\/web\\\/producto\\\/curso-superior-de-responsable-tecnico-de-taller-mecanico\\\/#breadcrumb\",\"itemListElement\":[{\"@type\":\"ListItem\",\"position\":1,\"name\":\"Portada\",\"item\":\"https:\\\/\\\/centro-cee.com\\\/web\\\/\"},{\"@type\":\"ListItem\",\"position\":2,\"name\":\"Curso superior de responsable t\u00e9cnico de taller mec\u00e1nico\"}]},{\"@type\":\"WebSite\",\"@id\":\"https:\\\/\\\/centro-cee.com\\\/web\\\/#website\",\"url\":\"https:\\\/\\\/centro-cee.com\\\/web\\\/\",\"name\":\"Centro Europeo E-learning\",\"description\":\"CEE Formaci\u00f3n Online\",\"publisher\":{\"@id\":\"https:\\\/\\\/centro-cee.com\\\/web\\\/#organization\"},\"alternateName\":\"Centro Online de Formaci\u00f3n\",\"potentialAction\":[{\"@type\":\"SearchAction\",\"target\":{\"@type\":\"EntryPoint\",\"urlTemplate\":\"https:\\\/\\\/centro-cee.com\\\/web\\\/?s={search_term_string}\"},\"query-input\":{\"@type\":\"PropertyValueSpecification\",\"valueRequired\":true,\"valueName\":\"search_term_string\"}}],\"inLanguage\":\"es\"},{\"@type\":\"Organization\",\"@id\":\"https:\\\/\\\/centro-cee.com\\\/web\\\/#organization\",\"name\":\"Centro Europeo E-learning CEE\",\"url\":\"https:\\\/\\\/centro-cee.com\\\/web\\\/\",\"logo\":{\"@type\":\"ImageObject\",\"inLanguage\":\"es\",\"@id\":\"https:\\\/\\\/centro-cee.com\\\/web\\\/#\\\/schema\\\/logo\\\/image\\\/\",\"url\":\"https:\\\/\\\/centro-cee.com\\\/web\\\/wp-content\\\/uploads\\\/2022\\\/12\\\/cropped-logo_educa.png\",\"contentUrl\":\"https:\\\/\\\/centro-cee.com\\\/web\\\/wp-content\\\/uploads\\\/2022\\\/12\\\/cropped-logo_educa.png\",\"width\":157,\"height\":63,\"caption\":\"Centro Europeo E-learning CEE\"},\"image\":{\"@id\":\"https:\\\/\\\/centro-cee.com\\\/web\\\/#\\\/schema\\\/logo\\\/image\\\/\"},\"sameAs\":[\"https:\\\/\\\/www.instagram.com\\\/centroeuropeo_cee\"]}]}<\/script>\n<!-- \/ Yoast SEO plugin. -->","yoast_head_json":{"title":"Curso superior de responsable t\u00e9cnico de taller mec\u00e1nico","description":"Obt\u00e9n las habilidades necesarias para ser un responsable profesional de mecanica con nuestro Curso superior de responsable t\u00e9cnico de taller mec\u00e1nico","robots":{"index":"index","follow":"follow","max-snippet":"max-snippet:-1","max-image-preview":"max-image-preview:large","max-video-preview":"max-video-preview:-1"},"canonical":"https:\/\/centro-cee.com\/web\/producto\/curso-superior-de-responsable-tecnico-de-taller-mecanico\/","og_locale":"es_ES","og_type":"article","og_title":"Curso superior de responsable t\u00e9cnico de taller mec\u00e1nico","og_description":"Obt\u00e9n las habilidades necesarias para ser un responsable profesional de mecanica con nuestro Curso superior de responsable t\u00e9cnico de taller mec\u00e1nico","og_url":"https:\/\/centro-cee.com\/web\/producto\/curso-superior-de-responsable-tecnico-de-taller-mecanico\/","og_site_name":"CEE Centro Europeo E-learning - Cursos online","article_modified_time":"2024-10-18T10:31:48+00:00","og_image":[{"width":798,"height":536,"url":"https:\/\/centro-cee.com\/web\/wp-content\/uploads\/2023\/06\/imagen_2023-06-19_123406087.png","type":"image\/png"}],"twitter_card":"summary_large_image","twitter_misc":{"Tiempo de lectura":"4 minutos"},"schema":{"@context":"https:\/\/schema.org","@graph":[{"@type":"WebPage","@id":"https:\/\/centro-cee.com\/web\/producto\/curso-superior-de-responsable-tecnico-de-taller-mecanico\/","url":"https:\/\/centro-cee.com\/web\/producto\/curso-superior-de-responsable-tecnico-de-taller-mecanico\/","name":"Curso superior de responsable t\u00e9cnico de taller mec\u00e1nico","isPartOf":{"@id":"https:\/\/centro-cee.com\/web\/#website"},"primaryImageOfPage":{"@id":"https:\/\/centro-cee.com\/web\/producto\/curso-superior-de-responsable-tecnico-de-taller-mecanico\/#primaryimage"},"image":{"@id":"https:\/\/centro-cee.com\/web\/producto\/curso-superior-de-responsable-tecnico-de-taller-mecanico\/#primaryimage"},"thumbnailUrl":"https:\/\/centro-cee.com\/web\/wp-content\/uploads\/2023\/06\/imagen_2023-06-19_123406087.png","datePublished":"2023-06-19T10:30:20+00:00","dateModified":"2024-10-18T10:31:48+00:00","description":"Obt\u00e9n las habilidades necesarias para ser un responsable profesional de mecanica con nuestro Curso superior de responsable t\u00e9cnico de taller mec\u00e1nico","breadcrumb":{"@id":"https:\/\/centro-cee.com\/web\/producto\/curso-superior-de-responsable-tecnico-de-taller-mecanico\/#breadcrumb"},"inLanguage":"es","potentialAction":[{"@type":"ReadAction","target":["https:\/\/centro-cee.com\/web\/producto\/curso-superior-de-responsable-tecnico-de-taller-mecanico\/"]}]},{"@type":"ImageObject","inLanguage":"es","@id":"https:\/\/centro-cee.com\/web\/producto\/curso-superior-de-responsable-tecnico-de-taller-mecanico\/#primaryimage","url":"https:\/\/centro-cee.com\/web\/wp-content\/uploads\/2023\/06\/imagen_2023-06-19_123406087.png","contentUrl":"https:\/\/centro-cee.com\/web\/wp-content\/uploads\/2023\/06\/imagen_2023-06-19_123406087.png","width":798,"height":536,"caption":"curso superior de responsable t\u00e9cnico de taller mec\u00e1nico"},{"@type":"BreadcrumbList","@id":"https:\/\/centro-cee.com\/web\/producto\/curso-superior-de-responsable-tecnico-de-taller-mecanico\/#breadcrumb","itemListElement":[{"@type":"ListItem","position":1,"name":"Portada","item":"https:\/\/centro-cee.com\/web\/"},{"@type":"ListItem","position":2,"name":"Curso superior de responsable t\u00e9cnico de taller mec\u00e1nico"}]},{"@type":"WebSite","@id":"https:\/\/centro-cee.com\/web\/#website","url":"https:\/\/centro-cee.com\/web\/","name":"Centro Europeo E-learning","description":"CEE Formaci\u00f3n Online","publisher":{"@id":"https:\/\/centro-cee.com\/web\/#organization"},"alternateName":"Centro Online de Formaci\u00f3n","potentialAction":[{"@type":"SearchAction","target":{"@type":"EntryPoint","urlTemplate":"https:\/\/centro-cee.com\/web\/?s={search_term_string}"},"query-input":{"@type":"PropertyValueSpecification","valueRequired":true,"valueName":"search_term_string"}}],"inLanguage":"es"},{"@type":"Organization","@id":"https:\/\/centro-cee.com\/web\/#organization","name":"Centro Europeo E-learning CEE","url":"https:\/\/centro-cee.com\/web\/","logo":{"@type":"ImageObject","inLanguage":"es","@id":"https:\/\/centro-cee.com\/web\/#\/schema\/logo\/image\/","url":"https:\/\/centro-cee.com\/web\/wp-content\/uploads\/2022\/12\/cropped-logo_educa.png","contentUrl":"https:\/\/centro-cee.com\/web\/wp-content\/uploads\/2022\/12\/cropped-logo_educa.png","width":157,"height":63,"caption":"Centro Europeo E-learning CEE"},"image":{"@id":"https:\/\/centro-cee.com\/web\/#\/schema\/logo\/image\/"},"sameAs":["https:\/\/www.instagram.com\/centroeuropeo_cee"]}]}},"_links":{"self":[{"href":"https:\/\/centro-cee.com\/web\/wp-json\/wp\/v2\/product\/1315","targetHints":{"allow":["GET"]}}],"collection":[{"href":"https:\/\/centro-cee.com\/web\/wp-json\/wp\/v2\/product"}],"about":[{"href":"https:\/\/centro-cee.com\/web\/wp-json\/wp\/v2\/types\/product"}],"replies":[{"embeddable":true,"href":"https:\/\/centro-cee.com\/web\/wp-json\/wp\/v2\/comments?post=1315"}],"wp:featuredmedia":[{"embeddable":true,"href":"https:\/\/centro-cee.com\/web\/wp-json\/wp\/v2\/media\/1316"}],"wp:attachment":[{"href":"https:\/\/centro-cee.com\/web\/wp-json\/wp\/v2\/media?parent=1315"}],"wp:term":[{"taxonomy":"product_brand","embeddable":true,"href":"https:\/\/centro-cee.com\/web\/wp-json\/wp\/v2\/product_brand?post=1315"},{"taxonomy":"product_cat","embeddable":true,"href":"https:\/\/centro-cee.com\/web\/wp-json\/wp\/v2\/product_cat?post=1315"},{"taxonomy":"product_tag","embeddable":true,"href":"https:\/\/centro-cee.com\/web\/wp-json\/wp\/v2\/product_tag?post=1315"}],"curies":[{"name":"wp","href":"https:\/\/api.w.org\/{rel}","templated":true}]}}