{"id":1291,"date":"2023-06-13T09:01:30","date_gmt":"2023-06-13T09:01:30","guid":{"rendered":"https:\/\/centro-cee.com\/web\/?post_type=product&#038;p=1291"},"modified":"2026-03-13T16:51:00","modified_gmt":"2026-03-13T16:51:00","slug":"experto-en-adiestramiento-canino","status":"publish","type":"product","link":"https:\/\/centro-cee.com\/web\/producto\/experto-en-adiestramiento-canino\/","title":{"rendered":"Experto en adiestramiento canino"},"content":{"rendered":"<p><a href=\"https:\/\/centro-cee.com\/web\/formaciones\/\">Atr\u00e1s<\/a><\/p>\n<p><em><strong>Experto en adiestramiento canino<\/strong><\/em><\/p>\n<p>Toda esta formaci\u00f3n se realiza 100% online en nuestro campus online de formaci\u00f3n.<\/p>\n<p>Las tutorias se realizan directamente desde el campus de estudio con la opci\u00f3n de mensajer\u00eda a profesores. Las tutorias son \u00aba demanda\u00bb, cuando necesites soporte nos lo pides.<\/p>\n<p>Los t\u00edtulos de Centro CEE est\u00e1n autenticados por la firma de notario que valida contenidos y autenticidad a nivel internacional. Nuestra organizaci\u00f3n pertenece a la Asociaci\u00f3n Espa\u00f1ola de Calidad, organizaci\u00f3n Espa\u00f1ola de referencia para la calidad en la formaci\u00f3n. La certificaci\u00f3n se puede apostillar por la Haya para cualquier pa\u00eds firmante del convenio de la Haya.<\/p>\n<p>Se puede pagar a plazos.<\/p>\n<p>Carga horaria de la formaci\u00f3n: 300h<\/p>\n<h2>Temario<\/h2>\n<hr \/>\n<p><strong>1. COMPORTAMIENTO SOCIAL Y BASES MORFOL\u00d3GICAS DE CONDUCTA EN EL PERRO.<\/strong><br \/>\n1. Origen y evoluci\u00f3n; la domesticaci\u00f3n.<br \/>\n2. Organizaci\u00f3n social: el territorio.<br \/>\n3. Orden social.<br \/>\n4. Etapas del desarrollo en el perro: socializaci\u00f3n.<br \/>\n5. Etnolog\u00eda: origen de las razas caninas.<br \/>\n6. Morfolog\u00eda: Par\u00e1metros para la identificaci\u00f3n y clasificaci\u00f3n de las razas caninas.<br \/>\n7. Aptitudes caninas: identificaci\u00f3n de comportamientos relevantes y espec\u00edficos para los perros de trabajo y compa\u00f1\u00eda.<\/p>\n<p><strong>2. SELECCI\u00d3N DEL PERRO PARA UTILIDAD.<\/strong><br \/>\n1. M\u00e9todos para la selecci\u00f3n del cachorro.<br \/>\n2. M\u00e9todos para la selecci\u00f3n del perro joven o adulto.<br \/>\n3. Identificaci\u00f3n de conductas no deseadas en el perro.<\/p>\n<p><strong>3. FACTORES B\u00c1SICOS MODIFICADORES DE LA CONDUCTA DEL PERRO Y PRINCIPIOS PARA SU MODIFICACI\u00d3N A TRAV\u00c9S DEL APRENDIZAJE.<\/strong><br \/>\n1. Biolog\u00eda de la conducta.<br \/>\n2. Gen\u00e9tica de la conducta.<br \/>\n3. Ecolog\u00eda de la conducta.<br \/>\n4. Los sentidos del perro y su influencia en la conducta.<br \/>\n5. Aprendizaje no asociativo: habituaci\u00f3n y sensibilizaci\u00f3n.<br \/>\n6. Aprendizaje asociativo: condicionamiento cl\u00e1sico y condicionamiento instrumental.<br \/>\n7. Aprendizaje social.<br \/>\n8. Especializaciones adaptativas del aprendizaje.<br \/>\n9. Cognici\u00f3n animal: percepci\u00f3n, memoria y comunicaci\u00f3n.<br \/>\n10. Motivaci\u00f3n, emoci\u00f3n, inteligencia, e instinto.<br \/>\n11. Programas b\u00e1sicos de obediencia, control, y desarrollo de habilidades y superaci\u00f3n de obst\u00e1culos en el perro. Cuaderno o informes de seguimiento del proceso.<\/p>\n<p><strong>4. SEGURIDAD Y AUTOPROTECCI\u00d3N EN EL ADIESTRAMIENTO B\u00c1SICO Y MANEJO DE PERROS.<\/strong><br \/>\n1. El material de trabajo.<br \/>\n2. Condiciones del entorno e infraestructuras para el adiestramiento.<br \/>\n3. T\u00e9cnicas de manipulaci\u00f3n y manejo del perro<br \/>\n4. Interacci\u00f3n del perro con extra\u00f1os y otros animales.<br \/>\n<strong><br \/>\n5. EL BIENESTAR EN EL PERRO:<\/strong><br \/>\n1. Leyes y normativas sobre protecci\u00f3n animal de aplicaci\u00f3n.<br \/>\n2. Bienestar y enriquecimiento ambiental.<br \/>\n3. Enriquecimiento ambiental en perros.<br \/>\n4. Manifestaciones de la falta de bienestar en el perro.<\/p>\n<p><strong>2. ADIESTRAMIENTO DE PERROS EN OPERACIONES DE RASTREO DE PERSONAS Y\/O INDICIOS PERSONALES, SOBRE UNA PISTA OLOROSA O SUCESI\u00d3N DE HUELLAS E INDICIOS PREFIJADA<\/strong><br \/>\n<strong>UNIDAD DID\u00c1CTICA 1. PRINCIPIOS B\u00c1SICOS SOBRE EL PERRO DE RASTREO Y SU UTILIZACI\u00d3N EN OPERACIONES DE B\u00daSQUEDA.<\/strong><br \/>\n1. Origen y evoluci\u00f3n del olor humano.<br \/>\n2. Suspensi\u00f3n, dep\u00f3sito, y degradaci\u00f3n de las part\u00edculas de olor en la pista de rastreo.<br \/>\n3. Influencia de la climatolog\u00eda, las corrientes de aire, la orograf\u00eda, y el tipo de terreno en la dispersi\u00f3n de las part\u00edculas de olor.<br \/>\n4. Procesos y procedimientos para la recogida y an\u00e1lisis de datos para establecer \u00c1reas de Probabilidad como punto de inicio del rastreo.<br \/>\n5. Identificaci\u00f3n, manejo y utilizaci\u00f3n de objetos y vestigios pertenecientes a la v\u00edctima.<\/p>\n<p><strong>2. DISE\u00d1O DEL PROGRAMA DE ADIESTRAMIENTO DEL PERRO DE RASTREO.<\/strong><br \/>\n1. Dise\u00f1o del programa de adiestramiento del perro de rastreo:<br \/>\n2. Caracter\u00edsticas y utilizaci\u00f3n de materiales y equipamiento para el adiestramiento del perro de rastreo.<br \/>\n<strong><br \/>\n3. APLICACI\u00d3N DE LOS PROGRAMAS DE APRENDIZAJE Y T\u00c9CNICAS DE TRABAJO PARA EL ADIESTRAMIENTO DEL PERRO DE RASTREO.<\/strong><br \/>\n1. Trabajo del figurante-trazador en el adiestramiento de perros de rastreo.<br \/>\n2. Trazado de una pista de rastreo en funci\u00f3n de:<br \/>\n3. Estimulaci\u00f3n y motivaci\u00f3n del perro para Inducir la actitud de rastreo de una pista trazada en diferentes entornos y condiciones climatol\u00f3gicas.<br \/>\n4. Adiestramiento del perro en la asociaci\u00f3n de olores para el rastreo selectivo de una pista de olor individual.<br \/>\n5. Adiestramiento del perro en la se\u00f1alizaci\u00f3n de la v\u00edctima y de sus vestigios u objetos personales.<\/p>\n<p><strong>4. EJECUCI\u00d3N DEL RASTRO. ASPECTOS OPERATIVOS Y RESOLUCI\u00d3N DE PROBLEMAS EN EL SEGUIMIENTO.<\/strong><br \/>\n1. Valoraci\u00f3n de la competencia del perro durante el rastreo, a trav\u00e9s de la observaci\u00f3n de su lenguaje corporal:<br \/>\n2. Delimitaci\u00f3n de \u00e1reas de probabilidad y localizaci\u00f3n de una huella olfativa de inicio y direcci\u00f3n del rastro.<br \/>\n3. Aplicaci\u00f3n de procedimientos para el rastreo operativo.<\/p>\n<p><strong>3. ADIESTRAMIENTO DE PERROS EN B\u00daSQUEDA Y LOCALIZACI\u00d3N DE PERSONAS MEDIANTE VENTEO, EN ESTRUCTURAS COLAPSADAS E INTERIOR DE EDIFICIOS<br \/>\n<\/strong><strong>1. B\u00daSQUEDA DEL OLOR HUMANO EN ESTRUCTURAS COLAPSADAS Y EDIFICIOS, UTILIZANDO PERROS DE VENTEO.<\/strong><br \/>\n1. Teor\u00eda sobre el origen y desplazamiento de las part\u00edculas olorosas en estructuras colapsadas, edificaciones, y espacios confinados.<br \/>\n2. Medidas de autoprotecci\u00f3n en operaciones de salvamento en estructuras colapsadas. Riesgos directos e indirectos para los gu\u00edas y los perros de rescate.<br \/>\n3. Material e infraestructura para el adiestramiento de perros de rescate en estructuras colapsadas.<\/p>\n<p><strong>2. FUNCI\u00d3N Y UTILIZACI\u00d3N DE LOS EQUIPOS CANINOS DE RESCATE EN OPERACIONES DE B\u00daSQUEDA DE V\u00cdCTIMAS EN ESTRUCTURAS COLAPSADAS.<\/strong><br \/>\n1. Desarrollo de las operaciones de b\u00fasqueda en estructuras colapsadas. Protocolo de intervenci\u00f3n para equipos de b\u00fasqueda y localizaci\u00f3n de v\u00edctimas.<br \/>\n2. Integraci\u00f3n y funcionalidad de los equipos caninos en operaciones de b\u00fasqueda y localizaci\u00f3n de v\u00edctimas en estructuras colapsadas.<br \/>\n3. Tipolog\u00eda constructiva y tipos de derrumbamientos. Influencia en la b\u00fasqueda con perros de rescate.<br \/>\n4. Protocolos para la inspecci\u00f3n de edificios con equipos caninos de b\u00fasqueda.<\/p>\n<p><strong>3. PROGRAMA DE ADIESTRAMIENTO DEL PERRO PARA B\u00daSQUEDA Y LOCALIZACI\u00d3N DE V\u00cdCTIMAS EN ESTRUCTURAS COLAPSADAS Y EDIFICIOS.<\/strong><br \/>\n1. Preparaci\u00f3n f\u00edsica y entrenamiento espec\u00edfico del perro para b\u00fasqueda en estructuras colapsadas.<br \/>\n2. Proceso de adiestramiento del perro para b\u00fasqueda en estructuras colapsadas y edificios<br \/>\n3. Preparaci\u00f3n y adecuaci\u00f3n de los escenarios de trabajo para el adiestramiento de perros de b\u00fasqueda en cat\u00e1strofes.<br \/>\n<strong><br \/>\n4. APLICACI\u00d3N DE LOS PROGRAMAS DE APRENDIZAJE Y T\u00c9CNICAS DE TRABAJO PARA EL ADIESTRAMIENTO Y LA PREPARACI\u00d3N DEL PERRO DE RESCATE EN ESTRUCTURAS COLAPSADAS<\/strong><br \/>\n1. Procedimientos para la aplicaci\u00f3n de los programas de aprendizaje en perros de venteo en estructuras colapsadas, con el fin de fijar el comportamiento de b\u00fasqueda, detecci\u00f3n, localizaci\u00f3n, fijaci\u00f3n de la emanaci\u00f3n de olor de una v\u00edctima oculta, manifestando su presencia mediante ladridos.<br \/>\n2. Procedimientos para estimular y motivar al perro de b\u00fasqueda en estructuras colapsadas, con el fin de suscitar un comportamiento de b\u00fasqueda independiente, persistente, y resistente a la extinci\u00f3n.<br \/>\n3. Aplicaci\u00f3n del programa de entrenamiento f\u00edsico del perro para b\u00fasqueda en estructuras colapsadas:<br \/>\n<strong><br \/>\n5. EJECUCI\u00d3N DE LA B\u00daSQUEDA OPERATIVA CON PERROS DE VENTEO, DE UNA V\u00cdCTIMA EN ESTRUCTURAS COLAPSADAS O EN UN EDIFICIO.<\/strong><br \/>\n1. Procedimientos de evaluaci\u00f3n de la capacidad operativa del perro para b\u00fasqueda en cat\u00e1strofes.<br \/>\n2. Aplicaci\u00f3n de los procedimientos y protocolos de intervenci\u00f3n con perros de venteo para b\u00fasqueda de v\u00edctimas en estructuras colapsadas.<br \/>\nUNIDAD FORMATIVA 4. ADIESTRAMIENTO DE PERROS EN B\u00daSQUEDA Y LOCALIZACI\u00d3N DE PERSONAS MEDIANTE VENTEO, EN GRANDES \u00c1REAS<br \/>\nUNIDAD DID\u00c1CTICA 1. B\u00daSQUEDA DEL OLOR HUMANO EN GRANDES \u00c1REAS UTILIZANDO PERROS DE VENTEO. FACTORES METEOROL\u00d3GICOS, GEOGR\u00c1FICOS, Y DE DESPLAZAMIENTO EN ESPACIOS ABIERTOS.<br \/>\n1. Teor\u00eda sobre el origen y desplazamiento de las part\u00edculas olorosas en espacios abiertos.<br \/>\n2. Aspectos relevantes de meteorolog\u00eda en monta\u00f1a y aerolog\u00eda aplicables a la b\u00fasqueda con perros en grandes \u00e1reas.<br \/>\n3. El mapa, aspectos geogr\u00e1ficos y geom\u00e9tricos.<br \/>\n4. Materiales necesarios para trabajar e intervenir con perros de b\u00fasqueda en grandes \u00e1reas.<br \/>\n5. Riesgos asociados a la b\u00fasqueda en grandes \u00e1reas, y medidas de prevenci\u00f3n y autoprotecci\u00f3n en operaciones de b\u00fasqueda en monta\u00f1a.<\/p>\n<p><strong>2. FUNCI\u00d3N Y UTILIZACI\u00d3N DE LOS EQUIPOS CANINOS DE RESCATE EN OPERACIONES DE B\u00daSQUEDA DE V\u00cdCTIMAS EN GRANDES \u00c1REAS.<\/strong><br \/>\n1. Desarrollo de las operaciones de b\u00fasqueda en grandes \u00e1reas:<br \/>\n2. Procedimiento de sectorizaci\u00f3n del \u00e1rea de b\u00fasqueda.<br \/>\nUNIDAD DID\u00c1CTICA 3. PROGRAMA DE ADIESTRAMIENTO PARA PERROS DE B\u00daSQUEDA Y LOCALIZACI\u00d3N DE V\u00cdCTIMAS EN GRANDES \u00c1REAS.<br \/>\n1. Preparaci\u00f3n f\u00edsica y entrenamiento espec\u00edfico del perro para b\u00fasqueda en grandes \u00e1reas. &#8211; Conceptos anat\u00f3micos y fisiol\u00f3gicos de aplicaci\u00f3n en el entrenamiento del perro para b\u00fasqueda en grandes \u00e1reas.<br \/>\n2. El equipo de trabajo. T\u00e9cnicas de figurancia para el perro de b\u00fasqueda en grandes \u00e1reas.<br \/>\n3. Fases del adiestramiento para b\u00fasqueda en grandes \u00e1reas:<\/p>\n<p><strong>4. APLICACI\u00d3N DE LOS PROGRAMAS DE APRENDIZAJE Y T\u00c9CNICAS DE TRABAJO PARA EL ADIESTRAMIENTO Y LA PREPARACI\u00d3N DEL PERRO DE B\u00daSQUEDA Y LOCALIZACI\u00d3N EN GRANDES \u00c1REAS.<\/strong><br \/>\n1. Procedimientos para la aplicaci\u00f3n de los programas de aprendizaje en perros de venteo en grandes \u00e1reas con el fin de fijar el comportamiento de b\u00fasqueda, detecci\u00f3n, localizaci\u00f3n, fijaci\u00f3n de la emanaci\u00f3n de olor de una v\u00edctima, indicando su presencia mediante ladridos o\/y posici\u00f3n est\u00e1tica.<br \/>\n2. Procedimientos para estimular y motivar al perro de b\u00fasqueda en grandes \u00e1reas, con el fin de suscitar un comportamiento de b\u00fasqueda independiente, persistente, y resistente a la extinci\u00f3n.<br \/>\n<strong><br \/>\n5. EJECUCI\u00d3N DE LA B\u00daSQUEDA Y LOCALIZACI\u00d3N, CON PERROS DE VENTEO, DE UNA V\u00cdCTIMA EN GRANDES \u00c1REAS.<\/strong><br \/>\n1. Aplicaci\u00f3n de los ejercicios de control a distancia del perro de b\u00fasqueda en grandes \u00e1reas. Manifestaci\u00f3n y resoluci\u00f3n de los problemas de comportamiento en el perro de b\u00fasqueda en grandes \u00e1reas.<br \/>\n2. Procedimientos de distribuci\u00f3n del \u00e1rea de b\u00fasqueda. Eficiencia en el empleo de perros de venteo en grandes \u00e1reas<\/p>\n<p><em><strong>Experto en adiestramiento canino<\/strong><\/em><\/p>\n<hr \/>\n","protected":false},"excerpt":{"rendered":"<p><a href=\"https:\/\/centro-cee.com\/web\/formaciones\/\">Atr\u00e1s<\/a><\/p>\n<p>Si eres amante de los perros, te gusta trabajar con ellos, esta formaci\u00f3n te va a permitir aprender a adestrar perros en todos sus aspectos, incluida la detecci\u00f3n, b\u00fasqueda, salvamento y rescate de v\u00edctimas. Como est\u00e1 demostrado la utilizaci\u00f3n de perros adiestrados es una herramienta de gran importancia en todos los rescates de v\u00edctimas, tanto en operaciones policiales, cat\u00e1strofes, ayuda, etc., por lo que los profesionales de esta especialidad est\u00e1n demandados, de manera que es una excelente forma de acceder al mundo laboral.<\/p>\n<p>No pierdas la oportunidad de formarte como especialista. No dudes en hacer clic en el bot\u00f3n \u201cpide informaci\u00f3n\u201d y el centro se pondr\u00e1 en contacto contigo lo antes posible.<\/p>\n","protected":false},"featured_media":1292,"comment_status":"closed","ping_status":"closed","template":"","meta":[],"product_brand":[],"product_cat":[2051,34],"product_tag":[1147,1153,1148,1145,1149,493,1151,1146,1152,1150],"class_list":{"0":"post-1291","1":"product","2":"type-product","3":"status-publish","4":"has-post-thumbnail","6":"product_cat-cursos-online-veterinaria","7":"product_cat-tecnicos","8":"product_tag-adiestramiento-de-perros","9":"product_tag-adiestramiento-profesional-de-perros","10":"product_tag-certificacion-en-adiestramiento-canino","11":"product_tag-curso-de-adiestramiento-canino","12":"product_tag-curso-online-de-adiestramiento-de-perros","13":"product_tag-entrenamiento-de-perros","14":"product_tag-especializacion-en-adiestramiento-canino","15":"product_tag-formacion-en-comportamiento-canino","16":"product_tag-modificacion-de-conducta-canina","17":"product_tag-tecnicas-de-educacion-canina","19":"first","20":"instock","21":"sale","22":"shipping-taxable","23":"purchasable","24":"product-type-simple"},"yoast_head":"<!-- This site is optimized with the Yoast SEO plugin v27.4 - https:\/\/yoast.com\/product\/yoast-seo-wordpress\/ -->\n<title>Experto en adiestramiento canino<\/title>\n<meta name=\"description\" content=\"Desbloquea tu potencial como adiestrador canino profesional y aprende las habilidades necesarias con nuestro curso experto en adiestramiento canino.\" \/>\n<meta name=\"robots\" content=\"index, follow, max-snippet:-1, max-image-preview:large, max-video-preview:-1\" \/>\n<link rel=\"canonical\" href=\"https:\/\/centro-cee.com\/web\/producto\/experto-en-adiestramiento-canino\/\" \/>\n<meta property=\"og:locale\" content=\"es_ES\" \/>\n<meta property=\"og:type\" content=\"article\" \/>\n<meta property=\"og:title\" content=\"Experto en adiestramiento canino\" \/>\n<meta property=\"og:description\" content=\"Desbloquea tu potencial como adiestrador canino profesional y aprende las habilidades necesarias con nuestro curso experto en adiestramiento canino.\" \/>\n<meta property=\"og:url\" content=\"https:\/\/centro-cee.com\/web\/producto\/experto-en-adiestramiento-canino\/\" \/>\n<meta property=\"og:site_name\" content=\"CEE Centro Europeo E-learning - Cursos online\" \/>\n<meta property=\"article:modified_time\" content=\"2026-03-13T16:51:00+00:00\" \/>\n<meta property=\"og:image\" content=\"https:\/\/centro-cee.com\/web\/wp-content\/uploads\/2023\/06\/imagen_2023-06-13_121932264.png\" \/>\n\t<meta property=\"og:image:width\" content=\"469\" \/>\n\t<meta property=\"og:image:height\" content=\"471\" \/>\n\t<meta property=\"og:image:type\" content=\"image\/png\" \/>\n<meta name=\"twitter:card\" content=\"summary_large_image\" \/>\n<meta name=\"twitter:label1\" content=\"Tiempo de lectura\" \/>\n\t<meta name=\"twitter:data1\" content=\"7 minutos\" \/>\n<script type=\"application\/ld+json\" class=\"yoast-schema-graph\">{\"@context\":\"https:\\\/\\\/schema.org\",\"@graph\":[{\"@type\":\"WebPage\",\"@id\":\"https:\\\/\\\/centro-cee.com\\\/web\\\/producto\\\/experto-en-adiestramiento-canino\\\/\",\"url\":\"https:\\\/\\\/centro-cee.com\\\/web\\\/producto\\\/experto-en-adiestramiento-canino\\\/\",\"name\":\"Experto en adiestramiento canino\",\"isPartOf\":{\"@id\":\"https:\\\/\\\/centro-cee.com\\\/web\\\/#website\"},\"primaryImageOfPage\":{\"@id\":\"https:\\\/\\\/centro-cee.com\\\/web\\\/producto\\\/experto-en-adiestramiento-canino\\\/#primaryimage\"},\"image\":{\"@id\":\"https:\\\/\\\/centro-cee.com\\\/web\\\/producto\\\/experto-en-adiestramiento-canino\\\/#primaryimage\"},\"thumbnailUrl\":\"https:\\\/\\\/centro-cee.com\\\/web\\\/wp-content\\\/uploads\\\/2023\\\/06\\\/imagen_2023-06-13_121932264.png\",\"datePublished\":\"2023-06-13T09:01:30+00:00\",\"dateModified\":\"2026-03-13T16:51:00+00:00\",\"description\":\"Desbloquea tu potencial como adiestrador canino profesional y aprende las habilidades necesarias con nuestro curso experto en adiestramiento canino.\",\"breadcrumb\":{\"@id\":\"https:\\\/\\\/centro-cee.com\\\/web\\\/producto\\\/experto-en-adiestramiento-canino\\\/#breadcrumb\"},\"inLanguage\":\"es\",\"potentialAction\":[{\"@type\":\"ReadAction\",\"target\":[\"https:\\\/\\\/centro-cee.com\\\/web\\\/producto\\\/experto-en-adiestramiento-canino\\\/\"]}]},{\"@type\":\"ImageObject\",\"inLanguage\":\"es\",\"@id\":\"https:\\\/\\\/centro-cee.com\\\/web\\\/producto\\\/experto-en-adiestramiento-canino\\\/#primaryimage\",\"url\":\"https:\\\/\\\/centro-cee.com\\\/web\\\/wp-content\\\/uploads\\\/2023\\\/06\\\/imagen_2023-06-13_121932264.png\",\"contentUrl\":\"https:\\\/\\\/centro-cee.com\\\/web\\\/wp-content\\\/uploads\\\/2023\\\/06\\\/imagen_2023-06-13_121932264.png\",\"width\":469,\"height\":471,\"caption\":\"Experto en adiestramiento canino\"},{\"@type\":\"BreadcrumbList\",\"@id\":\"https:\\\/\\\/centro-cee.com\\\/web\\\/producto\\\/experto-en-adiestramiento-canino\\\/#breadcrumb\",\"itemListElement\":[{\"@type\":\"ListItem\",\"position\":1,\"name\":\"Portada\",\"item\":\"https:\\\/\\\/centro-cee.com\\\/web\\\/\"},{\"@type\":\"ListItem\",\"position\":2,\"name\":\"Experto en adiestramiento canino\"}]},{\"@type\":\"WebSite\",\"@id\":\"https:\\\/\\\/centro-cee.com\\\/web\\\/#website\",\"url\":\"https:\\\/\\\/centro-cee.com\\\/web\\\/\",\"name\":\"Centro Europeo E-learning\",\"description\":\"CEE Formaci\u00f3n Online\",\"publisher\":{\"@id\":\"https:\\\/\\\/centro-cee.com\\\/web\\\/#organization\"},\"alternateName\":\"Centro Online de Formaci\u00f3n\",\"potentialAction\":[{\"@type\":\"SearchAction\",\"target\":{\"@type\":\"EntryPoint\",\"urlTemplate\":\"https:\\\/\\\/centro-cee.com\\\/web\\\/?s={search_term_string}\"},\"query-input\":{\"@type\":\"PropertyValueSpecification\",\"valueRequired\":true,\"valueName\":\"search_term_string\"}}],\"inLanguage\":\"es\"},{\"@type\":\"Organization\",\"@id\":\"https:\\\/\\\/centro-cee.com\\\/web\\\/#organization\",\"name\":\"Centro Europeo E-learning CEE\",\"url\":\"https:\\\/\\\/centro-cee.com\\\/web\\\/\",\"logo\":{\"@type\":\"ImageObject\",\"inLanguage\":\"es\",\"@id\":\"https:\\\/\\\/centro-cee.com\\\/web\\\/#\\\/schema\\\/logo\\\/image\\\/\",\"url\":\"https:\\\/\\\/centro-cee.com\\\/web\\\/wp-content\\\/uploads\\\/2022\\\/12\\\/cropped-logo_educa.png\",\"contentUrl\":\"https:\\\/\\\/centro-cee.com\\\/web\\\/wp-content\\\/uploads\\\/2022\\\/12\\\/cropped-logo_educa.png\",\"width\":157,\"height\":63,\"caption\":\"Centro Europeo E-learning CEE\"},\"image\":{\"@id\":\"https:\\\/\\\/centro-cee.com\\\/web\\\/#\\\/schema\\\/logo\\\/image\\\/\"},\"sameAs\":[\"https:\\\/\\\/www.instagram.com\\\/centroeuropeo_cee\"]}]}<\/script>\n<!-- \/ Yoast SEO plugin. -->","yoast_head_json":{"title":"Experto en adiestramiento canino","description":"Desbloquea tu potencial como adiestrador canino profesional y aprende las habilidades necesarias con nuestro curso experto en adiestramiento canino.","robots":{"index":"index","follow":"follow","max-snippet":"max-snippet:-1","max-image-preview":"max-image-preview:large","max-video-preview":"max-video-preview:-1"},"canonical":"https:\/\/centro-cee.com\/web\/producto\/experto-en-adiestramiento-canino\/","og_locale":"es_ES","og_type":"article","og_title":"Experto en adiestramiento canino","og_description":"Desbloquea tu potencial como adiestrador canino profesional y aprende las habilidades necesarias con nuestro curso experto en adiestramiento canino.","og_url":"https:\/\/centro-cee.com\/web\/producto\/experto-en-adiestramiento-canino\/","og_site_name":"CEE Centro Europeo E-learning - Cursos online","article_modified_time":"2026-03-13T16:51:00+00:00","og_image":[{"width":469,"height":471,"url":"https:\/\/centro-cee.com\/web\/wp-content\/uploads\/2023\/06\/imagen_2023-06-13_121932264.png","type":"image\/png"}],"twitter_card":"summary_large_image","twitter_misc":{"Tiempo de lectura":"7 minutos"},"schema":{"@context":"https:\/\/schema.org","@graph":[{"@type":"WebPage","@id":"https:\/\/centro-cee.com\/web\/producto\/experto-en-adiestramiento-canino\/","url":"https:\/\/centro-cee.com\/web\/producto\/experto-en-adiestramiento-canino\/","name":"Experto en adiestramiento canino","isPartOf":{"@id":"https:\/\/centro-cee.com\/web\/#website"},"primaryImageOfPage":{"@id":"https:\/\/centro-cee.com\/web\/producto\/experto-en-adiestramiento-canino\/#primaryimage"},"image":{"@id":"https:\/\/centro-cee.com\/web\/producto\/experto-en-adiestramiento-canino\/#primaryimage"},"thumbnailUrl":"https:\/\/centro-cee.com\/web\/wp-content\/uploads\/2023\/06\/imagen_2023-06-13_121932264.png","datePublished":"2023-06-13T09:01:30+00:00","dateModified":"2026-03-13T16:51:00+00:00","description":"Desbloquea tu potencial como adiestrador canino profesional y aprende las habilidades necesarias con nuestro curso experto en adiestramiento canino.","breadcrumb":{"@id":"https:\/\/centro-cee.com\/web\/producto\/experto-en-adiestramiento-canino\/#breadcrumb"},"inLanguage":"es","potentialAction":[{"@type":"ReadAction","target":["https:\/\/centro-cee.com\/web\/producto\/experto-en-adiestramiento-canino\/"]}]},{"@type":"ImageObject","inLanguage":"es","@id":"https:\/\/centro-cee.com\/web\/producto\/experto-en-adiestramiento-canino\/#primaryimage","url":"https:\/\/centro-cee.com\/web\/wp-content\/uploads\/2023\/06\/imagen_2023-06-13_121932264.png","contentUrl":"https:\/\/centro-cee.com\/web\/wp-content\/uploads\/2023\/06\/imagen_2023-06-13_121932264.png","width":469,"height":471,"caption":"Experto en adiestramiento canino"},{"@type":"BreadcrumbList","@id":"https:\/\/centro-cee.com\/web\/producto\/experto-en-adiestramiento-canino\/#breadcrumb","itemListElement":[{"@type":"ListItem","position":1,"name":"Portada","item":"https:\/\/centro-cee.com\/web\/"},{"@type":"ListItem","position":2,"name":"Experto en adiestramiento canino"}]},{"@type":"WebSite","@id":"https:\/\/centro-cee.com\/web\/#website","url":"https:\/\/centro-cee.com\/web\/","name":"Centro Europeo E-learning","description":"CEE Formaci\u00f3n Online","publisher":{"@id":"https:\/\/centro-cee.com\/web\/#organization"},"alternateName":"Centro Online de Formaci\u00f3n","potentialAction":[{"@type":"SearchAction","target":{"@type":"EntryPoint","urlTemplate":"https:\/\/centro-cee.com\/web\/?s={search_term_string}"},"query-input":{"@type":"PropertyValueSpecification","valueRequired":true,"valueName":"search_term_string"}}],"inLanguage":"es"},{"@type":"Organization","@id":"https:\/\/centro-cee.com\/web\/#organization","name":"Centro Europeo E-learning CEE","url":"https:\/\/centro-cee.com\/web\/","logo":{"@type":"ImageObject","inLanguage":"es","@id":"https:\/\/centro-cee.com\/web\/#\/schema\/logo\/image\/","url":"https:\/\/centro-cee.com\/web\/wp-content\/uploads\/2022\/12\/cropped-logo_educa.png","contentUrl":"https:\/\/centro-cee.com\/web\/wp-content\/uploads\/2022\/12\/cropped-logo_educa.png","width":157,"height":63,"caption":"Centro Europeo E-learning CEE"},"image":{"@id":"https:\/\/centro-cee.com\/web\/#\/schema\/logo\/image\/"},"sameAs":["https:\/\/www.instagram.com\/centroeuropeo_cee"]}]}},"_links":{"self":[{"href":"https:\/\/centro-cee.com\/web\/wp-json\/wp\/v2\/product\/1291","targetHints":{"allow":["GET"]}}],"collection":[{"href":"https:\/\/centro-cee.com\/web\/wp-json\/wp\/v2\/product"}],"about":[{"href":"https:\/\/centro-cee.com\/web\/wp-json\/wp\/v2\/types\/product"}],"replies":[{"embeddable":true,"href":"https:\/\/centro-cee.com\/web\/wp-json\/wp\/v2\/comments?post=1291"}],"wp:featuredmedia":[{"embeddable":true,"href":"https:\/\/centro-cee.com\/web\/wp-json\/wp\/v2\/media\/1292"}],"wp:attachment":[{"href":"https:\/\/centro-cee.com\/web\/wp-json\/wp\/v2\/media?parent=1291"}],"wp:term":[{"taxonomy":"product_brand","embeddable":true,"href":"https:\/\/centro-cee.com\/web\/wp-json\/wp\/v2\/product_brand?post=1291"},{"taxonomy":"product_cat","embeddable":true,"href":"https:\/\/centro-cee.com\/web\/wp-json\/wp\/v2\/product_cat?post=1291"},{"taxonomy":"product_tag","embeddable":true,"href":"https:\/\/centro-cee.com\/web\/wp-json\/wp\/v2\/product_tag?post=1291"}],"curies":[{"name":"wp","href":"https:\/\/api.w.org\/{rel}","templated":true}]}}