{"id":1186,"date":"2023-03-17T11:07:28","date_gmt":"2023-03-17T11:07:28","guid":{"rendered":"https:\/\/centro-cee.com\/web\/?post_type=product&#038;p=1186"},"modified":"2026-03-13T16:45:06","modified_gmt":"2026-03-13T16:45:06","slug":"master-en-administracion-empresas-experto-en-rrhh","status":"publish","type":"product","link":"https:\/\/centro-cee.com\/web\/producto\/master-en-administracion-empresas-experto-en-rrhh\/","title":{"rendered":"M\u00e1ster en administraci\u00f3n empresas experto en rrhh"},"content":{"rendered":"<p><a href=\"https:\/\/centro-cee.com\/web\/formaciones\/\">Atr\u00e1s<\/a><\/p>\n<p><em><strong>M\u00e1ster en administraci\u00f3n empresas experto en rrhh<\/strong><\/em><\/p>\n<p>Toda esta formaci\u00f3n se realiza 100% online en nuestro campus online de formaci\u00f3n.<\/p>\n<p>Las tutorias se realizan directamente desde el campus de estudio con la opci\u00f3n de mensajer\u00eda a profesores. Las tutorias son \u00aba demanda\u00bb, cuando necesites soporte nos lo pides.<\/p>\n<p>Los t\u00edtulos de Centro CEE est\u00e1n autenticados por la firma de notario que valida contenidos y autenticidad a nivel internacional. Nuestra organizaci\u00f3n pertenece a la Asociaci\u00f3n Espa\u00f1ola de Calidad, organizaci\u00f3n Espa\u00f1ola de referencia para la calidad en la formaci\u00f3n. La certificaci\u00f3n se puede apostillar por la Haya para cualquier pa\u00eds firmante del convenio de la Haya.<\/p>\n<p>Se puede pagar a plazos.<\/p>\n<p>Carga horaria de la formaci\u00f3n: 600h<\/p>\n<h2>Temario<\/h2>\n<hr \/>\n<p>M\u00c1STER EN ADMINISTRACI\u00d3N Y DIRECCI\u00d3N DE EMPRESAS<br \/>\n1: DIRECCI\u00d3N ESTRAT\u00c9GICA<\/p>\n<p>1. COMPETITIVIDAD Y MANAGEMENT ESTRAT\u00c9GICO<br \/>\n2. ORGANIZACI\u00d3N Y ESTRUCTURA ESTRAT\u00c9GICA<br \/>\n3. AN\u00c1LISIS DEL ENTORNO GENERAL DE LA EMPRESA Y EL ENTORNO ESPEC\u00cdFICO<br \/>\n4. DIAGN\u00d3STICO INTERNO Y DIAGN\u00d3STICO ESTRAT\u00c9GICO<br \/>\n5. POL\u00cdTICAS DE CRECIMIENTO Y DESARROLLO EMPRESARIAL<br \/>\n6. HERRAMIENTAS ESTRAT\u00c9GICAS DE GESTI\u00d3N<\/p>\n<p>2: BALANCED SCORECARD: CUADRO DE MANDO INTEGRAL<\/p>\n<p>1. INTRODUCCI\u00d3N AL CUADRO DE MANDO INTEGRAL<br \/>\n2. LAS PERSPECTIVAS DEL CUADRO DE MANDO INTEGRAL<br \/>\n3. EL CUADRO DE MANDO INTEGRAL COMO INSTRUMENTO PARA IMPLANTAR LA ESTRATEGIA EN LA EMPRESA<br \/>\n4. IMPLANTACI\u00d3N DE UN PROGRAMA DE GESTI\u00d3N DE CUADRO DE MANDO INTEGRAL<br \/>\n5. INDICADORES Y RATIOS<br \/>\n6. APLICACIONES INFORM\u00c1TICAS PARA LA ELABORACI\u00d3N DEL CUADRO DE MANDO INTEGRAL<\/p>\n<p>3: RESPONSABILIDAD SOCIAL (nueva versi\u00f3n)<\/p>\n<p>1. LA RESPONSABILIDAD SOCIAL<br \/>\n2. ORGANISMOS INTERNACIONALES Y BUENAS PR\u00c1CTICAS EN RSE<br \/>\n3. EST\u00c1NDARES INTERNACIONALES Y SIS S DE GESTI\u00d3N<br \/>\n4. CASOS DE \u00c9XITO EN LA IMPLANTACI\u00d3N DE POL\u00cdTICAS DE RSE<br \/>\n5. SITUACI\u00d3N ACTUAL DE LA RESPONSABILIDAD SOCIAL<br \/>\n6. EL DESARROLLO SOSTENIBLE Y MEDIOAMBIENTE<br \/>\n7. FUTURO Y TENDENCIAS<\/p>\n<p>&nbsp;<\/p>\n<p>4: PREVENCI\u00d3N DEL BLANQUEO DE CAPITALES<\/p>\n<p>1. INTRODUCCI\u00d3N<br \/>\n2. MEDIDAS DE DILIGENCIA DEBIDA<br \/>\n3. OBLIGACIONES DE INFORMACI\u00d3N<br \/>\n4. CONTROL INTERNO<br \/>\n5. INFRACCIONES Y SANCIONES<\/p>\n<p>&nbsp;<\/p>\n<p>5: DISE\u00d1O ORGANIZACIONAL<\/p>\n<p>1. ESTRUCTURA, FUNCIONES Y PROCESOS EN UNA ORGANIZACI\u00d3N<br \/>\n2. DISE\u00d1O ORGANIZATIVO, MODELOS ESTRUCTURALES Y CICLOS DE VIDA<\/p>\n<p>&nbsp;<\/p>\n<p>6: COACHING Y MENTORING<\/p>\n<p>1. INTRODUCCI\u00d3N<br \/>\n2. EL PROCESO DE COACHING<br \/>\n3. TIPOS DE COACHING<br \/>\n4. COMPETENCIAS DEL COACH<br \/>\n5. HERRAMIENTAS E INSTRUMENTOS<br \/>\n6. ACREDITACI\u00d3N DEL COACH<br \/>\n7. ORIENTACI\u00d3N PROFESIONAL O MENTORING<\/p>\n<p>7: REUNIONES EFICACES<\/p>\n<p>1. \u00bfQU\u00c9 ES UNA REUNI\u00d3N?<br \/>\n2. ELEMENTOS DE UNA REUNI\u00d3N<br \/>\n3. TIPOS DE REUNIONES<br \/>\n4. FASES DE UNA REUNI\u00d3N<\/p>\n<p>8: DELEGACI\u00d3N COMO HABILIDAD DIRECTIVA CLAVE<\/p>\n<p>1. \u00bfQU\u00c9 ES LA DELEGACI\u00d3N?<br \/>\n2. VENTAJAS Y OBST\u00c1CULOS A LA DELEGACI\u00d3N<br \/>\n3. PROCESO DE LA DELEGACI\u00d3N<br \/>\n4. COMPRUEBE SU CAPACIDAD PARA DELEGAR<\/p>\n<p>&nbsp;<\/p>\n<p>9: DIRECCI\u00d3N COMERCIAL<\/p>\n<p>1. ORGANIZACI\u00d3N DEL EQUIPO DE VENTAS<br \/>\n2. PERFIL Y CAPTACI\u00d3N DE VENDEDORES<br \/>\n3. SELECCI\u00d3N, SOCIALIZACI\u00d3N Y FORMACI\u00d3N DEL EQUIPO DE VENTAS<br \/>\n4. EL PROCESO DE VENTA<br \/>\n5. PREVISI\u00d3N DE DEMANDA Y TERRITORIOS DE VENTA<\/p>\n<p>EXPERT@ EN RRHH<\/p>\n<p>1: PLANIFICACI\u00d3N DE RR.HH. AN\u00c1LISIS Y VALORACI\u00d3N DE PUESTOS DE TRABAJO<\/p>\n<p>1. PLANIFICACI\u00d3N ESTRAT\u00c9GICA DE RR.HH.<br \/>\n2. AN\u00c1LISIS Y DESCRIPCI\u00d3N DE PUESTOS DE TRABAJO<br \/>\n3. VALORACI\u00d3N DE PUESTOS DE TRABAJO<\/p>\n<p>2: SELECCI\u00d3N DE PERSONAL. GESTI\u00d3N POR COMPETENCIAS<\/p>\n<p>1. EL PROCESO DE SELECCI\u00d3N DE PERSONAL<br \/>\n2. EL RECLUTAMIENTO<br \/>\n3. LA SELECCI\u00d3N DE PERSONAL<br \/>\n4. LA GESTI\u00d3N POR COMPETENCIAS<\/p>\n<p>3: FORMACI\u00d3N DE LOS RECURSOS HUMANOS<\/p>\n<p>1. FORMACI\u00d3N Y PERFECCIONAMIENTO PROFESIONAL<br \/>\n2. LA IDENTIFICACI\u00d3N DEL POTENCIAL. PLANES DE CARRERA<br \/>\n3. FORMADOR DE FORMADORES<br \/>\n4. E-LEARNING<br \/>\n5. FINANCIACI\u00d3N<\/p>\n<p>4: COMUNICACI\u00d3N INTERNA<\/p>\n<p>1. COMUNICACI\u00d3N<br \/>\n2. COMUNICACI\u00d3N INTERNA<br \/>\n3. COMUNICACI\u00d3N EN EL SIGLO XXI<\/p>\n<p>5: DIRECCI\u00d3N POR OBJETIVOS<\/p>\n<p>1. POL\u00cdTICA RETRIBUTIVA<br \/>\n2. DIRECCI\u00d3N POR OBJETIVOS<br \/>\n3. SIS S DE COMPENSACI\u00d3N E INCENTIVOS<br \/>\n4. EVALUACI\u00d3N DEL DESEMPE\u00d1O<\/p>\n<p>6: HERRAMIENTAS TECNOL\u00d3GICAS PARA LA GESTI\u00d3N DE LOS RECURSOS HUMANOS<\/p>\n<p>1. TIPOS DE SOFTWARE DE RR.HH.<br \/>\n2. \u00c1REAS<br \/>\n3. MODELOS DE ADQUISICI\u00d3N. EJEMPLOS DE SOLUCIONES COMERCIALES.<br \/>\n4. HERRAMIENTAS TECNOL\u00d3GICAS<br \/>\n5. PORTALES<br \/>\n6. E-PEOPLE MANAGEMENT<\/p>\n<p>7: MERCADO LABORAL EN ESPA\u00d1A Y EUROPA. OPORT ES DE EMPLEO<\/p>\n<p>1. SITUACI\u00d3N DEL MERCADO LABORAL<br \/>\n2. LA B\u00daSQUEDA DE EMPLEO<br \/>\n3. SIS S DE FORMACI\u00d3N Y FORMACI\u00d3N PARA EL EMPLEO<br \/>\n4. SITUACI\u00d3N LEGAL, RESIDENCIA Y DOCUMENTACI\u00d3N<br \/>\n5. LEGISLACI\u00d3N SOBRE EXTRANJER\u00cdA: ESPA\u00d1A Y EUROPA<\/p>\n<p><em><strong>M\u00e1ster en administraci\u00f3n empresas experto en rrhh<\/strong><\/em><\/p>\n<hr \/>\n","protected":false},"excerpt":{"rendered":"<p><a href=\"https:\/\/centro-cee.com\/web\/formaciones\/\">Atr\u00e1s<\/a><\/p>\n<p>\u00bfQuieres dar un paso adelante en tu futuro profesional? \u00bfTe gustar\u00eda aprender a dirigir tu propia empresa?<\/p>\n<p>Con esta formaci\u00f3n, aprender\u00e1s todos los aspectos relacionados con la direcci\u00f3n y administraci\u00f3n de empresas, con contenidos actualizados y en los temas mas relevantes de la direcci\u00f3n de los recursos humanos. La educaci\u00f3n obtenida es de alto nivel y con gran cantidad de contenidos que dotaran a las\/os alumnas\/os de unos conocimientos excelentes.<\/p>\n<p>Este es un curso online, que podr\u00e1s seguir desde la comodidad de casa, utilizando un ordenador o tablet con conexi\u00f3n a internet. Los contenidos son multimedia, interactivos y con audio, en general se evita el exceso de contenidos de texto.<\/p>\n","protected":false},"featured_media":1187,"comment_status":"closed","ping_status":"closed","template":"","meta":[],"product_brand":[],"product_cat":[2050,17],"product_tag":[1227,1226,380,1228,1224,1225,1230,1231,381,1229],"class_list":{"0":"post-1186","1":"product","2":"type-product","3":"status-publish","4":"has-post-thumbnail","6":"product_cat-cursos-online-empresa","7":"product_cat-master","8":"product_tag-certificacion-en-recursos-humanos","9":"product_tag-curso-online-de-administracion-y-rrhh","10":"product_tag-desarrollo-organizacional","11":"product_tag-estrategias-de-gestion-del-talento","12":"product_tag-experto-en-recursos-humanos","13":"product_tag-formacion-en-gestion-de-recursos-humanos","14":"product_tag-gestion-del-rendimiento-y-motivacion","15":"product_tag-legislacion-laboral-y-relaciones-laborales","16":"product_tag-master-en-administracion-de-empresas","17":"product_tag-tecnicas-de-seleccion-de-personal","19":"first","20":"instock","21":"sale","22":"shipping-taxable","23":"purchasable","24":"product-type-simple"},"yoast_head":"<!-- This site is optimized with the Yoast SEO plugin v27.4 - https:\/\/yoast.com\/product\/yoast-seo-wordpress\/ -->\n<title>M\u00e1ster en administraci\u00f3n empresas experto en rrhh<\/title>\n<meta name=\"description\" content=\"Este M\u00e1ster en administraci\u00f3n empresas experto en rrhh le proporcionar\u00e1 las habilidades y conocimientos necesarios para liderar con \u00e9xito equipos de trabajo\" \/>\n<meta name=\"robots\" content=\"index, follow, max-snippet:-1, max-image-preview:large, max-video-preview:-1\" \/>\n<link rel=\"canonical\" href=\"https:\/\/centro-cee.com\/web\/producto\/master-en-administracion-empresas-experto-en-rrhh\/\" \/>\n<meta property=\"og:locale\" content=\"es_ES\" \/>\n<meta property=\"og:type\" content=\"article\" \/>\n<meta property=\"og:title\" content=\"M\u00e1ster en administraci\u00f3n empresas experto en rrhh\" \/>\n<meta property=\"og:description\" content=\"Este M\u00e1ster en administraci\u00f3n empresas experto en rrhh le proporcionar\u00e1 las habilidades y conocimientos necesarios para liderar con \u00e9xito equipos de trabajo\" \/>\n<meta property=\"og:url\" content=\"https:\/\/centro-cee.com\/web\/producto\/master-en-administracion-empresas-experto-en-rrhh\/\" \/>\n<meta property=\"og:site_name\" content=\"CEE Centro Europeo E-learning - Cursos online\" \/>\n<meta property=\"article:modified_time\" content=\"2026-03-13T16:45:06+00:00\" \/>\n<meta property=\"og:image\" content=\"https:\/\/centro-cee.com\/web\/wp-content\/uploads\/2023\/03\/imagen_2023-03-17_120607568.png\" \/>\n\t<meta property=\"og:image:width\" content=\"699\" \/>\n\t<meta property=\"og:image:height\" content=\"466\" \/>\n\t<meta property=\"og:image:type\" content=\"image\/png\" \/>\n<meta name=\"twitter:card\" content=\"summary_large_image\" \/>\n<meta name=\"twitter:label1\" content=\"Tiempo de lectura\" \/>\n\t<meta name=\"twitter:data1\" content=\"4 minutos\" \/>\n<script type=\"application\/ld+json\" class=\"yoast-schema-graph\">{\"@context\":\"https:\\\/\\\/schema.org\",\"@graph\":[{\"@type\":\"WebPage\",\"@id\":\"https:\\\/\\\/centro-cee.com\\\/web\\\/producto\\\/master-en-administracion-empresas-experto-en-rrhh\\\/\",\"url\":\"https:\\\/\\\/centro-cee.com\\\/web\\\/producto\\\/master-en-administracion-empresas-experto-en-rrhh\\\/\",\"name\":\"M\u00e1ster en administraci\u00f3n empresas experto en rrhh\",\"isPartOf\":{\"@id\":\"https:\\\/\\\/centro-cee.com\\\/web\\\/#website\"},\"primaryImageOfPage\":{\"@id\":\"https:\\\/\\\/centro-cee.com\\\/web\\\/producto\\\/master-en-administracion-empresas-experto-en-rrhh\\\/#primaryimage\"},\"image\":{\"@id\":\"https:\\\/\\\/centro-cee.com\\\/web\\\/producto\\\/master-en-administracion-empresas-experto-en-rrhh\\\/#primaryimage\"},\"thumbnailUrl\":\"https:\\\/\\\/centro-cee.com\\\/web\\\/wp-content\\\/uploads\\\/2023\\\/03\\\/imagen_2023-03-17_120607568.png\",\"datePublished\":\"2023-03-17T11:07:28+00:00\",\"dateModified\":\"2026-03-13T16:45:06+00:00\",\"description\":\"Este M\u00e1ster en administraci\u00f3n empresas experto en rrhh le proporcionar\u00e1 las habilidades y conocimientos necesarios para liderar con \u00e9xito equipos de trabajo\",\"breadcrumb\":{\"@id\":\"https:\\\/\\\/centro-cee.com\\\/web\\\/producto\\\/master-en-administracion-empresas-experto-en-rrhh\\\/#breadcrumb\"},\"inLanguage\":\"es\",\"potentialAction\":[{\"@type\":\"ReadAction\",\"target\":[\"https:\\\/\\\/centro-cee.com\\\/web\\\/producto\\\/master-en-administracion-empresas-experto-en-rrhh\\\/\"]}]},{\"@type\":\"ImageObject\",\"inLanguage\":\"es\",\"@id\":\"https:\\\/\\\/centro-cee.com\\\/web\\\/producto\\\/master-en-administracion-empresas-experto-en-rrhh\\\/#primaryimage\",\"url\":\"https:\\\/\\\/centro-cee.com\\\/web\\\/wp-content\\\/uploads\\\/2023\\\/03\\\/imagen_2023-03-17_120607568.png\",\"contentUrl\":\"https:\\\/\\\/centro-cee.com\\\/web\\\/wp-content\\\/uploads\\\/2023\\\/03\\\/imagen_2023-03-17_120607568.png\",\"width\":699,\"height\":466,\"caption\":\"m\u00e1ster en administraci\u00f3n empresas experto en rrhh\"},{\"@type\":\"BreadcrumbList\",\"@id\":\"https:\\\/\\\/centro-cee.com\\\/web\\\/producto\\\/master-en-administracion-empresas-experto-en-rrhh\\\/#breadcrumb\",\"itemListElement\":[{\"@type\":\"ListItem\",\"position\":1,\"name\":\"Portada\",\"item\":\"https:\\\/\\\/centro-cee.com\\\/web\\\/\"},{\"@type\":\"ListItem\",\"position\":2,\"name\":\"M\u00e1ster en administraci\u00f3n empresas experto en rrhh\"}]},{\"@type\":\"WebSite\",\"@id\":\"https:\\\/\\\/centro-cee.com\\\/web\\\/#website\",\"url\":\"https:\\\/\\\/centro-cee.com\\\/web\\\/\",\"name\":\"Centro Europeo E-learning\",\"description\":\"CEE Formaci\u00f3n Online\",\"publisher\":{\"@id\":\"https:\\\/\\\/centro-cee.com\\\/web\\\/#organization\"},\"alternateName\":\"Centro Online de Formaci\u00f3n\",\"potentialAction\":[{\"@type\":\"SearchAction\",\"target\":{\"@type\":\"EntryPoint\",\"urlTemplate\":\"https:\\\/\\\/centro-cee.com\\\/web\\\/?s={search_term_string}\"},\"query-input\":{\"@type\":\"PropertyValueSpecification\",\"valueRequired\":true,\"valueName\":\"search_term_string\"}}],\"inLanguage\":\"es\"},{\"@type\":\"Organization\",\"@id\":\"https:\\\/\\\/centro-cee.com\\\/web\\\/#organization\",\"name\":\"Centro Europeo E-learning CEE\",\"url\":\"https:\\\/\\\/centro-cee.com\\\/web\\\/\",\"logo\":{\"@type\":\"ImageObject\",\"inLanguage\":\"es\",\"@id\":\"https:\\\/\\\/centro-cee.com\\\/web\\\/#\\\/schema\\\/logo\\\/image\\\/\",\"url\":\"https:\\\/\\\/centro-cee.com\\\/web\\\/wp-content\\\/uploads\\\/2022\\\/12\\\/cropped-logo_educa.png\",\"contentUrl\":\"https:\\\/\\\/centro-cee.com\\\/web\\\/wp-content\\\/uploads\\\/2022\\\/12\\\/cropped-logo_educa.png\",\"width\":157,\"height\":63,\"caption\":\"Centro Europeo E-learning CEE\"},\"image\":{\"@id\":\"https:\\\/\\\/centro-cee.com\\\/web\\\/#\\\/schema\\\/logo\\\/image\\\/\"},\"sameAs\":[\"https:\\\/\\\/www.instagram.com\\\/centroeuropeo_cee\"]}]}<\/script>\n<!-- \/ Yoast SEO plugin. -->","yoast_head_json":{"title":"M\u00e1ster en administraci\u00f3n empresas experto en rrhh","description":"Este M\u00e1ster en administraci\u00f3n empresas experto en rrhh le proporcionar\u00e1 las habilidades y conocimientos necesarios para liderar con \u00e9xito equipos de trabajo","robots":{"index":"index","follow":"follow","max-snippet":"max-snippet:-1","max-image-preview":"max-image-preview:large","max-video-preview":"max-video-preview:-1"},"canonical":"https:\/\/centro-cee.com\/web\/producto\/master-en-administracion-empresas-experto-en-rrhh\/","og_locale":"es_ES","og_type":"article","og_title":"M\u00e1ster en administraci\u00f3n empresas experto en rrhh","og_description":"Este M\u00e1ster en administraci\u00f3n empresas experto en rrhh le proporcionar\u00e1 las habilidades y conocimientos necesarios para liderar con \u00e9xito equipos de trabajo","og_url":"https:\/\/centro-cee.com\/web\/producto\/master-en-administracion-empresas-experto-en-rrhh\/","og_site_name":"CEE Centro Europeo E-learning - Cursos online","article_modified_time":"2026-03-13T16:45:06+00:00","og_image":[{"width":699,"height":466,"url":"https:\/\/centro-cee.com\/web\/wp-content\/uploads\/2023\/03\/imagen_2023-03-17_120607568.png","type":"image\/png"}],"twitter_card":"summary_large_image","twitter_misc":{"Tiempo de lectura":"4 minutos"},"schema":{"@context":"https:\/\/schema.org","@graph":[{"@type":"WebPage","@id":"https:\/\/centro-cee.com\/web\/producto\/master-en-administracion-empresas-experto-en-rrhh\/","url":"https:\/\/centro-cee.com\/web\/producto\/master-en-administracion-empresas-experto-en-rrhh\/","name":"M\u00e1ster en administraci\u00f3n empresas experto en rrhh","isPartOf":{"@id":"https:\/\/centro-cee.com\/web\/#website"},"primaryImageOfPage":{"@id":"https:\/\/centro-cee.com\/web\/producto\/master-en-administracion-empresas-experto-en-rrhh\/#primaryimage"},"image":{"@id":"https:\/\/centro-cee.com\/web\/producto\/master-en-administracion-empresas-experto-en-rrhh\/#primaryimage"},"thumbnailUrl":"https:\/\/centro-cee.com\/web\/wp-content\/uploads\/2023\/03\/imagen_2023-03-17_120607568.png","datePublished":"2023-03-17T11:07:28+00:00","dateModified":"2026-03-13T16:45:06+00:00","description":"Este M\u00e1ster en administraci\u00f3n empresas experto en rrhh le proporcionar\u00e1 las habilidades y conocimientos necesarios para liderar con \u00e9xito equipos de trabajo","breadcrumb":{"@id":"https:\/\/centro-cee.com\/web\/producto\/master-en-administracion-empresas-experto-en-rrhh\/#breadcrumb"},"inLanguage":"es","potentialAction":[{"@type":"ReadAction","target":["https:\/\/centro-cee.com\/web\/producto\/master-en-administracion-empresas-experto-en-rrhh\/"]}]},{"@type":"ImageObject","inLanguage":"es","@id":"https:\/\/centro-cee.com\/web\/producto\/master-en-administracion-empresas-experto-en-rrhh\/#primaryimage","url":"https:\/\/centro-cee.com\/web\/wp-content\/uploads\/2023\/03\/imagen_2023-03-17_120607568.png","contentUrl":"https:\/\/centro-cee.com\/web\/wp-content\/uploads\/2023\/03\/imagen_2023-03-17_120607568.png","width":699,"height":466,"caption":"m\u00e1ster en administraci\u00f3n empresas experto en rrhh"},{"@type":"BreadcrumbList","@id":"https:\/\/centro-cee.com\/web\/producto\/master-en-administracion-empresas-experto-en-rrhh\/#breadcrumb","itemListElement":[{"@type":"ListItem","position":1,"name":"Portada","item":"https:\/\/centro-cee.com\/web\/"},{"@type":"ListItem","position":2,"name":"M\u00e1ster en administraci\u00f3n empresas experto en rrhh"}]},{"@type":"WebSite","@id":"https:\/\/centro-cee.com\/web\/#website","url":"https:\/\/centro-cee.com\/web\/","name":"Centro Europeo E-learning","description":"CEE Formaci\u00f3n Online","publisher":{"@id":"https:\/\/centro-cee.com\/web\/#organization"},"alternateName":"Centro Online de Formaci\u00f3n","potentialAction":[{"@type":"SearchAction","target":{"@type":"EntryPoint","urlTemplate":"https:\/\/centro-cee.com\/web\/?s={search_term_string}"},"query-input":{"@type":"PropertyValueSpecification","valueRequired":true,"valueName":"search_term_string"}}],"inLanguage":"es"},{"@type":"Organization","@id":"https:\/\/centro-cee.com\/web\/#organization","name":"Centro Europeo E-learning CEE","url":"https:\/\/centro-cee.com\/web\/","logo":{"@type":"ImageObject","inLanguage":"es","@id":"https:\/\/centro-cee.com\/web\/#\/schema\/logo\/image\/","url":"https:\/\/centro-cee.com\/web\/wp-content\/uploads\/2022\/12\/cropped-logo_educa.png","contentUrl":"https:\/\/centro-cee.com\/web\/wp-content\/uploads\/2022\/12\/cropped-logo_educa.png","width":157,"height":63,"caption":"Centro Europeo E-learning CEE"},"image":{"@id":"https:\/\/centro-cee.com\/web\/#\/schema\/logo\/image\/"},"sameAs":["https:\/\/www.instagram.com\/centroeuropeo_cee"]}]}},"_links":{"self":[{"href":"https:\/\/centro-cee.com\/web\/wp-json\/wp\/v2\/product\/1186","targetHints":{"allow":["GET"]}}],"collection":[{"href":"https:\/\/centro-cee.com\/web\/wp-json\/wp\/v2\/product"}],"about":[{"href":"https:\/\/centro-cee.com\/web\/wp-json\/wp\/v2\/types\/product"}],"replies":[{"embeddable":true,"href":"https:\/\/centro-cee.com\/web\/wp-json\/wp\/v2\/comments?post=1186"}],"wp:featuredmedia":[{"embeddable":true,"href":"https:\/\/centro-cee.com\/web\/wp-json\/wp\/v2\/media\/1187"}],"wp:attachment":[{"href":"https:\/\/centro-cee.com\/web\/wp-json\/wp\/v2\/media?parent=1186"}],"wp:term":[{"taxonomy":"product_brand","embeddable":true,"href":"https:\/\/centro-cee.com\/web\/wp-json\/wp\/v2\/product_brand?post=1186"},{"taxonomy":"product_cat","embeddable":true,"href":"https:\/\/centro-cee.com\/web\/wp-json\/wp\/v2\/product_cat?post=1186"},{"taxonomy":"product_tag","embeddable":true,"href":"https:\/\/centro-cee.com\/web\/wp-json\/wp\/v2\/product_tag?post=1186"}],"curies":[{"name":"wp","href":"https:\/\/api.w.org\/{rel}","templated":true}]}}