{"id":1184,"date":"2023-03-17T11:00:09","date_gmt":"2023-03-17T11:00:09","guid":{"rendered":"https:\/\/centro-cee.com\/web\/?post_type=product&#038;p=1184"},"modified":"2024-10-18T10:59:54","modified_gmt":"2024-10-18T10:59:54","slug":"profesional-en-nuevas-tecnologias","status":"publish","type":"product","link":"https:\/\/centro-cee.com\/web\/producto\/profesional-en-nuevas-tecnologias\/","title":{"rendered":"Profesional en nuevas tecnolog\u00edas"},"content":{"rendered":"<p><a href=\"https:\/\/centro-cee.com\/web\/formaciones\/\">Atr\u00e1s<\/a><\/p>\n<p><em><strong>Profesional en nuevas tecnolog\u00edas<\/strong><\/em><\/p>\n<p>Toda esta formaci\u00f3n se realiza 100% online en nuestro campus online de formaci\u00f3n.<\/p>\n<p>Las tutorias se realizan directamente desde el campus de estudio con la opci\u00f3n de mensajer\u00eda a profesores. Las tutorias son \u00aba demanda\u00bb, cuando necesites soporte nos lo pides.<\/p>\n<p>Los t\u00edtulos de Centro CEE est\u00e1n autenticados por la firma de notario que valida contenidos y autenticidad a nivel internacional. Nuestra organizaci\u00f3n pertenece a la Asociaci\u00f3n Espa\u00f1ola de Calidad, organizaci\u00f3n Espa\u00f1ola de referencia para la calidad en la formaci\u00f3n. La certificaci\u00f3n se puede apostillar por la Haya para cualquier pa\u00eds firmante del convenio de la Haya.<\/p>\n<p>Se puede pagar a plazos.<\/p>\n<p>&nbsp;<\/p>\n<h2>Temario<\/h2>\n<hr \/>\n<p><strong>SEGURIDAD DE LA INFORMACI\u00d3N<\/strong><\/p>\n<p>1. Contexto De La Seguridad De La Informaci\u00f3n<br \/>\n2. Ciclo Del Sistema De Gesti\u00f3n<br \/>\n3. Dec\u00e1logo De Seguridad De La Informaci\u00f3n<br \/>\n4. Estudios Sobre Seguridad De La Informaci\u00f3n En La Pyme<\/p>\n<p><strong>INTERNET COMO CANAL DE COMERCIALIZACI\u00d3N Y DE RELACI\u00d3N CON LOS CLIENTES<\/strong><\/p>\n<p>1. Introducci\u00f3n<br \/>\n2. Uso De Los Principales Navegadores. Optimizaci\u00f3n De Los M\u00e9todos De B\u00fasqueda<br \/>\n3. Las Comunicaciones A Trav\u00e9s De Internet: Correo Electr\u00f3nico, Mensajer\u00eda Instant\u00e1nea, Navegaci\u00f3n Guiada<br \/>\n4. Modelos De Comercio A Trav\u00e9s De Internet<br \/>\n5. El Concepto De Intranet Y Extranet<br \/>\n6. La Relaci\u00f3n Con El Cliente A Trav\u00e9s De Internet, Introducci\u00f3n A Las Principales Herramientas De Gesti\u00f3n De La Relaci\u00f3n Con El Cliente (Crm)<br \/>\n7. Introducci\u00f3n A Las Herramientas De Seguridad En Internet. Medios De Pago En Internet<\/p>\n<p><strong>MARKETING DIGITAL<\/strong><\/p>\n<p>1. Introducci\u00f3n Al Marketing Digital<br \/>\n2. Elementos Del Marketing Digital<br \/>\n3. Herramientas Estrat\u00e9gicas Del Marketing Digital<br \/>\n4. La Personalizaci\u00f3n Y El Marketing Digital<br \/>\n5. Campa\u00f1as De Comunicaci\u00f3n On Line<br \/>\n6. La Publicidad On Line Y Su Eficacia<br \/>\n7. Marketing En Buscadores<\/p>\n<p><strong>ESTRATEGIAS EFECTIVAS DE E-MAIL MARKETING<\/strong><\/p>\n<p>1. E-Mail Marketing<\/p>\n<p>1.1. El E-Mail Marketing Dentro De La Estrategia De<br \/>\n1.2. Ventajas Y Desventajas Del E-Mail Marketing<br \/>\n1.3. Recopilaci\u00f3n De E-Mails<br \/>\n1.4. Planificaci\u00f3n De Una Campa\u00f1a De E-Mail Marketing<br \/>\n1.5. Principales Elementos Y T\u00e9cnicas De Dise\u00f1o Para Crear Un E-Mail Efectivo<br \/>\n1.6. Protecci\u00f3n De Datos Por Internet<br \/>\n1.7. El Formato Html<br \/>\n1.8. Spam, Legislaci\u00f3n Y Normativas Del E-Mail Marketing<br \/>\n1.9. An\u00e1lisis De Resultados Del E-Mail Marketing<br \/>\n1.10. Diferentes Herramientas Y Plataformas Online<\/p>\n<p><strong>COMERCIO ELECTR\u00d3NICO PARA PYMES<\/strong><\/p>\n<p>1. Qu\u00e9 Es El Comercio Electr\u00f3nico Y E-Business<br \/>\n2. E-Business: Nuevos Modelos De Procesos De Negocio<br \/>\n3. Elementos De Un Sistema De E-Business Y Comercio Electr\u00f3nico<br \/>\n4. Requisitos M\u00ednimos Para El Comercio Electr\u00f3nico Y El E-Business<br \/>\n5. Soluciones Integrales En Materia Tecnol\u00f3gica Para La Puesta En Marcha De Iniciativas De Comercio Electr\u00f3nico Y E-Business<br \/>\n6. An\u00e1lisis De Los Principales Casos De \u00c9xito De Comercio Electr\u00f3nico<br \/>\n7. Dominios, P\u00e1ginas Web, Sitios Web Y Portales<\/p>\n<p><strong>COMMUNITY MANAGER<\/strong><\/p>\n<p>1. Las Redes Sociales. El Community Manager<br \/>\n2. Monitorizar, Analizar Y Medir Las Redes Sociales: Herramientas Y T\u00e9cnicas<br \/>\n3. Las Redes Sociales En El Plan De Marketing<br \/>\n4. Las Redes Sociales Y La Comunicaci\u00f3n: Su An\u00e1lisis Como Medio Y Como Soporte Publicitario<br \/>\n5. Construir Relaciones: El Nuevo Marketing Relacional<br \/>\n6. Creatividad Y Redes Sociales<br \/>\n7. Los Blogs<br \/>\n8. Descripci\u00f3n De Las Principales Redes Sociales<br \/>\n9. Mobile Social Media: Los Smartphones<\/p>\n<p><strong>SEGURIDAD DE LA INFORMACI\u00d3N<\/strong><\/p>\n<p>1. Contexto De La Seguridad De La Informaci\u00f3n<br \/>\n2. Ciclo Del Sistema De Gesti\u00f3n<br \/>\n3. Dec\u00e1logo De Seguridad De La Informaci\u00f3n<br \/>\n4. Estudios Sobre Seguridad De La Informaci\u00f3n En La Pyme<\/p>\n<p><strong>INTERNET COMO CANAL DE COMERCIALIZACI\u00d3N Y DE RELACI\u00d3N CON LOS CLIENTES<\/strong><\/p>\n<p>1. Introducci\u00f3n<br \/>\n2. Uso De Los Principales Navegadores. Optimizaci\u00f3n De Los M\u00e9todos De B\u00fasqueda<br \/>\n3. Las Comunicaciones A Trav\u00e9s De Internet: Correo Electr\u00f3nico, Mensajer\u00eda Instant\u00e1nea, Navegaci\u00f3n Guiada<br \/>\n4. Modelos De Comercio A Trav\u00e9s De Internet<br \/>\n5. El Concepto De Intranet Y Extranet<br \/>\n6. La Relaci\u00f3n Con El Cliente A Trav\u00e9s De Internet, Introducci\u00f3n A Las Principales Herramientas De Gesti\u00f3n De La Relaci\u00f3n Con El Cliente (Crm)<br \/>\n7. Introducci\u00f3n A Las Herramientas De Seguridad En Internet. Medios De Pago En Internet<\/p>\n<p><strong>MARKETING DIGITAL<\/strong><\/p>\n<p>1. Introducci\u00f3n Al Marketing Digital<br \/>\n2. Elementos Del Marketing Digital<br \/>\n3. Herramientas Estrat\u00e9gicas Del Marketing Digital<br \/>\n4. La Personalizaci\u00f3n Y El Marketing Digital<br \/>\n5. Campa\u00f1as De Comunicaci\u00f3n On Line<br \/>\n6. La Publicidad On Line Y Su Eficacia<br \/>\n7. Marketing En Buscadores<\/p>\n<p><strong>ESTRATEGIAS EFECTIVAS DE E-MAIL MARKETING<\/strong><\/p>\n<p>1. E-Mail Marketing<\/p>\n<p>1.1. El E-Mail Marketing Dentro De La Estrategia De Marketing Online.<br \/>\n1.2. Ventajas Y Desventajas Del E-Mail Marketing<br \/>\n1.3. Recopilaci\u00f3n De E-Mails<br \/>\n1.4. Planificaci\u00f3n De Una Campa\u00f1a De E-Mail Marketing<br \/>\n1.5. Principales Elementos Y T\u00e9cnicas De Dise\u00f1o Para Crear Un E-Mail Efectivo<br \/>\n1.6. Protecci\u00f3n De Datos Por Internet<br \/>\n1.7. El Formato Html<br \/>\n1.8. Spam, Legislaci\u00f3n Y Normativas Del E-Mail Marketing<br \/>\n1.9. An\u00e1lisis De Resultados Del E-Mail Marketing<br \/>\n1.10. Diferentes Herramientas Y Plataformas Online Para Gestionar Campa\u00f1as De E-Mail Marketing<\/p>\n<p><strong>COMERCIO ELECTR\u00d3NICO PARA PYMES<\/strong><\/p>\n<p>1. Qu\u00e9 Es El Comercio Electr\u00f3nico Y E-Business<br \/>\n2. E-Business: Nuevos Modelos De Procesos De Negocio<br \/>\n3. Elementos De Un Sistema De E-Business Y Comercio Electr\u00f3nico<br \/>\n4. Requisitos M\u00ednimos Para El Comercio Electr\u00f3nico Y El E-Business<br \/>\n5. Soluciones Integrales En Materia Tecnol\u00f3gica Para La Puesta En Marcha De Iniciativas De Comercio Electr\u00f3nico Y E-Business<br \/>\n6. An\u00e1lisis De Los Principales Casos De \u00c9xito De Comercio Electr\u00f3nico<br \/>\n7. Dominios, P\u00e1ginas Web, Sitios Web Y Portales<\/p>\n<p><strong>COMMUNITY MANAGER<\/strong><\/p>\n<p>1. Las Redes Sociales. El Community Manager<br \/>\n2. Monitorizar, Analizar Y Medir Las Redes Sociales:<br \/>\n3. Las Redes Sociales En El Plan De Marketing<br \/>\n4. Las Redes Sociales Y La Comunicaci\u00f3n: Su An\u00e1lisis Como Medio Y Como Soporte Publicitario<br \/>\n5. Construir Relaciones: El Nuevo Marketing Relacional<br \/>\n6. Creatividad Y Redes Sociales<br \/>\n7. Los Blogs<br \/>\n8. Descripci\u00f3n De Las Principales Redes Sociales<br \/>\n9. Mobile Social Media: Los Smartphones<\/p>\n<p>&nbsp;<\/p>\n<p><strong>PUBLICIDAD EN INTERNET<\/strong><\/p>\n<p>1. La publicidad tradicional y la publicidad online<br \/>\n2. Estrategias publicitarias en Internet<br \/>\n3. Planificaci\u00f3n de la campa\u00f1a publicitaria online<br \/>\n4. Planificaci\u00f3n de los medios publicitarios online<br \/>\n5. Medios, soportes y formatos publicitarios online<br \/>\n6. Evaluaci\u00f3n de la eficacia publicitaria. Modelos de contrataci\u00f3n de publicidad online<br \/>\n7. La Web<br \/>\n7.1. Las cookies<br \/>\n7.2. Posicionamiento natural en buscadores<br \/>\n7.3. Publicidad en nuestra web. Adsense.<\/p>\n<p><strong>SEGURIDAD EN EL COMERCIO ELECTR\u00d3NICO<\/strong><\/p>\n<p>1. SEGURIDAD Y PROTECCI\u00d3N DE DATOS<br \/>\n1.1. Seguridad en las TI<br \/>\n1.2. Accesos al sistema<br \/>\n1.3. Seguridad en las redes<br \/>\n1.4. Seguridad en Internet<br \/>\n1.5. Registro de protecci\u00f3n de datos<br \/>\n1.6. Niveles de seguridad<br \/>\n1.7. Derechos de los afectados<br \/>\n2. ASPECTOS JUR\u00cdDICOS EN EL COMERCIO ELECTR\u00d3NICO<br \/>\n2.1. Introducci\u00f3n a la LOPD<br \/>\n2.2. \u00c1mbito de aplicaci\u00f3n<br \/>\n2.3. Procedencia de los datos de car\u00e1cter personal<br \/>\n2.4. Comercio Electr\u00f3nico<br \/>\n2.5. LSSICE<br \/>\n2.6. LISI<br \/>\n3. SEGURIDAD EN LOS MEDIOS DE PAGO ON-LINE<br \/>\n3.1. Sistemas de pago no integrados<br \/>\n3.2. Sistemas de pago integrados &#8211; pasarelas de pago<br \/>\n3.3. Tarjetas de cr\u00e9ditos: banda magn\u00e9tica, tarjetas inteligentes y multiservicio<br \/>\n3.4. 3D Secure<br \/>\n3.5. Internet Mobile Payment<br \/>\n3.6. Modelos de negocio de los diferentes actores<br \/>\n3.7. Workflow y funcionamiento de un sistema de pago a trav\u00e9s de m\u00f3vil<br \/>\n4. PAGOS Y TRIBUTACI\u00d3N<br \/>\n4.1. Sistema de pago<br \/>\n4.2. Dinero electr\u00f3nico<br \/>\n4.3. Protocolos de seguridad<br \/>\n4.4. Firma electr\u00f3nica<br \/>\n4.5. Certificados y entidades de certificaci\u00f3n<br \/>\n4.6. Imposici\u00f3n directa e indirecta<br \/>\n4.7. Fiscalidad transnacional<\/p>\n<p><em><strong>Profesional en nuevas tecnolog\u00edas<\/strong><\/em><\/p>\n<hr \/>\n","protected":false},"excerpt":{"rendered":"<p><a href=\"https:\/\/centro-cee.com\/web\/formaciones\/\">Atr\u00e1s<\/a><\/p>\n<p>Internet abre un universo de posibilidades en el plano laboral, si te interesan las nuevas tecnolog\u00edas, CEE Centro Europeo E-learning ofert un curso sobre ser Profesional en Nuevas Tecnolog\u00edas, en el cual, si lo deseas, asumir\u00e1s funciones de responsabilidad media o alta en \u00e1reas de nuevas tecnolog\u00edas, marketing y de proyecci\u00f3n en las redes, as\u00ed como tambi\u00e9n podr\u00e1s crear planes de marketing, controlar los ciclos del sistema de gesti\u00f3n de la organizaci\u00f3n, trabajar\u00e1s con intranet y extranet y adquirir\u00e1s herramientas para entender sobre publicidad, marketing online y estrategias de marketing e-mail.<\/p>\n","protected":false},"featured_media":1185,"comment_status":"closed","ping_status":"closed","template":"","meta":[],"product_brand":[],"product_cat":[34],"product_tag":[1240,1235,1232,1236,1234,1233,1238,1239,1241,1237],"class_list":{"0":"post-1184","1":"product","2":"type-product","3":"status-publish","4":"has-post-thumbnail","6":"product_cat-tecnicos","7":"product_tag-aplicaciones-de-nuevas-tecnologias","8":"product_tag-certificacion-en-nuevas-tecnologias","9":"product_tag-curso-en-nuevas-tecnologias","10":"product_tag-curso-online-de-tecnologia","11":"product_tag-especializacion-en-transformacion-digital","12":"product_tag-formacion-en-tecnologias-emergentes","13":"product_tag-gestion-de-proyectos-tecnologicos","14":"product_tag-innovacion-y-tecnologia","15":"product_tag-tecnologias-de-la-informacion-y-comunicacion","16":"product_tag-tendencias-tecnologicas-actuales","18":"first","19":"instock","20":"sale","21":"shipping-taxable","22":"purchasable","23":"product-type-simple"},"yoast_head":"<!-- This site is optimized with the Yoast SEO plugin v27.4 - https:\/\/yoast.com\/product\/yoast-seo-wordpress\/ -->\n<title>Profesional en nuevas tecnolog\u00edas<\/title>\n<meta name=\"description\" content=\"En este curso profesional en nuevas tecnolog\u00edas, adquirir\u00e1 las habilidades necesarias para estar a la altura en un mundo en constante evoluci\u00f3n tecnol\u00f3gica.\" \/>\n<meta name=\"robots\" content=\"index, follow, max-snippet:-1, max-image-preview:large, max-video-preview:-1\" \/>\n<link rel=\"canonical\" href=\"https:\/\/centro-cee.com\/web\/producto\/profesional-en-nuevas-tecnologias\/\" \/>\n<meta property=\"og:locale\" content=\"es_ES\" \/>\n<meta property=\"og:type\" content=\"article\" \/>\n<meta property=\"og:title\" content=\"Profesional en nuevas tecnolog\u00edas\" \/>\n<meta property=\"og:description\" content=\"En este curso profesional en nuevas tecnolog\u00edas, adquirir\u00e1 las habilidades necesarias para estar a la altura en un mundo en constante evoluci\u00f3n tecnol\u00f3gica.\" \/>\n<meta property=\"og:url\" content=\"https:\/\/centro-cee.com\/web\/producto\/profesional-en-nuevas-tecnologias\/\" \/>\n<meta property=\"og:site_name\" content=\"CEE Centro Europeo E-learning - Cursos online\" \/>\n<meta property=\"article:modified_time\" content=\"2024-10-18T10:59:54+00:00\" \/>\n<meta property=\"og:image\" content=\"https:\/\/centro-cee.com\/web\/wp-content\/uploads\/2023\/03\/imagen_2023-03-17_115935331.png\" \/>\n\t<meta property=\"og:image:width\" content=\"513\" \/>\n\t<meta property=\"og:image:height\" content=\"342\" \/>\n\t<meta property=\"og:image:type\" content=\"image\/png\" \/>\n<meta name=\"twitter:card\" content=\"summary_large_image\" \/>\n<meta name=\"twitter:label1\" content=\"Tiempo de lectura\" \/>\n\t<meta name=\"twitter:data1\" content=\"6 minutos\" \/>\n<script type=\"application\/ld+json\" class=\"yoast-schema-graph\">{\"@context\":\"https:\\\/\\\/schema.org\",\"@graph\":[{\"@type\":\"WebPage\",\"@id\":\"https:\\\/\\\/centro-cee.com\\\/web\\\/producto\\\/profesional-en-nuevas-tecnologias\\\/\",\"url\":\"https:\\\/\\\/centro-cee.com\\\/web\\\/producto\\\/profesional-en-nuevas-tecnologias\\\/\",\"name\":\"Profesional en nuevas tecnolog\u00edas\",\"isPartOf\":{\"@id\":\"https:\\\/\\\/centro-cee.com\\\/web\\\/#website\"},\"primaryImageOfPage\":{\"@id\":\"https:\\\/\\\/centro-cee.com\\\/web\\\/producto\\\/profesional-en-nuevas-tecnologias\\\/#primaryimage\"},\"image\":{\"@id\":\"https:\\\/\\\/centro-cee.com\\\/web\\\/producto\\\/profesional-en-nuevas-tecnologias\\\/#primaryimage\"},\"thumbnailUrl\":\"https:\\\/\\\/centro-cee.com\\\/web\\\/wp-content\\\/uploads\\\/2023\\\/03\\\/imagen_2023-03-17_115935331.png\",\"datePublished\":\"2023-03-17T11:00:09+00:00\",\"dateModified\":\"2024-10-18T10:59:54+00:00\",\"description\":\"En este curso profesional en nuevas tecnolog\u00edas, adquirir\u00e1 las habilidades necesarias para estar a la altura en un mundo en constante evoluci\u00f3n tecnol\u00f3gica.\",\"breadcrumb\":{\"@id\":\"https:\\\/\\\/centro-cee.com\\\/web\\\/producto\\\/profesional-en-nuevas-tecnologias\\\/#breadcrumb\"},\"inLanguage\":\"es\",\"potentialAction\":[{\"@type\":\"ReadAction\",\"target\":[\"https:\\\/\\\/centro-cee.com\\\/web\\\/producto\\\/profesional-en-nuevas-tecnologias\\\/\"]}]},{\"@type\":\"ImageObject\",\"inLanguage\":\"es\",\"@id\":\"https:\\\/\\\/centro-cee.com\\\/web\\\/producto\\\/profesional-en-nuevas-tecnologias\\\/#primaryimage\",\"url\":\"https:\\\/\\\/centro-cee.com\\\/web\\\/wp-content\\\/uploads\\\/2023\\\/03\\\/imagen_2023-03-17_115935331.png\",\"contentUrl\":\"https:\\\/\\\/centro-cee.com\\\/web\\\/wp-content\\\/uploads\\\/2023\\\/03\\\/imagen_2023-03-17_115935331.png\",\"width\":513,\"height\":342,\"caption\":\"PROFESIONAL EN NUEVAS TECNOLOG\u00cdAS\"},{\"@type\":\"BreadcrumbList\",\"@id\":\"https:\\\/\\\/centro-cee.com\\\/web\\\/producto\\\/profesional-en-nuevas-tecnologias\\\/#breadcrumb\",\"itemListElement\":[{\"@type\":\"ListItem\",\"position\":1,\"name\":\"Portada\",\"item\":\"https:\\\/\\\/centro-cee.com\\\/web\\\/\"},{\"@type\":\"ListItem\",\"position\":2,\"name\":\"Profesional en nuevas tecnolog\u00edas\"}]},{\"@type\":\"WebSite\",\"@id\":\"https:\\\/\\\/centro-cee.com\\\/web\\\/#website\",\"url\":\"https:\\\/\\\/centro-cee.com\\\/web\\\/\",\"name\":\"Centro Europeo E-learning\",\"description\":\"CEE Formaci\u00f3n Online\",\"publisher\":{\"@id\":\"https:\\\/\\\/centro-cee.com\\\/web\\\/#organization\"},\"alternateName\":\"Centro Online de Formaci\u00f3n\",\"potentialAction\":[{\"@type\":\"SearchAction\",\"target\":{\"@type\":\"EntryPoint\",\"urlTemplate\":\"https:\\\/\\\/centro-cee.com\\\/web\\\/?s={search_term_string}\"},\"query-input\":{\"@type\":\"PropertyValueSpecification\",\"valueRequired\":true,\"valueName\":\"search_term_string\"}}],\"inLanguage\":\"es\"},{\"@type\":\"Organization\",\"@id\":\"https:\\\/\\\/centro-cee.com\\\/web\\\/#organization\",\"name\":\"Centro Europeo E-learning CEE\",\"url\":\"https:\\\/\\\/centro-cee.com\\\/web\\\/\",\"logo\":{\"@type\":\"ImageObject\",\"inLanguage\":\"es\",\"@id\":\"https:\\\/\\\/centro-cee.com\\\/web\\\/#\\\/schema\\\/logo\\\/image\\\/\",\"url\":\"https:\\\/\\\/centro-cee.com\\\/web\\\/wp-content\\\/uploads\\\/2022\\\/12\\\/cropped-logo_educa.png\",\"contentUrl\":\"https:\\\/\\\/centro-cee.com\\\/web\\\/wp-content\\\/uploads\\\/2022\\\/12\\\/cropped-logo_educa.png\",\"width\":157,\"height\":63,\"caption\":\"Centro Europeo E-learning CEE\"},\"image\":{\"@id\":\"https:\\\/\\\/centro-cee.com\\\/web\\\/#\\\/schema\\\/logo\\\/image\\\/\"},\"sameAs\":[\"https:\\\/\\\/www.instagram.com\\\/centroeuropeo_cee\"]}]}<\/script>\n<!-- \/ Yoast SEO plugin. -->","yoast_head_json":{"title":"Profesional en nuevas tecnolog\u00edas","description":"En este curso profesional en nuevas tecnolog\u00edas, adquirir\u00e1 las habilidades necesarias para estar a la altura en un mundo en constante evoluci\u00f3n tecnol\u00f3gica.","robots":{"index":"index","follow":"follow","max-snippet":"max-snippet:-1","max-image-preview":"max-image-preview:large","max-video-preview":"max-video-preview:-1"},"canonical":"https:\/\/centro-cee.com\/web\/producto\/profesional-en-nuevas-tecnologias\/","og_locale":"es_ES","og_type":"article","og_title":"Profesional en nuevas tecnolog\u00edas","og_description":"En este curso profesional en nuevas tecnolog\u00edas, adquirir\u00e1 las habilidades necesarias para estar a la altura en un mundo en constante evoluci\u00f3n tecnol\u00f3gica.","og_url":"https:\/\/centro-cee.com\/web\/producto\/profesional-en-nuevas-tecnologias\/","og_site_name":"CEE Centro Europeo E-learning - Cursos online","article_modified_time":"2024-10-18T10:59:54+00:00","og_image":[{"width":513,"height":342,"url":"https:\/\/centro-cee.com\/web\/wp-content\/uploads\/2023\/03\/imagen_2023-03-17_115935331.png","type":"image\/png"}],"twitter_card":"summary_large_image","twitter_misc":{"Tiempo de lectura":"6 minutos"},"schema":{"@context":"https:\/\/schema.org","@graph":[{"@type":"WebPage","@id":"https:\/\/centro-cee.com\/web\/producto\/profesional-en-nuevas-tecnologias\/","url":"https:\/\/centro-cee.com\/web\/producto\/profesional-en-nuevas-tecnologias\/","name":"Profesional en nuevas tecnolog\u00edas","isPartOf":{"@id":"https:\/\/centro-cee.com\/web\/#website"},"primaryImageOfPage":{"@id":"https:\/\/centro-cee.com\/web\/producto\/profesional-en-nuevas-tecnologias\/#primaryimage"},"image":{"@id":"https:\/\/centro-cee.com\/web\/producto\/profesional-en-nuevas-tecnologias\/#primaryimage"},"thumbnailUrl":"https:\/\/centro-cee.com\/web\/wp-content\/uploads\/2023\/03\/imagen_2023-03-17_115935331.png","datePublished":"2023-03-17T11:00:09+00:00","dateModified":"2024-10-18T10:59:54+00:00","description":"En este curso profesional en nuevas tecnolog\u00edas, adquirir\u00e1 las habilidades necesarias para estar a la altura en un mundo en constante evoluci\u00f3n tecnol\u00f3gica.","breadcrumb":{"@id":"https:\/\/centro-cee.com\/web\/producto\/profesional-en-nuevas-tecnologias\/#breadcrumb"},"inLanguage":"es","potentialAction":[{"@type":"ReadAction","target":["https:\/\/centro-cee.com\/web\/producto\/profesional-en-nuevas-tecnologias\/"]}]},{"@type":"ImageObject","inLanguage":"es","@id":"https:\/\/centro-cee.com\/web\/producto\/profesional-en-nuevas-tecnologias\/#primaryimage","url":"https:\/\/centro-cee.com\/web\/wp-content\/uploads\/2023\/03\/imagen_2023-03-17_115935331.png","contentUrl":"https:\/\/centro-cee.com\/web\/wp-content\/uploads\/2023\/03\/imagen_2023-03-17_115935331.png","width":513,"height":342,"caption":"PROFESIONAL EN NUEVAS TECNOLOG\u00cdAS"},{"@type":"BreadcrumbList","@id":"https:\/\/centro-cee.com\/web\/producto\/profesional-en-nuevas-tecnologias\/#breadcrumb","itemListElement":[{"@type":"ListItem","position":1,"name":"Portada","item":"https:\/\/centro-cee.com\/web\/"},{"@type":"ListItem","position":2,"name":"Profesional en nuevas tecnolog\u00edas"}]},{"@type":"WebSite","@id":"https:\/\/centro-cee.com\/web\/#website","url":"https:\/\/centro-cee.com\/web\/","name":"Centro Europeo E-learning","description":"CEE Formaci\u00f3n Online","publisher":{"@id":"https:\/\/centro-cee.com\/web\/#organization"},"alternateName":"Centro Online de Formaci\u00f3n","potentialAction":[{"@type":"SearchAction","target":{"@type":"EntryPoint","urlTemplate":"https:\/\/centro-cee.com\/web\/?s={search_term_string}"},"query-input":{"@type":"PropertyValueSpecification","valueRequired":true,"valueName":"search_term_string"}}],"inLanguage":"es"},{"@type":"Organization","@id":"https:\/\/centro-cee.com\/web\/#organization","name":"Centro Europeo E-learning CEE","url":"https:\/\/centro-cee.com\/web\/","logo":{"@type":"ImageObject","inLanguage":"es","@id":"https:\/\/centro-cee.com\/web\/#\/schema\/logo\/image\/","url":"https:\/\/centro-cee.com\/web\/wp-content\/uploads\/2022\/12\/cropped-logo_educa.png","contentUrl":"https:\/\/centro-cee.com\/web\/wp-content\/uploads\/2022\/12\/cropped-logo_educa.png","width":157,"height":63,"caption":"Centro Europeo E-learning CEE"},"image":{"@id":"https:\/\/centro-cee.com\/web\/#\/schema\/logo\/image\/"},"sameAs":["https:\/\/www.instagram.com\/centroeuropeo_cee"]}]}},"_links":{"self":[{"href":"https:\/\/centro-cee.com\/web\/wp-json\/wp\/v2\/product\/1184","targetHints":{"allow":["GET"]}}],"collection":[{"href":"https:\/\/centro-cee.com\/web\/wp-json\/wp\/v2\/product"}],"about":[{"href":"https:\/\/centro-cee.com\/web\/wp-json\/wp\/v2\/types\/product"}],"replies":[{"embeddable":true,"href":"https:\/\/centro-cee.com\/web\/wp-json\/wp\/v2\/comments?post=1184"}],"wp:featuredmedia":[{"embeddable":true,"href":"https:\/\/centro-cee.com\/web\/wp-json\/wp\/v2\/media\/1185"}],"wp:attachment":[{"href":"https:\/\/centro-cee.com\/web\/wp-json\/wp\/v2\/media?parent=1184"}],"wp:term":[{"taxonomy":"product_brand","embeddable":true,"href":"https:\/\/centro-cee.com\/web\/wp-json\/wp\/v2\/product_brand?post=1184"},{"taxonomy":"product_cat","embeddable":true,"href":"https:\/\/centro-cee.com\/web\/wp-json\/wp\/v2\/product_cat?post=1184"},{"taxonomy":"product_tag","embeddable":true,"href":"https:\/\/centro-cee.com\/web\/wp-json\/wp\/v2\/product_tag?post=1184"}],"curies":[{"name":"wp","href":"https:\/\/api.w.org\/{rel}","templated":true}]}}