{"id":1090,"date":"2023-02-13T10:51:43","date_gmt":"2023-02-13T10:51:43","guid":{"rendered":"https:\/\/centro-cee.com\/web\/?post_type=product&#038;p=1090"},"modified":"2026-03-13T12:29:21","modified_gmt":"2026-03-13T12:29:21","slug":"celador-profesional-en-instituciones-sanitarias-gestion-del-estres","status":"publish","type":"product","link":"https:\/\/centro-cee.com\/web\/producto\/celador-profesional-en-instituciones-sanitarias-gestion-del-estres\/","title":{"rendered":"Celador profesional en instituciones sanitarias + gesti\u00f3n del estr\u00e9s"},"content":{"rendered":"<hr \/>\n<p><a href=\"https:\/\/centro-cee.com\/web\/formaciones\/\">Atr\u00e1s<\/a><\/p>\n<p><em><strong>Celador profesional en instituciones sanitarias<\/strong><\/em><\/p>\n<p>M\u00e1ster en Coaching, Inteligencia Emocional y PNL<\/p>\n<p>Toda esta formaci\u00f3n se realiza 100% online en nuestro campus online de formaci\u00f3n.<\/p>\n<p>Las tutorias se realizan directamente desde el campus de estudio con la opci\u00f3n de mensajer\u00eda a profesores\u00a0 y son \u201ca demanda\u201d, cuando necesites soporte nos lo pides.<\/p>\n<p>Adem\u00e1s los t\u00edtulos de Centro CEE est\u00e1n autenticados por la firma de notario que valida contenidos y autenticidad a nivel internacional.<\/p>\n<p>Nuestra organizaci\u00f3n pertenece a la Asociaci\u00f3n Espa\u00f1ola de Calidad, organizaci\u00f3n Espa\u00f1ola de referencia para la calidad en la formaci\u00f3n.<\/p>\n<p>La certificaci\u00f3n se puede apostillar por la Haya para cualquier pa\u00eds firmante del convenio.<\/p>\n<p>Se puede pagar a plazos.<\/p>\n<p>Carga horaria de la formaci\u00f3n: 500h<\/p>\n<p>&nbsp;<\/p>\n<h2>Temario<\/h2>\n<hr \/>\n<p><strong>Celador en Instituciones Sanitarias<\/strong><\/p>\n<p><strong>1. M\u00d3DULO I: MARCO JUR\u00cdDICO B\u00c1SICO DEL EJERCICIO PROFESIONAL<\/strong><br \/>\n<strong>TEMA 1. ESTRUCTURA DEL SISTEMA NACIONAL DE SALUD<\/strong><br \/>\n1. El Sistema Nacional de Salud<br \/>\n2. Niveles de asistencia y tipos de prestaciones<br \/>\n3. \u2026<br \/>\n<strong>TEMA 2. LA CONSTITUCI\u00d3N ESPA\u00d1OLA<\/strong><br \/>\n1. Introducci\u00f3n.<br \/>\n2. Concepto de Constituci\u00f3n<br \/>\n3. Transici\u00f3n pol\u00edtica y proceso constituyente<br \/>\n4. Elaboraci\u00f3n y aprobaci\u00f3n de la Constituci\u00f3n Espa\u00f1ola de 1978<br \/>\n5. Caracter\u00edsticas de la Constituci\u00f3n Espa\u00f1ola<br \/>\n6. \u2026<br \/>\n<strong>TEMA 3. LEY GENERAL DE SANIDAD<\/strong><br \/>\n1. Ley General de Sanidad<br \/>\n2. El Sistema de Salud<br \/>\n3. Competencias de las Administraciones P\u00fablicas<br \/>\n4. \u2026<br \/>\n<strong>TEMA 4. ESTATUTO MARCO DEL PERSONAL ESTATUTARIO DE LOS SERVICIOS DE SALUD<\/strong><br \/>\n1. Ley 55\/2003, de 16 de diciembre, del Estatuto Marco del personal estatutario de los Servicios de Salud<br \/>\n2. El personal estatutario al servicio de las Instituciones Sanitarias<br \/>\n3. Clasificaci\u00f3n del personal estatutario<br \/>\n4. Planificaci\u00f3n y ordenaci\u00f3n del personal<br \/>\n5. \u2026<br \/>\n<strong>6. M\u00d3DULO II: \u00c1MBITOS DE ACTUACI\u00d3N Y PERFIL PROFESIONAL DEL CELADOR<\/strong><br \/>\n<strong>TEMA 5. \u00c1MBITOS DE ACTUACI\u00d3N DEL CELADOR<\/strong><br \/>\n1. Atenci\u00f3n Primaria de Salud<br \/>\n2. Concepto de Atenci\u00f3n Primaria<br \/>\n3. Caracter\u00edsticas de la Atenci\u00f3n Primaria de Salud<br \/>\n4. &#8230;<br \/>\n<strong>TEMA 6. PERFIL PROFESIONAL DEL CELADOR<\/strong><br \/>\n1. Funciones del celador y del jefe de personal subalterno<br \/>\n2. Funciones de vigilancia<br \/>\n3. Funciones de asistencia al personal facultativo y no facultativo<br \/>\n4. \u2026<br \/>\n<strong>5. M\u00d3DULO III: DESCRIPCI\u00d3N DE LA ACTUACI\u00d3N DEL CELADOR EN LOS DIFERENTES SERVICIOS<\/strong><br \/>\n<strong>TEMA 7. EL CELADOR EN LOS SERVICIOS DE ADMISI\u00d3N Y VIGILANCIA<\/strong><br \/>\n1. El celador en la unidad de admisi\u00f3n<br \/>\n2. Admisi\u00f3n de ingresos<br \/>\n3. Admisi\u00f3n de urgencias<br \/>\n4. Servicio de atenci\u00f3n al usuario<br \/>\n5. Traslado de enfermos<br \/>\n6. \u2026<br \/>\n<strong>TEMA 8. EL CELADOR EN LAS UNIDADES DE HOSPITALIZACI\u00d3N<\/strong><br \/>\n1. Unidad de paciente.<br \/>\n2. La cama hospitalaria<br \/>\n3. Partes y accesorios de la cama hospitalaria<br \/>\n4. \u2026<br \/>\n<strong>TEMA 9. LA HIGIENE DEL PACIENTE<\/strong><br \/>\n1. Asepsia<br \/>\n2. Antisepsia<br \/>\n3. Desinfecci\u00f3n<br \/>\n4. La higiene del enfermo<br \/>\n5. \u2026<br \/>\n<strong>TEMA 10. MOVILIZACI\u00d3N Y TRASLADO DEL PACIENTE<\/strong><br \/>\n1. Indicaciones t\u00e9cnicas de movilizaci\u00f3n urgente<br \/>\n2. Indicaciones generales<br \/>\n3. Arrastre de urgencia<br \/>\n4. Principios generales de levantamiento<br \/>\n5. Arrastre<br \/>\n6. Carga de brazos<br \/>\n7. Movilizaci\u00f3n del paciente encamado<br \/>\n8. Tipos de camilla<br \/>\n9. Incorporaci\u00f3n del paciente a una camilla<br \/>\n10. Movilizaci\u00f3n del paciente encamado ayudados por una s\u00e1bana<br \/>\n11. Movilizaci\u00f3n del paciente hacia un lateral de la cama<br \/>\n12. Giro de dec\u00fabito supino a dec\u00fabito lateral<br \/>\n13. \u2026<br \/>\n<strong>TEMA 11. EL CELADOR EN EL QUIR\u00d3FANO<\/strong><br \/>\n1. La cirug\u00eda<br \/>\n2. El quir\u00f3fano<br \/>\n3. El equipo quir\u00fargico<br \/>\n4. Elementos del quir\u00f3fano<br \/>\n5. \u2026<br \/>\n<strong>TEMA 12. EL CELADOR EN LA UNIDAD DE PSIQUIATR\u00cdA<\/strong><br \/>\n1. La importancia de la salud mental<br \/>\n2. La psiquiatr\u00eda<br \/>\n3. Los dispositivos en el \u00e1rea de salud mental<br \/>\n4. \u2026<br \/>\n<strong>TEMA 13. EL CELADOR EN LA FARMACIA Y EL ALMAC\u00c9N<\/strong><br \/>\n1. El celador en la farmacia hospitalaria<br \/>\n2. Funciones del celador en la farmacia<br \/>\n3. \u2026<br \/>\n<strong>TEMA 14. EL CELADOR EN SALAS DE AUTOPSIAS Y TANATORIOS<\/strong><br \/>\n1. Aspectos generales<br \/>\n2. La actuaci\u00f3n del celador con pacientes fallecidos<br \/>\n3. El amortajamiento y el traslado de difuntos hacia el tanatorio<br \/>\n4. \u2026<br \/>\n<strong>TEMA 15. LA ACTUACI\u00d3N DEL CELADOR EN EL ANIMALARIO<\/strong><br \/>\n1. Conceptualizaci\u00f3n<br \/>\n2. Objetivos de la experimentaci\u00f3n con animales<br \/>\n3. El animalario<br \/>\n4. \u2026<br \/>\n<strong>5. M\u00d3DULO IV: ACTUACI\u00d3N DEL CELADOR EN LAS URGENCIAS<\/strong><br \/>\n<strong>TEMA 16. LA EPIDEMIOLOG\u00cdA DE LA ASISTENCIA PREHOSPITALARIA<\/strong><br \/>\n1. Epidemiolog\u00eda de la asistencia prehospitalaria<br \/>\n2. Concepto de Sistema Integral de Urgencias y Emergencias<br \/>\n3. \u00bfQu\u00e9 es una urgencia y una emergencia sanitaria?<br \/>\n4. \u2026<br \/>\n<strong>TEMA 17. EL CELADOR EN LAS UNIDADES DE URGENCIAS<\/strong><br \/>\n1. Conceptualizaci\u00f3n<br \/>\n2. Unidades de urgencias hospitalarias<br \/>\n3. Unidades de urgencias extrahospitalarias<br \/>\n4. \u2026<br \/>\n<strong>TEMA 18. EL CELADOR Y EL TRANSPORTE DE ENFERMOS EN AMBULANCIAS<\/strong><br \/>\n1. \u00bfQu\u00e9 es el transporte sanitario?<br \/>\n2. Tipos de transporte sanitario<br \/>\n3. ..<br \/>\n<strong>TEMA 19. SOPORTE VITAL B\u00c1SICO<\/strong><br \/>\n1. Concepto de Soporte Vital B\u00e1sico<br \/>\n2. Secuencia del Soporte Vital B\u00e1sico<br \/>\n3. Toma de constantes vitales<br \/>\n4. T\u00e9cnicas de Soporte Vital B\u00e1sico<br \/>\n5. Desobstrucci\u00f3n y permeabilizaci\u00f3n de la v\u00eda a\u00e9rea<br \/>\n6. Protocolo de Soporte Vital<br \/>\n7. \u2026<br \/>\n<strong>TEMA 20. SOPORTE VITAL AVANZADO<\/strong><br \/>\n1. Concepto de Soporte Vital Avanzado<br \/>\n2. Material necesario para la aplicaci\u00f3n de t\u00e9cnicas de Soporte Vital Avanzado<br \/>\n3. \u2026<br \/>\n<strong>TEMA 21. ATENCI\u00d3N INCIAL EN LAS EMERGENCIAS M\u00c1S FRECUENTES<\/strong><br \/>\n1. Quemaduras<br \/>\n2. Clasificaci\u00f3n de las quemaduras<br \/>\n3. Atenci\u00f3n inicial<br \/>\n4. Resucitaci\u00f3n<br \/>\n5. Traslado del paciente<br \/>\n6. Electrocuci\u00f3n<br \/>\n7. La crisis convulsi\u00f3n<br \/>\n8. \u2026<br \/>\n<strong>TEMA 22. CUIDADO DE LESIONES CUT\u00c1NEAS<\/strong><br \/>\n1. Control de hemorragias<br \/>\n2. Valoraci\u00f3n inicial de las hemorragias<br \/>\n3. C\u00f3mo controlar una hemorragia externa<br \/>\n4. El control de las hemorragias internas<br \/>\n5. \u2026<br \/>\n<strong>6. M\u00d3DULO V: DOCUMENTACI\u00d3N CL\u00cdNICA<\/strong><br \/>\n<strong>TEMA 23. MANEJO Y TRASLADO DE DOCUMENTACI\u00d3N CL\u00cdNICA<\/strong><br \/>\n1. Documentos cl\u00ednicos<br \/>\n2. Documentaci\u00f3n no cl\u00ednica<br \/>\n3. Otros documentos<br \/>\n4. \u2026<br \/>\n<strong>TEMA 24. CONFIDENCIALIDAD, DERECHOS Y DEBERES DEL USUARIO<\/strong><br \/>\n1. El secreto profesional<br \/>\n2. Naturaleza y concepto<br \/>\n3. Elementos del secreto profesional<br \/>\n4. Objeto del secreto profesional<br \/>\n5. Dimensiones del secreto profesional<br \/>\n6. Dimensi\u00f3n \u00e9tica<br \/>\n7. Marco legal<br \/>\n8. \u2026<br \/>\n<strong>9. M\u00d3DULO VI: EL CELADOR EN RELACI\u00d3N CON LOS USUARIOS<\/strong><br \/>\n<strong>TEMA 25. ATENCI\u00d3N AL PACIENTE Y A LOS FAMILIARES I<\/strong><br \/>\n1. Atenci\u00f3n al paciente y a los ciudadanos en la Administraci\u00f3n P\u00fablica<br \/>\n2. Aspectos legislativos<br \/>\n3. La comunicaci\u00f3n como punto clave en la relaci\u00f3n con el ciudadano<br \/>\n4. Canales comunicativos<br \/>\n5. Tipos de comunicaci\u00f3n<br \/>\n6. Comunicaci\u00f3n interpersonal<br \/>\n7. \u2026.<br \/>\n<strong>TEMA 26. ATENCI\u00d3N AL PACIENTE Y A LOS FAMILIARES II<\/strong><br \/>\n1. Habilidades sociales<br \/>\n2. Asertividad<br \/>\n3. Empat\u00eda<br \/>\n4. Negociaci\u00f3n<br \/>\n5. ..<br \/>\n<strong>6. M\u00d3DULO VII: HIGIENE Y SEGURIDAD EN EL CENTRO DE TRABAJO<\/strong><br \/>\n<strong>TEMA 27. ACTUACI\u00d3N DEL CELADOR EN EL PLAN DE EMERGENCIA DE UNA INSTITUCI\u00d3N SANITARIA<\/strong><br \/>\n1. Conceptos clave<br \/>\n2. El Plan de Cat\u00e1strofes de un centro sanitario<br \/>\n3. Metodolog\u00eda de trabajo de la Comisi\u00f3n de Cat\u00e1strofes<br \/>\n4. Evaluaci\u00f3n de riesgos en centros sanitarios<br \/>\n5. Determinaci\u00f3n y clasificaci\u00f3n del riesgo<br \/>\n6. Mapa de riesgos<br \/>\n7. Evaluaci\u00f3n del riesgo<br \/>\n8. Medios de protecci\u00f3n<br \/>\n9. \u2026<br \/>\n<strong>TEMA 28. PREVENCI\u00d3N DE RIESGOS LABORALES<\/strong><br \/>\n1. El trabajo<br \/>\n2. La salud<br \/>\n3. Concepciones sociales de la salud<br \/>\n4. Concepci\u00f3n ideal de la salud<br \/>\n5. La calidad<br \/>\n6. \u2026<\/p>\n<p>GESTI\u00d3N DE ESTR\u00c9S<\/p>\n<p><strong>1. EL ESTR\u00c9S Y SUS CARACTER\u00cdSTICAS<\/strong><br \/>\n1.1. Introducci\u00f3n<br \/>\n1.2. Definiciones<br \/>\n1.3. Tipos de estr\u00e9s<br \/>\n1.4. \u2026<\/p>\n<p><strong>2. EL ESTR\u00c9S LABORAL<\/strong><br \/>\n2.1. Factores psicosociales<br \/>\n2.2. Diferencia entre presi\u00f3n de trabajo y estr\u00e9s<br \/>\n2.3. S\u00edntomas del estr\u00e9s laboral<br \/>\n2.4. Medidas Organizacionales<br \/>\n2.5. \u2026<\/p>\n<p><strong>3. T\u00c9CNICAS PERSONALES DE CONTROL DE ESTR\u00c9S<\/strong><br \/>\n3.1. T\u00e9cnicas de respiraci\u00f3n<br \/>\n3.1.1. En pie y respirando<br \/>\n3.1.2. Nadi Shodhana<br \/>\n3.1.3. \u2026<br \/>\n3.2. Consejos para evitar el estr\u00e9s<br \/>\n3.2.1. Habit\u00faate a<br \/>\n3.2.2. Anal\u00edzate<br \/>\n3.2.3. En el trabajo<br \/>\n3.2.4. Tiempo libre y ocio<br \/>\n3.2.5. \u2026<br \/>\n3.3. T\u00e9cnicas para dominar el estr\u00e9s<br \/>\n3.3.1. Identificando nuestros s\u00edntomas de relajaci\u00f3n<br \/>\n3.3.2. Un ant\u00eddoto para el desaliento<br \/>\n3.3.3. La concentraci\u00f3n: una respiraci\u00f3n en nueve rondas<br \/>\n3.3.4. \u2026<br \/>\nAnexo: Comprueba tu nivel de estr\u00e9s<\/p>\n<p><strong>4. T\u00c9CNICA DE AFRONTAMIENTO DEL ESTR\u00c9S<\/strong><br \/>\n4.1. Introducci\u00f3n<br \/>\n4.2. Desarrollo de la t\u00e9cnica<br \/>\n4.2.1. Desarrollo de una relajaci\u00f3n efectiva<br \/>\n4.2.2. \u2026<\/p>\n<p><em><strong>Celador profesional en instituciones sanitarias<\/strong><\/em><\/p>\n<hr \/>\n","protected":false},"excerpt":{"rendered":"<p><a href=\"https:\/\/centro-cee.com\/web\/formaciones\/\">Atr\u00e1s<\/a><\/p>\n<p>Gracias a estos profesionales el sistema funciona de forma satisfactoria ya que son el nexo entre los pacientes y los profesionales de la sanidad, son los que coordinan la distribuci\u00f3n de pacientes, gesti\u00f3n del instrumental, etc.<\/p>\n<p>Por \u00faltimo, la formaci\u00f3n obtenida es de alto nivel y con gran cantidad de contenidos que dotaran a las\/los alumnas\/os de unos conocimientos excelentes.<\/p>\n<p>Si quieres conocer todos los detalles sobre este curso, solicita informaci\u00f3n y contactaremos contigo cuanto antes para resolver todas tus dudas.<\/p>\n","protected":false},"featured_media":1091,"comment_status":"closed","ping_status":"closed","template":"","meta":[],"product_brand":[],"product_cat":[2046,34],"product_tag":[1349,1345,1350,1342,1346,1343,1344,1348,1351,1347],"class_list":{"0":"post-1090","1":"product","2":"type-product","3":"status-publish","4":"has-post-thumbnail","6":"product_cat-cursos-salud","7":"product_cat-tecnicos","8":"product_tag-apoyo-emocional-en-instituciones-de-salud","9":"product_tag-certificacion-en-celador-sanitario","10":"product_tag-comunicacion-efectiva-en-entornos-sanitarios","11":"product_tag-curso-de-celador-profesional","12":"product_tag-curso-online-de-celador","13":"product_tag-formacion-en-instituciones-sanitarias","14":"product_tag-gestion-del-estres-en-el-ambito-sanitario","15":"product_tag-intervencion-en-situaciones-de-crisis","16":"product_tag-prevencion-del-burnout-en-el-personal-sanitario","17":"product_tag-tecnicas-de-atencion-al-paciente","19":"first","20":"instock","21":"sale","22":"shipping-taxable","23":"purchasable","24":"product-type-simple"},"yoast_head":"<!-- This site is optimized with the Yoast SEO plugin v27.3 - https:\/\/yoast.com\/product\/yoast-seo-wordpress\/ -->\n<title>Celador profesional en instituciones sanitarias<\/title>\n<meta name=\"description\" content=\"El Curso de Celador Profesional en Instituciones Sanitarias es una formaci\u00f3n especializada que te proporciona los conocimientos y habilidades necesarias.\" \/>\n<meta name=\"robots\" content=\"index, follow, max-snippet:-1, max-image-preview:large, max-video-preview:-1\" \/>\n<link rel=\"canonical\" href=\"https:\/\/centro-cee.com\/web\/producto\/celador-profesional-en-instituciones-sanitarias-gestion-del-estres\/\" \/>\n<meta property=\"og:locale\" content=\"es_ES\" \/>\n<meta property=\"og:type\" content=\"article\" \/>\n<meta property=\"og:title\" content=\"Celador profesional en instituciones sanitarias\" \/>\n<meta property=\"og:description\" content=\"El Curso de Celador Profesional en Instituciones Sanitarias es una formaci\u00f3n especializada que te proporciona los conocimientos y habilidades necesarias.\" \/>\n<meta property=\"og:url\" content=\"https:\/\/centro-cee.com\/web\/producto\/celador-profesional-en-instituciones-sanitarias-gestion-del-estres\/\" \/>\n<meta property=\"og:site_name\" content=\"CEE Centro Europeo E-learning - Cursos online\" \/>\n<meta property=\"article:modified_time\" content=\"2026-03-13T12:29:21+00:00\" \/>\n<meta property=\"og:image\" content=\"https:\/\/centro-cee.com\/web\/wp-content\/uploads\/2023\/02\/celador-profesional-en-instituciones-sanitarias-gestion-del-estres.jpg\" \/>\n\t<meta property=\"og:image:width\" content=\"800\" \/>\n\t<meta property=\"og:image:height\" content=\"800\" \/>\n\t<meta property=\"og:image:type\" content=\"image\/jpeg\" \/>\n<meta name=\"twitter:card\" content=\"summary_large_image\" \/>\n<meta name=\"twitter:label1\" content=\"Tiempo de lectura\" \/>\n\t<meta name=\"twitter:data1\" content=\"6 minutos\" \/>\n<script type=\"application\/ld+json\" class=\"yoast-schema-graph\">{\"@context\":\"https:\\\/\\\/schema.org\",\"@graph\":[{\"@type\":\"WebPage\",\"@id\":\"https:\\\/\\\/centro-cee.com\\\/web\\\/producto\\\/celador-profesional-en-instituciones-sanitarias-gestion-del-estres\\\/\",\"url\":\"https:\\\/\\\/centro-cee.com\\\/web\\\/producto\\\/celador-profesional-en-instituciones-sanitarias-gestion-del-estres\\\/\",\"name\":\"Celador profesional en instituciones sanitarias\",\"isPartOf\":{\"@id\":\"https:\\\/\\\/centro-cee.com\\\/web\\\/#website\"},\"primaryImageOfPage\":{\"@id\":\"https:\\\/\\\/centro-cee.com\\\/web\\\/producto\\\/celador-profesional-en-instituciones-sanitarias-gestion-del-estres\\\/#primaryimage\"},\"image\":{\"@id\":\"https:\\\/\\\/centro-cee.com\\\/web\\\/producto\\\/celador-profesional-en-instituciones-sanitarias-gestion-del-estres\\\/#primaryimage\"},\"thumbnailUrl\":\"https:\\\/\\\/centro-cee.com\\\/web\\\/wp-content\\\/uploads\\\/2023\\\/02\\\/celador-profesional-en-instituciones-sanitarias-gestion-del-estres.jpg\",\"datePublished\":\"2023-02-13T10:51:43+00:00\",\"dateModified\":\"2026-03-13T12:29:21+00:00\",\"description\":\"El Curso de Celador Profesional en Instituciones Sanitarias es una formaci\u00f3n especializada que te proporciona los conocimientos y habilidades necesarias.\",\"breadcrumb\":{\"@id\":\"https:\\\/\\\/centro-cee.com\\\/web\\\/producto\\\/celador-profesional-en-instituciones-sanitarias-gestion-del-estres\\\/#breadcrumb\"},\"inLanguage\":\"es\",\"potentialAction\":[{\"@type\":\"ReadAction\",\"target\":[\"https:\\\/\\\/centro-cee.com\\\/web\\\/producto\\\/celador-profesional-en-instituciones-sanitarias-gestion-del-estres\\\/\"]}]},{\"@type\":\"ImageObject\",\"inLanguage\":\"es\",\"@id\":\"https:\\\/\\\/centro-cee.com\\\/web\\\/producto\\\/celador-profesional-en-instituciones-sanitarias-gestion-del-estres\\\/#primaryimage\",\"url\":\"https:\\\/\\\/centro-cee.com\\\/web\\\/wp-content\\\/uploads\\\/2023\\\/02\\\/celador-profesional-en-instituciones-sanitarias-gestion-del-estres.jpg\",\"contentUrl\":\"https:\\\/\\\/centro-cee.com\\\/web\\\/wp-content\\\/uploads\\\/2023\\\/02\\\/celador-profesional-en-instituciones-sanitarias-gestion-del-estres.jpg\",\"width\":800,\"height\":800,\"caption\":\"Celador profesional en instituciones sanitarias\"},{\"@type\":\"BreadcrumbList\",\"@id\":\"https:\\\/\\\/centro-cee.com\\\/web\\\/producto\\\/celador-profesional-en-instituciones-sanitarias-gestion-del-estres\\\/#breadcrumb\",\"itemListElement\":[{\"@type\":\"ListItem\",\"position\":1,\"name\":\"Portada\",\"item\":\"https:\\\/\\\/centro-cee.com\\\/web\\\/\"},{\"@type\":\"ListItem\",\"position\":2,\"name\":\"Celador profesional en instituciones sanitarias + gesti\u00f3n del estr\u00e9s\"}]},{\"@type\":\"WebSite\",\"@id\":\"https:\\\/\\\/centro-cee.com\\\/web\\\/#website\",\"url\":\"https:\\\/\\\/centro-cee.com\\\/web\\\/\",\"name\":\"Centro Europeo E-learning\",\"description\":\"CEE Formaci\u00f3n Online\",\"publisher\":{\"@id\":\"https:\\\/\\\/centro-cee.com\\\/web\\\/#organization\"},\"alternateName\":\"Centro Online de Formaci\u00f3n\",\"potentialAction\":[{\"@type\":\"SearchAction\",\"target\":{\"@type\":\"EntryPoint\",\"urlTemplate\":\"https:\\\/\\\/centro-cee.com\\\/web\\\/?s={search_term_string}\"},\"query-input\":{\"@type\":\"PropertyValueSpecification\",\"valueRequired\":true,\"valueName\":\"search_term_string\"}}],\"inLanguage\":\"es\"},{\"@type\":\"Organization\",\"@id\":\"https:\\\/\\\/centro-cee.com\\\/web\\\/#organization\",\"name\":\"Centro Europeo E-learning CEE\",\"url\":\"https:\\\/\\\/centro-cee.com\\\/web\\\/\",\"logo\":{\"@type\":\"ImageObject\",\"inLanguage\":\"es\",\"@id\":\"https:\\\/\\\/centro-cee.com\\\/web\\\/#\\\/schema\\\/logo\\\/image\\\/\",\"url\":\"https:\\\/\\\/centro-cee.com\\\/web\\\/wp-content\\\/uploads\\\/2022\\\/12\\\/cropped-logo_educa.png\",\"contentUrl\":\"https:\\\/\\\/centro-cee.com\\\/web\\\/wp-content\\\/uploads\\\/2022\\\/12\\\/cropped-logo_educa.png\",\"width\":157,\"height\":63,\"caption\":\"Centro Europeo E-learning CEE\"},\"image\":{\"@id\":\"https:\\\/\\\/centro-cee.com\\\/web\\\/#\\\/schema\\\/logo\\\/image\\\/\"},\"sameAs\":[\"https:\\\/\\\/www.instagram.com\\\/centroeuropeo_cee\"]}]}<\/script>\n<!-- \/ Yoast SEO plugin. -->","yoast_head_json":{"title":"Celador profesional en instituciones sanitarias","description":"El Curso de Celador Profesional en Instituciones Sanitarias es una formaci\u00f3n especializada que te proporciona los conocimientos y habilidades necesarias.","robots":{"index":"index","follow":"follow","max-snippet":"max-snippet:-1","max-image-preview":"max-image-preview:large","max-video-preview":"max-video-preview:-1"},"canonical":"https:\/\/centro-cee.com\/web\/producto\/celador-profesional-en-instituciones-sanitarias-gestion-del-estres\/","og_locale":"es_ES","og_type":"article","og_title":"Celador profesional en instituciones sanitarias","og_description":"El Curso de Celador Profesional en Instituciones Sanitarias es una formaci\u00f3n especializada que te proporciona los conocimientos y habilidades necesarias.","og_url":"https:\/\/centro-cee.com\/web\/producto\/celador-profesional-en-instituciones-sanitarias-gestion-del-estres\/","og_site_name":"CEE Centro Europeo E-learning - Cursos online","article_modified_time":"2026-03-13T12:29:21+00:00","og_image":[{"width":800,"height":800,"url":"https:\/\/centro-cee.com\/web\/wp-content\/uploads\/2023\/02\/celador-profesional-en-instituciones-sanitarias-gestion-del-estres.jpg","type":"image\/jpeg"}],"twitter_card":"summary_large_image","twitter_misc":{"Tiempo de lectura":"6 minutos"},"schema":{"@context":"https:\/\/schema.org","@graph":[{"@type":"WebPage","@id":"https:\/\/centro-cee.com\/web\/producto\/celador-profesional-en-instituciones-sanitarias-gestion-del-estres\/","url":"https:\/\/centro-cee.com\/web\/producto\/celador-profesional-en-instituciones-sanitarias-gestion-del-estres\/","name":"Celador profesional en instituciones sanitarias","isPartOf":{"@id":"https:\/\/centro-cee.com\/web\/#website"},"primaryImageOfPage":{"@id":"https:\/\/centro-cee.com\/web\/producto\/celador-profesional-en-instituciones-sanitarias-gestion-del-estres\/#primaryimage"},"image":{"@id":"https:\/\/centro-cee.com\/web\/producto\/celador-profesional-en-instituciones-sanitarias-gestion-del-estres\/#primaryimage"},"thumbnailUrl":"https:\/\/centro-cee.com\/web\/wp-content\/uploads\/2023\/02\/celador-profesional-en-instituciones-sanitarias-gestion-del-estres.jpg","datePublished":"2023-02-13T10:51:43+00:00","dateModified":"2026-03-13T12:29:21+00:00","description":"El Curso de Celador Profesional en Instituciones Sanitarias es una formaci\u00f3n especializada que te proporciona los conocimientos y habilidades necesarias.","breadcrumb":{"@id":"https:\/\/centro-cee.com\/web\/producto\/celador-profesional-en-instituciones-sanitarias-gestion-del-estres\/#breadcrumb"},"inLanguage":"es","potentialAction":[{"@type":"ReadAction","target":["https:\/\/centro-cee.com\/web\/producto\/celador-profesional-en-instituciones-sanitarias-gestion-del-estres\/"]}]},{"@type":"ImageObject","inLanguage":"es","@id":"https:\/\/centro-cee.com\/web\/producto\/celador-profesional-en-instituciones-sanitarias-gestion-del-estres\/#primaryimage","url":"https:\/\/centro-cee.com\/web\/wp-content\/uploads\/2023\/02\/celador-profesional-en-instituciones-sanitarias-gestion-del-estres.jpg","contentUrl":"https:\/\/centro-cee.com\/web\/wp-content\/uploads\/2023\/02\/celador-profesional-en-instituciones-sanitarias-gestion-del-estres.jpg","width":800,"height":800,"caption":"Celador profesional en instituciones sanitarias"},{"@type":"BreadcrumbList","@id":"https:\/\/centro-cee.com\/web\/producto\/celador-profesional-en-instituciones-sanitarias-gestion-del-estres\/#breadcrumb","itemListElement":[{"@type":"ListItem","position":1,"name":"Portada","item":"https:\/\/centro-cee.com\/web\/"},{"@type":"ListItem","position":2,"name":"Celador profesional en instituciones sanitarias + gesti\u00f3n del estr\u00e9s"}]},{"@type":"WebSite","@id":"https:\/\/centro-cee.com\/web\/#website","url":"https:\/\/centro-cee.com\/web\/","name":"Centro Europeo E-learning","description":"CEE Formaci\u00f3n Online","publisher":{"@id":"https:\/\/centro-cee.com\/web\/#organization"},"alternateName":"Centro Online de Formaci\u00f3n","potentialAction":[{"@type":"SearchAction","target":{"@type":"EntryPoint","urlTemplate":"https:\/\/centro-cee.com\/web\/?s={search_term_string}"},"query-input":{"@type":"PropertyValueSpecification","valueRequired":true,"valueName":"search_term_string"}}],"inLanguage":"es"},{"@type":"Organization","@id":"https:\/\/centro-cee.com\/web\/#organization","name":"Centro Europeo E-learning CEE","url":"https:\/\/centro-cee.com\/web\/","logo":{"@type":"ImageObject","inLanguage":"es","@id":"https:\/\/centro-cee.com\/web\/#\/schema\/logo\/image\/","url":"https:\/\/centro-cee.com\/web\/wp-content\/uploads\/2022\/12\/cropped-logo_educa.png","contentUrl":"https:\/\/centro-cee.com\/web\/wp-content\/uploads\/2022\/12\/cropped-logo_educa.png","width":157,"height":63,"caption":"Centro Europeo E-learning CEE"},"image":{"@id":"https:\/\/centro-cee.com\/web\/#\/schema\/logo\/image\/"},"sameAs":["https:\/\/www.instagram.com\/centroeuropeo_cee"]}]}},"_links":{"self":[{"href":"https:\/\/centro-cee.com\/web\/wp-json\/wp\/v2\/product\/1090","targetHints":{"allow":["GET"]}}],"collection":[{"href":"https:\/\/centro-cee.com\/web\/wp-json\/wp\/v2\/product"}],"about":[{"href":"https:\/\/centro-cee.com\/web\/wp-json\/wp\/v2\/types\/product"}],"replies":[{"embeddable":true,"href":"https:\/\/centro-cee.com\/web\/wp-json\/wp\/v2\/comments?post=1090"}],"wp:featuredmedia":[{"embeddable":true,"href":"https:\/\/centro-cee.com\/web\/wp-json\/wp\/v2\/media\/1091"}],"wp:attachment":[{"href":"https:\/\/centro-cee.com\/web\/wp-json\/wp\/v2\/media?parent=1090"}],"wp:term":[{"taxonomy":"product_brand","embeddable":true,"href":"https:\/\/centro-cee.com\/web\/wp-json\/wp\/v2\/product_brand?post=1090"},{"taxonomy":"product_cat","embeddable":true,"href":"https:\/\/centro-cee.com\/web\/wp-json\/wp\/v2\/product_cat?post=1090"},{"taxonomy":"product_tag","embeddable":true,"href":"https:\/\/centro-cee.com\/web\/wp-json\/wp\/v2\/product_tag?post=1090"}],"curies":[{"name":"wp","href":"https:\/\/api.w.org\/{rel}","templated":true}]}}