{"id":1088,"date":"2023-02-13T10:39:11","date_gmt":"2023-02-13T10:39:11","guid":{"rendered":"https:\/\/centro-cee.com\/web\/?post_type=product&#038;p=1088"},"modified":"2026-03-13T16:46:40","modified_gmt":"2026-03-13T16:46:40","slug":"master-en-marketing-online-y-e-commerce","status":"publish","type":"product","link":"https:\/\/centro-cee.com\/web\/producto\/master-en-marketing-online-y-e-commerce\/","title":{"rendered":"M\u00e1ster en marketing online y e-commerce"},"content":{"rendered":"<p><a href=\"https:\/\/centro-cee.com\/web\/formaciones\/\">Atr\u00e1s<\/a><\/p>\n<p><em><strong>M\u00e1ster en marketing online y e-commerce<\/strong><\/em><\/p>\n<p>Toda esta informaci\u00f3n se realiza 100% online en nuestro campus online de formaci\u00f3n.<\/p>\n<p>Las tutorias se realizan directamente desde el campus de estudio con la opci\u00f3n de mensajer\u00eda a profesores. Las tutorias son \u201ca demanda\u201d, cuando necesites soporte nos lo pides.<\/p>\n<p>Los t\u00edtulos de Centro CEE est\u00e1n autenticados por la firma de notario que valida contenidos y autenticidad a nivel internacional. Nuestra organizaci\u00f3n pertenece a la Asociaci\u00f3n Espa\u00f1ola de Calidad, organizaci\u00f3n Espa\u00f1ola de referencia para la calidad\u00a0en la formaci\u00f3n de auxiliar de enfermer\u00eda. La certificaci\u00f3n se puede apostillar por la Haya para cualquier pa\u00eds firmante del convenio de la Haya.<\/p>\n<p>Se puede pagar a plazos.<\/p>\n<p>Carga horaria de la formaci\u00f3n: 350h<\/p>\n<p>&nbsp;<\/p>\n<h2>Temario<\/h2>\n<hr \/>\n<p>&nbsp;<\/p>\n<p><strong>INTRODUCCI\u00d3N AL MARKETING<\/strong><\/p>\n<ol>\n<li><strong>EL MARKETING<\/strong>\n<ul>\n<li>Introducci\u00f3n.<\/li>\n<li>Evoluci\u00f3n del marketing.<\/li>\n<li><\/li>\n<\/ul>\n<\/li>\n<li><strong>PRODUCTO Y PRECIO<\/strong>\n<ul>\n<li>Marketing mix.<\/li>\n<\/ul>\n<\/li>\n<li><strong>COMUNICACI\u00d3N \/ PROMOCI\u00d3N Y DISTRIBUCI\u00d3N<\/strong>\n<ul>\n<li>Comunicaci\u00f3n.<\/li>\n<li>Promoci\u00f3n.<\/li>\n<\/ul>\n<\/li>\n<li><strong>PERSPECTIVAS DEL MARKETING<\/strong>\n<ul>\n<li>Introducci\u00f3n.<\/li>\n<li>Direcci\u00f3n de marketing.<\/li>\n<li>.<\/li>\n<\/ul>\n<\/li>\n<li><strong>PLAN DE MARKETING<\/strong>\n<ul>\n<li>Conceptos b\u00e1sicos.<\/li>\n<li>Naturaleza y contenido.<\/li>\n<li>.<\/li>\n<\/ul>\n<\/li>\n<\/ol>\n<p>&nbsp;<\/p>\n<p><strong>PLAN DE MARKETING &#8211; MARKETING AVANZADO<\/strong><\/p>\n<ol>\n<li><strong>POL\u00cdTICAS DE PRODUCTO Y PRECIO<\/strong>\n<ul>\n<li>Conceptos b\u00e1sicos del marketing.<\/li>\n<li>Pol\u00edticas de<\/li>\n<\/ul>\n<\/li>\n<li><strong>POL\u00cdTICAS DE DISTRIBUCI\u00d3N<\/strong>\n<ul>\n<li>Introducci\u00f3n.<\/li>\n<li>Canales de distribuci\u00f3n.<\/li>\n<\/ul>\n<\/li>\n<li><strong>POL\u00cdTICAS DE <\/strong><strong>COMUNICACI\u00d3N<\/strong><strong> Y PROMOCI\u00d3N<\/strong>\n<ul>\n<li>La comunicaci\u00f3n, una herramienta estrat\u00e9gica.<\/li>\n<li>Funciones b\u00e1sicas de la comunicaci\u00f3n.<\/li>\n<li>Decisiones para dise\u00f1ar el plan de comunicaci\u00f3n.<\/li>\n<\/ul>\n<\/li>\n<li><strong>MARKETING ESTRAT\u00c9GICO<\/strong>\n<ul>\n<li>Enfoques de la estrategias de marketing.<\/li>\n<li>Secuencia del marketing estrat\u00e9gico.<\/li>\n<\/ul>\n<\/li>\n<li><strong>PLAN DE MARKETING<\/strong>\n<ul>\n<li>Plan de marketing.<\/li>\n<li>Objetivos y etapas del plan de marketing.<\/li>\n<li>An\u00e1lisis de la situaci\u00f3n.<\/li>\n<li><\/li>\n<\/ul>\n<\/li>\n<li><strong>RELACIONES P\u00daBLICAS, MARKETING DIRECTO<\/strong><strong> Y <\/strong><strong>MARKETING RELACIONAL<\/strong>\n<ul>\n<li>Relaciones p\u00fablicas.<\/li>\n<li>Marketing directo.<\/li>\n<\/ul>\n<\/li>\n<li><strong>MARKETING DIGITAL<\/strong>\n<ul>\n<li>\u00bfQu\u00e9 es el marketing digital?<\/li>\n<li>Principales diferencias con el marketing tradicional.<\/li>\n<\/ul>\n<\/li>\n<li><strong>INTERNACIONALIZACI\u00d3N<\/strong>\n<ul>\n<li>Decidir el salto internacional.<\/li>\n<li>Ventajas y riesgos de la internacionalizaci\u00f3n.<\/li>\n<li>Proceso de internacionalizaci\u00f3n.<\/li>\n<\/ul>\n<\/li>\n<\/ol>\n<p>&nbsp;<\/p>\n<p>&nbsp;<\/p>\n<p><strong>MARKETING PROMOCIONAL. C\u00d3MO ATRAER CLIENTES Y AUMENTAR LAS VENTAS EN EL COMERCIO<\/strong><\/p>\n<ol>\n<li><strong>OBJETIVOS DE LAS PROMOCIONES<\/strong>\n<ul>\n<li>Introducci\u00f3n.<\/li>\n<li>Objetivos del marketing promocional.<\/li>\n<li>Pasos para el planteamiento de los objetivos.<\/li>\n<li>Clasificaci\u00f3n de los objetivos de promoci\u00f3n de ventas.<\/li>\n<\/ul>\n<\/li>\n<li><strong>TIPOS DE PROMOCIONES<\/strong>\n<ul>\n<li>Dirigidas al consumidor final.<\/li>\n<li>Dirigidas al canal de distribuci\u00f3n.<\/li>\n<\/ul>\n<\/li>\n<li><strong>EL PUNTO DE VENTA<\/strong>\n<ul>\n<li><\/li>\n<li>Los compradores.<\/li>\n<\/ul>\n<\/li>\n<\/ol>\n<p>&nbsp;<\/p>\n<p>&nbsp;<\/p>\n<p><strong>MARKETING ONLINE<\/strong><\/p>\n<ol>\n<li><strong>INTRODUCCI\u00d3N AL MARKETING <\/strong><strong>online <\/strong>\n<ul>\n<li>\u00bfQu\u00e9 es el marketing digital?<\/li>\n<li>Evoluci\u00f3n del marketing y de los medios<\/li>\n<li>Bases del marketing digital<\/li>\n<\/ul>\n<\/li>\n<li><strong>ELEMENTOS DEL MARKETING <\/strong><strong>online<\/strong>\n<ul>\n<li>El producto\n<ul>\n<li>Aspectos destacados del producto o servicio<\/li>\n<\/ul>\n<\/li>\n<li>El precio\n<ul>\n<li>La fijaci\u00f3n del precio<\/li>\n<\/ul>\n<\/li>\n<li>Los canales<\/li>\n<\/ul>\n<\/li>\n<li><strong>HERRAMIENTAS ESTRAT\u00c9GICAS<\/strong>\n<ul>\n<li>Identificaci\u00f3n y segmentaci\u00f3n del p\u00fablico objetivo<\/li>\n<li>Programa de afiliados\n<ul>\n<li>Punto de vista del vendedor<\/li>\n<\/ul>\n<\/li>\n<\/ul>\n<\/li>\n<\/ol>\n<ol start=\"4\">\n<li><strong>PERSONALIZACI\u00d3N<\/strong>\n<ul>\n<li>Marketing relacional\n<ul>\n<li>Ventajas del marketing relacional<\/li>\n<\/ul>\n<\/li>\n<li>Marketing one to one y micromarketing<\/li>\n<li>Gesti\u00f3n de la relaci\u00f3n con los clientes: CRM\n<ul>\n<li>Concepto de CRM<\/li>\n<\/ul>\n<\/li>\n<\/ul>\n<\/li>\n<\/ol>\n<ol start=\"5\">\n<li><strong>PLANIFICACI\u00d3N DE UNA <\/strong><strong>CAMPA\u00d1A DE<\/strong><strong> COMUNICACI\u00d3N<\/strong><strong> ONLINE<\/strong>\n<ul>\n<li>Caracter\u00edsticas de la comunicaci\u00f3n online<\/li>\n<li>Campa\u00f1a de comunicaci\u00f3n integral<\/li>\n<li>Pasos para realizar una campa\u00f1a de publicidad<\/li>\n<li>Formas de comunicaci\u00f3n en Internet<\/li>\n<li>La comunicaci\u00f3n comercial<\/li>\n<\/ul>\n<\/li>\n<li><strong>PUBLICIDAD ONLINE<\/strong>\n<ul>\n<li>Planificaci\u00f3n de medios<\/li>\n<li>Formatos publicitarios online\n<ul>\n<li>Formatos integrados<\/li>\n<li>Formatos flotantes<\/li>\n<li>Rich Media<\/li>\n<\/ul>\n<\/li>\n<\/ul>\n<\/li>\n<\/ol>\n<ol start=\"7\">\n<li><strong>MARKETING EN BUSCADORES<\/strong>\n<ul>\n<li>Marketing en buscadores<\/li>\n<li>Externalizar el SEO<\/li>\n<li>C\u00f3mo funciona la b\u00fasqueda de Google\n<ul>\n<li>Rastreo<\/li>\n<\/ul>\n<\/li>\n<\/ul>\n<\/li>\n<\/ol>\n<ol start=\"8\">\n<li><strong>MARKETING EN <\/strong><strong>redes sociales Y MARKETING DE INFLUENCIA<\/strong>\n<ul>\n<li>Redes sociales<\/li>\n<li>Acciones no convencionales<\/li>\n<li>Acciones convencionales<\/li>\n<li>Marketing de influencia<\/li>\n<\/ul>\n<\/li>\n<\/ol>\n<p>&nbsp;<\/p>\n<p><strong>ESTRATEGIAS EFECTIVAS DE EMAIL MARKETING<\/strong><\/p>\n<ol>\n<li><strong>EL EMAIL MARKETING DENTRO DE LA ESTRATEGIA DE MARKETING ONLINE<\/strong>\n<ul>\n<li>Estrategias de marketing online<\/li>\n<\/ul>\n<\/li>\n<li><strong>VENTAJAS Y DESVENTAJAS DEL EMAIL MARKETING<\/strong>\n<ul>\n<li>Ventajas del email marketing<\/li>\n<li>Desventajas del email marketing<\/li>\n<\/ul>\n<\/li>\n<li><strong>RECOPILACI\u00d3N DE EMAILS<\/strong>\n<ul>\n<li>Crear una lista<\/li>\n<li>Explotar una lista interna o propia, con tecnolog\u00eda de un tercero<\/li>\n<li>Contratar una lista externa<\/li>\n<\/ul>\n<\/li>\n<li><strong>PLANIFICACI\u00d3N DE UNA CAMPA\u00d1A DE EMAIL MARKETING<\/strong>\n<ul>\n<li>Antes de empezar<\/li>\n<li>Fases de una campa\u00f1a de email marketing<\/li>\n<li>Objetivo de la campa\u00f1a<\/li>\n<li>Antes de la campa\u00f1a<\/li>\n<li>Elecci\u00f3n de la lista<\/li>\n<\/ul>\n<\/li>\n<li><strong>PRINCIPALES ELEMENTOS Y T\u00c9CNICAS DE DISE\u00d1O PARA CREAR UN EMAIL<\/strong> <strong>EFECTIVO<\/strong>\n<ul>\n<li>Introducci\u00f3n<\/li>\n<li>Frecuencia de los env\u00edos<\/li>\n<\/ul>\n<\/li>\n<li><strong>PROTECCI\u00d3N DE DATOS POR INTERNET<\/strong>\n<ul>\n<li>Normativa<\/li>\n<li>Pol\u00edtica de Privacidad<\/li>\n<\/ul>\n<\/li>\n<li><strong>EL FORMATO HTML<\/strong>\n<ul>\n<li>Introducci\u00f3n<\/li>\n<li>Estructura b\u00e1sica de un documento HTML<\/li>\n<\/ul>\n<\/li>\n<li><strong>SPAM, LEGISLACI\u00d3N Y NORMATIVAS DEL EMAIL MARKETING<\/strong>\n<ul>\n<li>Introducci\u00f3n<\/li>\n<li>Directiva 2002\/58, de 12 de julio de 2002, sobre privacidad y las comunicaciones electr\u00f3nicas<\/li>\n<li>Ley 34\/2002, de 11 de julio, de servicios de la Sociedad de la Informaci\u00f3n y de comercio electr\u00f3nico (LSSICE)\n<ul>\n<li>\u00c1mbito de aplicaci\u00f3n<\/li>\n<li>Requisitos en las comunicaciones comerciales<\/li>\n<\/ul>\n<\/li>\n<\/ul>\n<\/li>\n<\/ol>\n<ol start=\"9\">\n<li><strong>AN\u00c1LISIS DE RESULTADOS DEL EMAIL MARKETING<\/strong>\n<ul>\n<li>Introducci\u00f3n<\/li>\n<li>Conceptos b\u00e1sicos<\/li>\n<\/ul>\n<\/li>\n<li><strong>PLATAFORMAS ONLINE PARA GESTIONAR CAMPA\u00d1AS DE EMAIL MARKETING<\/strong>\n<ul>\n<li>Introducci\u00f3n<\/li>\n<li>Tipos de env\u00edos<\/li>\n<li>Funciones<\/li>\n<\/ul>\n<\/li>\n<li><strong>CASO PR\u00c1CTICO<\/strong>\n<ul>\n<li>Introducci\u00f3n<\/li>\n<li>Caso Pr\u00e1ctico<\/li>\n<\/ul>\n<\/li>\n<\/ol>\n<p>&nbsp;<\/p>\n<p><strong>C\u00d3MO POSICIONAR P\u00c1GINAS WEB CON \u00c9XITO<\/strong><\/p>\n<ol>\n<li><strong>POSICIONAMIENTO EN BUSCADORES<\/strong>\n<ul>\n<li>Buscadores<\/li>\n<li>SEO<\/li>\n<\/ul>\n<\/li>\n<li><strong>ELECCI\u00d3N DE PALABRAS CLAVES<\/strong>\n<ul>\n<li>Las palabras clave<\/li>\n<li>Elecci\u00f3n de las palabras clave<\/li>\n<\/ul>\n<\/li>\n<li><strong>\u00bfD\u00d3NDE UTILIZAR LAS PALABRAS CLAVE?<\/strong>\n<ul>\n<li>Introducci\u00f3n<\/li>\n<li>Nombre de dominio<\/li>\n<li>Nombre de secciones y URLs de las p\u00e1ginas<\/li>\n<\/ul>\n<\/li>\n<li><strong>ENLACES<\/strong>\n<ul>\n<li>Enlaces DoFollow y NoFollow<\/li>\n<li>Popularidad y Autoridad<\/li>\n<li>Enlaces externos<\/li>\n<li>Alta en directorios<\/li>\n<\/ul>\n<\/li>\n<li><strong>CONTENIDOS DIF\u00cdCILES DE POSICIONAR<\/strong>\n<ul>\n<li>El contenido es el rey<\/li>\n<li>El archivo txt<\/li>\n<\/ul>\n<\/li>\n<li><strong>AN\u00c1LISIS DE LAS ESTAD\u00cdSTICAS DE ACCESO<\/strong>\n<ul>\n<li>Tipos de aplicaciones de an\u00e1lisis<\/li>\n<li>Herramientas de an\u00e1lisis de LOGs. Ejemplo: AWStats<\/li>\n<li>Servicio online externo. Ejemplo: Google Analytics<\/li>\n<\/ul>\n<\/li>\n<\/ol>\n<p>&nbsp;<\/p>\n<p><strong>COMERCIO ELECTR\u00d3NICO Y OTROS SERVICIOS DE LA SOCIEDAD DE LA INFORMACI\u00d3N (LSSI)<\/strong><\/p>\n<ol>\n<li><strong>INTRODUCCI\u00d3N<\/strong>\n<ul>\n<li>Introducci\u00f3n<\/li>\n<li>Marco Legal<\/li>\n<li>A qui\u00e9n se aplica<\/li>\n<li>Conceptos b\u00e1sicos<\/li>\n<\/ul>\n<\/li>\n<li><strong>C\u00d3MO DEBE IDENTIFICARSE UN PRESTADOR DE SERVICIOS DE LA SOCIEDAD DE LA INFORMACI\u00d3N <\/strong>\n<ul>\n<li>Informaci\u00f3n de identificaci\u00f3n<\/li>\n<li>Otras informaciones<\/li>\n<li>Informaci\u00f3n de seguridad en los proveedores de servicios de intermediaci\u00f3n<\/li>\n<\/ul>\n<\/li>\n<li><strong>COMUNICACI\u00d3N COMERCIAL Y PUBLICIDAD<\/strong>\n<ul>\n<li>Introducci\u00f3n<\/li>\n<li>Reglas generales para la informaci\u00f3n publicitaria<\/li>\n<li>Oposici\u00f3n del usuario al env\u00edo de publicidad<\/li>\n<\/ul>\n<\/li>\n<li><strong>COMPRA Y CONTRATACI\u00d3N<\/strong>\n<ul>\n<li>Introducci\u00f3n<\/li>\n<li>Informaci\u00f3n previa al contrato o la venta<\/li>\n<li>Contrataci\u00f3n\n<ul>\n<li>Al realizar la contrataci\u00f3n<\/li>\n<\/ul>\n<\/li>\n<\/ul>\n<\/li>\n<\/ol>\n<ol start=\"5\">\n<li><strong>PROTECCI\u00d3N DE DATOS Y PROPIEDAD INTELECTUAL EN LAS TRANSACCIONES ELECTR\u00d3NICAS<\/strong>\n<ul>\n<li>Introducci\u00f3n<\/li>\n<li>Protecci\u00f3n de datos personales<\/li>\n<\/ul>\n<\/li>\n<li><strong>C\u00d3DIGOS DE CONDUCTA Y CONFIANZA ONLINE<\/strong>\n<ul>\n<li>Introducci\u00f3n<\/li>\n<li>C\u00f3digos de Conducta y sellos de confianza<\/li>\n<li>Caracter\u00edsticas de los C\u00f3digos de Conducta<\/li>\n<\/ul>\n<\/li>\n<li><strong>SANCIONES LSSI<\/strong>\n<ul>\n<li>Introducci\u00f3n.<\/li>\n<li>Obligaci\u00f3n de Seguridad<\/li>\n<li>Clasificaci\u00f3n de infracciones y sanciones correspondientes\n<ul>\n<li>Infracciones leves<\/li>\n<\/ul>\n<\/li>\n<\/ul>\n<\/li>\n<\/ol>\n<p><em><strong>M\u00e1ster en marketing online y e-commerce<\/strong><\/em><\/p>\n<hr \/>\n","protected":false},"excerpt":{"rendered":"<p><a href=\"https:\/\/centro-cee.com\/web\/formaciones\/\">Atr\u00e1s<\/a><\/p>\n<p>F\u00f3rmate y especial\u00edzate en todos los aspectos relacionados con el nuevo tipo de marketing y con contenidos actualizados.<\/p>\n<p>La formaci\u00f3n obtenida es de alto nivel y con gran cantidad de contenidos que dotaran a las\/los alumnas\/os de unos conocimientos excelentes.<\/p>\n<p>La nueva forma de promocionar empresas, productos y servicios es utilizando las nuevas tecnolog\u00edas y principalmente las redes, que permite llegar a un gran p\u00fablico, pudiendo sectorizar y determinar el mercado objetivo para nuestra entidad o producto.<\/p>\n","protected":false},"featured_media":1089,"comment_status":"closed","ping_status":"closed","template":"","meta":[],"product_brand":[],"product_cat":[2050,17],"product_tag":[1357,1354,1355,1358,272,1356,1353,1005,1352,1263],"class_list":{"0":"post-1088","1":"product","2":"type-product","3":"status-publish","4":"has-post-thumbnail","6":"product_cat-cursos-online-empresa","7":"product_cat-master","8":"product_tag-analisis-de-metricas-y-conversion","9":"product_tag-certificacion-en-marketing-digital","10":"product_tag-curso-online-de-marketing-y-e-commerce","11":"product_tag-desarrollo-de-marcas-digitales","12":"product_tag-e-commerce","13":"product_tag-estrategias-de-marketing-en-linea","14":"product_tag-formacion-en-comercio-electronico","15":"product_tag-gestion-de-tiendas-online","16":"product_tag-master-en-marketing-online","17":"product_tag-tecnicas-de-seo-y-sem","19":"first","20":"instock","21":"sale","22":"shipping-taxable","23":"purchasable","24":"product-type-simple"},"yoast_head":"<!-- This site is optimized with the Yoast SEO plugin v27.5 - https:\/\/yoast.com\/product\/yoast-seo-wordpress\/ -->\n<title>M\u00e1ster en marketing online y e-commerce<\/title>\n<meta name=\"description\" content=\"El M\u00e1ster en Marketing Online y E-Commerce es un programa de formaci\u00f3n que te brinda las t\u00e9cnicas necesarias para desarrollar estrategias de marketing\" \/>\n<meta name=\"robots\" content=\"index, follow, max-snippet:-1, max-image-preview:large, max-video-preview:-1\" \/>\n<link rel=\"canonical\" href=\"https:\/\/centro-cee.com\/web\/producto\/master-en-marketing-online-y-e-commerce\/\" \/>\n<meta property=\"og:locale\" content=\"es_ES\" \/>\n<meta property=\"og:type\" content=\"article\" \/>\n<meta property=\"og:title\" content=\"M\u00e1ster en marketing online y e-commerce\" \/>\n<meta property=\"og:description\" content=\"El M\u00e1ster en Marketing Online y E-Commerce es un programa de formaci\u00f3n que te brinda las t\u00e9cnicas necesarias para desarrollar estrategias de marketing\" \/>\n<meta property=\"og:url\" content=\"https:\/\/centro-cee.com\/web\/producto\/master-en-marketing-online-y-e-commerce\/\" \/>\n<meta property=\"og:site_name\" content=\"CEE Centro Europeo E-learning - Cursos online\" \/>\n<meta property=\"article:modified_time\" content=\"2026-03-13T16:46:40+00:00\" \/>\n<meta property=\"og:image\" content=\"https:\/\/centro-cee.com\/web\/wp-content\/uploads\/2023\/02\/imagen_2023-02-13_113845660.png\" \/>\n\t<meta property=\"og:image:width\" content=\"1380\" \/>\n\t<meta property=\"og:image:height\" content=\"920\" \/>\n\t<meta property=\"og:image:type\" content=\"image\/png\" \/>\n<meta name=\"twitter:card\" content=\"summary_large_image\" \/>\n<meta name=\"twitter:label1\" content=\"Tiempo de lectura\" \/>\n\t<meta name=\"twitter:data1\" content=\"5 minutos\" \/>\n<script type=\"application\/ld+json\" class=\"yoast-schema-graph\">{\"@context\":\"https:\\\/\\\/schema.org\",\"@graph\":[{\"@type\":\"WebPage\",\"@id\":\"https:\\\/\\\/centro-cee.com\\\/web\\\/producto\\\/master-en-marketing-online-y-e-commerce\\\/\",\"url\":\"https:\\\/\\\/centro-cee.com\\\/web\\\/producto\\\/master-en-marketing-online-y-e-commerce\\\/\",\"name\":\"M\u00e1ster en marketing online y e-commerce\",\"isPartOf\":{\"@id\":\"https:\\\/\\\/centro-cee.com\\\/web\\\/#website\"},\"primaryImageOfPage\":{\"@id\":\"https:\\\/\\\/centro-cee.com\\\/web\\\/producto\\\/master-en-marketing-online-y-e-commerce\\\/#primaryimage\"},\"image\":{\"@id\":\"https:\\\/\\\/centro-cee.com\\\/web\\\/producto\\\/master-en-marketing-online-y-e-commerce\\\/#primaryimage\"},\"thumbnailUrl\":\"https:\\\/\\\/centro-cee.com\\\/web\\\/wp-content\\\/uploads\\\/2023\\\/02\\\/imagen_2023-02-13_113845660.png\",\"datePublished\":\"2023-02-13T10:39:11+00:00\",\"dateModified\":\"2026-03-13T16:46:40+00:00\",\"description\":\"El M\u00e1ster en Marketing Online y E-Commerce es un programa de formaci\u00f3n que te brinda las t\u00e9cnicas necesarias para desarrollar estrategias de marketing\",\"breadcrumb\":{\"@id\":\"https:\\\/\\\/centro-cee.com\\\/web\\\/producto\\\/master-en-marketing-online-y-e-commerce\\\/#breadcrumb\"},\"inLanguage\":\"es\",\"potentialAction\":[{\"@type\":\"ReadAction\",\"target\":[\"https:\\\/\\\/centro-cee.com\\\/web\\\/producto\\\/master-en-marketing-online-y-e-commerce\\\/\"]}]},{\"@type\":\"ImageObject\",\"inLanguage\":\"es\",\"@id\":\"https:\\\/\\\/centro-cee.com\\\/web\\\/producto\\\/master-en-marketing-online-y-e-commerce\\\/#primaryimage\",\"url\":\"https:\\\/\\\/centro-cee.com\\\/web\\\/wp-content\\\/uploads\\\/2023\\\/02\\\/imagen_2023-02-13_113845660.png\",\"contentUrl\":\"https:\\\/\\\/centro-cee.com\\\/web\\\/wp-content\\\/uploads\\\/2023\\\/02\\\/imagen_2023-02-13_113845660.png\",\"width\":1380,\"height\":920,\"caption\":\"M\u00c1STER EN MARKETING ONLINE Y E-COMMERCE\"},{\"@type\":\"BreadcrumbList\",\"@id\":\"https:\\\/\\\/centro-cee.com\\\/web\\\/producto\\\/master-en-marketing-online-y-e-commerce\\\/#breadcrumb\",\"itemListElement\":[{\"@type\":\"ListItem\",\"position\":1,\"name\":\"Portada\",\"item\":\"https:\\\/\\\/centro-cee.com\\\/web\\\/\"},{\"@type\":\"ListItem\",\"position\":2,\"name\":\"M\u00e1ster en marketing online y e-commerce\"}]},{\"@type\":\"WebSite\",\"@id\":\"https:\\\/\\\/centro-cee.com\\\/web\\\/#website\",\"url\":\"https:\\\/\\\/centro-cee.com\\\/web\\\/\",\"name\":\"Centro Europeo E-learning\",\"description\":\"CEE Formaci\u00f3n Online\",\"publisher\":{\"@id\":\"https:\\\/\\\/centro-cee.com\\\/web\\\/#organization\"},\"alternateName\":\"Centro Online de Formaci\u00f3n\",\"potentialAction\":[{\"@type\":\"SearchAction\",\"target\":{\"@type\":\"EntryPoint\",\"urlTemplate\":\"https:\\\/\\\/centro-cee.com\\\/web\\\/?s={search_term_string}\"},\"query-input\":{\"@type\":\"PropertyValueSpecification\",\"valueRequired\":true,\"valueName\":\"search_term_string\"}}],\"inLanguage\":\"es\"},{\"@type\":\"Organization\",\"@id\":\"https:\\\/\\\/centro-cee.com\\\/web\\\/#organization\",\"name\":\"Centro Europeo E-learning CEE\",\"url\":\"https:\\\/\\\/centro-cee.com\\\/web\\\/\",\"logo\":{\"@type\":\"ImageObject\",\"inLanguage\":\"es\",\"@id\":\"https:\\\/\\\/centro-cee.com\\\/web\\\/#\\\/schema\\\/logo\\\/image\\\/\",\"url\":\"https:\\\/\\\/centro-cee.com\\\/web\\\/wp-content\\\/uploads\\\/2022\\\/12\\\/cropped-logo_educa.png\",\"contentUrl\":\"https:\\\/\\\/centro-cee.com\\\/web\\\/wp-content\\\/uploads\\\/2022\\\/12\\\/cropped-logo_educa.png\",\"width\":157,\"height\":63,\"caption\":\"Centro Europeo E-learning CEE\"},\"image\":{\"@id\":\"https:\\\/\\\/centro-cee.com\\\/web\\\/#\\\/schema\\\/logo\\\/image\\\/\"},\"sameAs\":[\"https:\\\/\\\/www.instagram.com\\\/centroeuropeo_cee\"]}]}<\/script>\n<!-- \/ Yoast SEO plugin. -->","yoast_head_json":{"title":"M\u00e1ster en marketing online y e-commerce","description":"El M\u00e1ster en Marketing Online y E-Commerce es un programa de formaci\u00f3n que te brinda las t\u00e9cnicas necesarias para desarrollar estrategias de marketing","robots":{"index":"index","follow":"follow","max-snippet":"max-snippet:-1","max-image-preview":"max-image-preview:large","max-video-preview":"max-video-preview:-1"},"canonical":"https:\/\/centro-cee.com\/web\/producto\/master-en-marketing-online-y-e-commerce\/","og_locale":"es_ES","og_type":"article","og_title":"M\u00e1ster en marketing online y e-commerce","og_description":"El M\u00e1ster en Marketing Online y E-Commerce es un programa de formaci\u00f3n que te brinda las t\u00e9cnicas necesarias para desarrollar estrategias de marketing","og_url":"https:\/\/centro-cee.com\/web\/producto\/master-en-marketing-online-y-e-commerce\/","og_site_name":"CEE Centro Europeo E-learning - Cursos online","article_modified_time":"2026-03-13T16:46:40+00:00","og_image":[{"width":1380,"height":920,"url":"https:\/\/centro-cee.com\/web\/wp-content\/uploads\/2023\/02\/imagen_2023-02-13_113845660.png","type":"image\/png"}],"twitter_card":"summary_large_image","twitter_misc":{"Tiempo de lectura":"5 minutos"},"schema":{"@context":"https:\/\/schema.org","@graph":[{"@type":"WebPage","@id":"https:\/\/centro-cee.com\/web\/producto\/master-en-marketing-online-y-e-commerce\/","url":"https:\/\/centro-cee.com\/web\/producto\/master-en-marketing-online-y-e-commerce\/","name":"M\u00e1ster en marketing online y e-commerce","isPartOf":{"@id":"https:\/\/centro-cee.com\/web\/#website"},"primaryImageOfPage":{"@id":"https:\/\/centro-cee.com\/web\/producto\/master-en-marketing-online-y-e-commerce\/#primaryimage"},"image":{"@id":"https:\/\/centro-cee.com\/web\/producto\/master-en-marketing-online-y-e-commerce\/#primaryimage"},"thumbnailUrl":"https:\/\/centro-cee.com\/web\/wp-content\/uploads\/2023\/02\/imagen_2023-02-13_113845660.png","datePublished":"2023-02-13T10:39:11+00:00","dateModified":"2026-03-13T16:46:40+00:00","description":"El M\u00e1ster en Marketing Online y E-Commerce es un programa de formaci\u00f3n que te brinda las t\u00e9cnicas necesarias para desarrollar estrategias de marketing","breadcrumb":{"@id":"https:\/\/centro-cee.com\/web\/producto\/master-en-marketing-online-y-e-commerce\/#breadcrumb"},"inLanguage":"es","potentialAction":[{"@type":"ReadAction","target":["https:\/\/centro-cee.com\/web\/producto\/master-en-marketing-online-y-e-commerce\/"]}]},{"@type":"ImageObject","inLanguage":"es","@id":"https:\/\/centro-cee.com\/web\/producto\/master-en-marketing-online-y-e-commerce\/#primaryimage","url":"https:\/\/centro-cee.com\/web\/wp-content\/uploads\/2023\/02\/imagen_2023-02-13_113845660.png","contentUrl":"https:\/\/centro-cee.com\/web\/wp-content\/uploads\/2023\/02\/imagen_2023-02-13_113845660.png","width":1380,"height":920,"caption":"M\u00c1STER EN MARKETING ONLINE Y E-COMMERCE"},{"@type":"BreadcrumbList","@id":"https:\/\/centro-cee.com\/web\/producto\/master-en-marketing-online-y-e-commerce\/#breadcrumb","itemListElement":[{"@type":"ListItem","position":1,"name":"Portada","item":"https:\/\/centro-cee.com\/web\/"},{"@type":"ListItem","position":2,"name":"M\u00e1ster en marketing online y e-commerce"}]},{"@type":"WebSite","@id":"https:\/\/centro-cee.com\/web\/#website","url":"https:\/\/centro-cee.com\/web\/","name":"Centro Europeo E-learning","description":"CEE Formaci\u00f3n Online","publisher":{"@id":"https:\/\/centro-cee.com\/web\/#organization"},"alternateName":"Centro Online de Formaci\u00f3n","potentialAction":[{"@type":"SearchAction","target":{"@type":"EntryPoint","urlTemplate":"https:\/\/centro-cee.com\/web\/?s={search_term_string}"},"query-input":{"@type":"PropertyValueSpecification","valueRequired":true,"valueName":"search_term_string"}}],"inLanguage":"es"},{"@type":"Organization","@id":"https:\/\/centro-cee.com\/web\/#organization","name":"Centro Europeo E-learning CEE","url":"https:\/\/centro-cee.com\/web\/","logo":{"@type":"ImageObject","inLanguage":"es","@id":"https:\/\/centro-cee.com\/web\/#\/schema\/logo\/image\/","url":"https:\/\/centro-cee.com\/web\/wp-content\/uploads\/2022\/12\/cropped-logo_educa.png","contentUrl":"https:\/\/centro-cee.com\/web\/wp-content\/uploads\/2022\/12\/cropped-logo_educa.png","width":157,"height":63,"caption":"Centro Europeo E-learning CEE"},"image":{"@id":"https:\/\/centro-cee.com\/web\/#\/schema\/logo\/image\/"},"sameAs":["https:\/\/www.instagram.com\/centroeuropeo_cee"]}]}},"_links":{"self":[{"href":"https:\/\/centro-cee.com\/web\/wp-json\/wp\/v2\/product\/1088","targetHints":{"allow":["GET"]}}],"collection":[{"href":"https:\/\/centro-cee.com\/web\/wp-json\/wp\/v2\/product"}],"about":[{"href":"https:\/\/centro-cee.com\/web\/wp-json\/wp\/v2\/types\/product"}],"replies":[{"embeddable":true,"href":"https:\/\/centro-cee.com\/web\/wp-json\/wp\/v2\/comments?post=1088"}],"wp:featuredmedia":[{"embeddable":true,"href":"https:\/\/centro-cee.com\/web\/wp-json\/wp\/v2\/media\/1089"}],"wp:attachment":[{"href":"https:\/\/centro-cee.com\/web\/wp-json\/wp\/v2\/media?parent=1088"}],"wp:term":[{"taxonomy":"product_brand","embeddable":true,"href":"https:\/\/centro-cee.com\/web\/wp-json\/wp\/v2\/product_brand?post=1088"},{"taxonomy":"product_cat","embeddable":true,"href":"https:\/\/centro-cee.com\/web\/wp-json\/wp\/v2\/product_cat?post=1088"},{"taxonomy":"product_tag","embeddable":true,"href":"https:\/\/centro-cee.com\/web\/wp-json\/wp\/v2\/product_tag?post=1088"}],"curies":[{"name":"wp","href":"https:\/\/api.w.org\/{rel}","templated":true}]}}