{"id":1074,"date":"2023-02-09T10:43:08","date_gmt":"2023-02-09T10:43:08","guid":{"rendered":"https:\/\/centro-cee.com\/web\/?post_type=product&#038;p=1074"},"modified":"2024-10-18T11:09:01","modified_gmt":"2024-10-18T11:09:01","slug":"cajera-o-para-supermercados","status":"publish","type":"product","link":"https:\/\/centro-cee.com\/web\/producto\/cajera-o-para-supermercados\/","title":{"rendered":"Cajera\/o para supermercados"},"content":{"rendered":"<p><a href=\"https:\/\/centro-cee.com\/web\/formaciones\/\">Atr\u00e1s<\/a><\/p>\n<p><em><strong>Cajera\/o para supermercados<\/strong><\/em><\/p>\n<p>Toda esta informaci\u00f3n se realiza 100% online en nuestro campus online de formaci\u00f3n.<\/p>\n<p>Las tutorias se realizan directamente desde el campus de estudio con la opci\u00f3n de mensajer\u00eda a profesores. Las tutorias son \u201ca demanda\u201d, cuando necesites soporte nos lo pides.<\/p>\n<p>Los t\u00edtulos de Centro CEE est\u00e1n autenticados por la firma de notario que valida contenidos y autenticidad a nivel internacional. Nuestra organizaci\u00f3n pertenece a la Asociaci\u00f3n Espa\u00f1ola de Calidad, organizaci\u00f3n Espa\u00f1ola de referencia para la calidad\u00a0en la formaci\u00f3n de auxiliar de enfermer\u00eda. La certificaci\u00f3n se puede apostillar por la Haya para cualquier pa\u00eds firmante del convenio de la Haya.<\/p>\n<p>Se puede pagar a plazos.<\/p>\n<p>Carga horaria de la formaci\u00f3n: 450h<\/p>\n<p><em><strong>Cajera\/o para supermercados<\/strong><\/em><\/p>\n<p>&nbsp;<\/p>\n<p>&nbsp;<\/p>\n<h2>Temario<\/h2>\n<hr \/>\n<ol>\n<li><strong>M\u00d3DULO 1. LA REALIZACI\u00d3N DE LA GESTI\u00d3N DE LA CAJA<\/strong><br \/>\n<strong>\u00a01. INSTALACI\u00d3N DE LA CAJA<\/strong><br \/>\n1. Introducci\u00f3n<br \/>\n2. Cajas registradoras<br \/>\n3. Terminales punto de venta<br \/>\n4. Tipos de sistemas<br \/>\n5. El Det\u00e1fono<br \/>\n6. Terminales pesadas<br \/>\n7. Operativa y manejo de caja<br \/>\n2. <strong>EL C\u00d3DIGO DE BARRAS<\/strong><br \/>\n1. Beneficios, aplicaciones y caracter\u00edsticas del c\u00f3digo de barras<br \/>\n2. Codificaciones o simbiolog\u00eda<br \/>\n3. Sistema de seguridad en el comercio<br \/>\n4. Medios de lectura electr\u00f3nica<br \/>\n3.<strong> MEDIOS DE PAGO<\/strong><br \/>\n1. Dinero efectivo<br \/>\n2. Talones y cheques<br \/>\n3. Tarjetas<br \/>\n4. Dinero electr\u00f3nico<br \/>\n5. Bonos<br \/>\n6. Cr\u00e9ditos<br \/>\n7. Moneda extranjera<br \/>\n4. <strong>EMPAQUETADO Y EST\u00c9TICA DEL ESTABLECIMIENTO<\/strong><br \/>\n1. Tipos de productos<br \/>\n2. Clases de empaquetados<br \/>\n3. Presentaci\u00f3n y adorno<br \/>\n4. Aspectos est\u00e9ticos: imagen del establecimiento<br \/>\n5. <strong>M\u00d3DULO 2. COMPORTAMIENTOS LIGADOS A LA SEGURIDAD Y LA HIGIENE<\/strong><br \/>\n5. <strong>SEGURIDAD<\/strong><br \/>\n1. Introducci\u00f3n<br \/>\n2. Los riesgos<br \/>\n3. Medidas de prevenci\u00f3n y protecci\u00f3n<br \/>\n4. La se\u00f1alizaci\u00f3n<br \/>\n5. Siniestros<br \/>\n6. Sistemas de detecci\u00f3n y alarma<br \/>\n7. Evacuaciones<br \/>\n8. Sistemas de extinci\u00f3n de incendios<br \/>\n6. <strong>PRIMEROS AUXILIOS<\/strong><br \/>\n1. Introducci\u00f3n<br \/>\n2. Definici\u00f3n de primeros auxilios<br \/>\n3. C\u00f3mo actuar ante una emergencia<br \/>\n4. Alergias<br \/>\n5. Dificultad respiratoria o asfixia<br \/>\n6. Contusiones<br \/>\n7. Lesiones oculares<br \/>\n8. Hemorragias<br \/>\n9. Quemaduras<br \/>\n10. Reanimaci\u00f3n cardiopulmonar<br \/>\n7. <strong>HIGIENE Y CALIDAD DE AMBIENTE<\/strong><br \/>\n1. Introducci\u00f3n<br \/>\n2. Higiene<br \/>\n3. Par\u00e1metros de influencia en las condiciones higi\u00e9nico-sanitarias<br \/>\n4. Higiene personal<br \/>\n5. Higiene en los transportes y en la circulaci\u00f3n<br \/>\n6. Fen\u00f3meno de degradaci\u00f3n<br \/>\n7. Medidas de prevenci\u00f3n<br \/>\n8. Confort y ambientes de trabajo<br \/>\n9. M\u00e9todos de conservaci\u00f3n y manipulaci\u00f3n de productos<br \/>\n10. Normativa de seguridad e higiene<br \/>\n11<strong>. M\u00d3DULO 3. T\u00c9CNICAS DE COMUNICACI\u00d3N ORIENTADAS A LOS PROCESOS DE PREPARACI\u00d3N DE LA VENTA<\/strong><br \/>\n<strong>\u00a08. T\u00c9CNICAS DE COMUNICACI\u00d3N<\/strong><br \/>\n1. Introducci\u00f3n<br \/>\n2. Elementos de la comunicaci\u00f3n: objeto, sujetos, contenidos, canales y c\u00f3digos<br \/>\n3. El proceso de comunicaci\u00f3n<br \/>\n4. Dificultades en la comunicaci\u00f3n<br \/>\n5. Las funciones del mensaje<br \/>\n6. Niveles de comunicaci\u00f3n<br \/>\n7. Actitudes y t\u00e9cnicas que favorecen la comunicaci\u00f3n<br \/>\n8. La comunicaci\u00f3n comercial y publicitaria<br \/>\n9. Tipos de entrevistas y reuniones<br \/>\n10. La comunicaci\u00f3n t\u00e9cnica<br \/>\n9. <strong>COMPORTAMIENTOS DE COMPRA Y VENTA<\/strong><br \/>\n1. Introducci\u00f3n<br \/>\n2. El vendedor<br \/>\n3. El comprador<br \/>\n10. <strong>SERVICIO\/ASISTENCIA AL CLIENTE<\/strong><br \/>\n1. Servicio al cliente<br \/>\n2. Asistencia al cliente<br \/>\n3. Informaci\u00f3n y formaci\u00f3n del cliente<br \/>\n4. Satisfacci\u00f3n del cliente<br \/>\n5. Formas de hacer el seguimiento<br \/>\n6. Derechos del cliente-consumidor<br \/>\n11. <strong>TRATAMIENTO DE QUEJAS, RECLAMACIONES, DUDAS Y OBJECIONES<\/strong><br \/>\n1. Introducci\u00f3n<br \/>\n2. \u00bfPor qu\u00e9 surgen las reclamaciones?<br \/>\n3. Directrices en el tratamiento de quejas y objeciones<br \/>\n4. \u00bfQu\u00e9 hacer ante el cliente?<br \/>\n5. \u00bfQu\u00e9 no hacer ante el cliente?<br \/>\n6. Actitud ante las quejas y reclamaciones<br \/>\n7. Tratamiento de dudas y objeciones<br \/>\n8. Atenci\u00f3n telef\u00f3nica en el tratamiento de quejas<br \/>\n9. <strong>M\u00d3DULO 4. FUNCIONAMIENTO DEL TPV: TPVPLUS ELITE<\/strong><br \/>\n<strong>\u00a012. GLOBAL<\/strong><br \/>\n1. Global<br \/>\n2. Empresas<br \/>\n3. Cajas<br \/>\n4. Terminal<br \/>\n13.<strong> SISTEMA<\/strong><br \/>\n1. Introducci\u00f3n<br \/>\n2. Tablas Generales<br \/>\n3. Clientes<br \/>\n4. Agentes\/Empleados<br \/>\n5. Proveedores<br \/>\n6. Transportistas<br \/>\n7. Almacenes<br \/>\n8. Art\u00edculos<br \/>\n9. Promociones<br \/>\n10. Control de llamadas<br \/>\n11. Terminales<br \/>\n14.<strong> ALMAC\u00c9N<\/strong><br \/>\n1. Introducci\u00f3n<br \/>\n2. Pedidos<br \/>\n3. Albaranes<br \/>\n4. Facturas de Proveedores<br \/>\n5. Gesti\u00f3n de pagos<br \/>\n6. Movimientos de Almac\u00e9n<br \/>\n7. Regularizaci\u00f3n de Almacenes<br \/>\n8. Hist\u00f3rico de Movimientos<br \/>\n15. <strong>FACTURACI\u00d3N<\/strong><br \/>\n1. Introducci\u00f3n<br \/>\n2. Presupuestos<br \/>\n3. Pedidos<br \/>\n4. Albaranes<br \/>\n5. Facturas<br \/>\n6. Abonos<br \/>\n7. T\u00edckets de Venta<br \/>\n8. Plantilla<br \/>\n9. Liquidaciones<br \/>\n10. Gesti\u00f3n de cobros<br \/>\n11. Enlace SP ContaPlus<br \/>\n16. <strong>CAJA<\/strong><br \/>\n1. Introducci\u00f3n<br \/>\n2. Movimientos de Caja<br \/>\n3. Cierre y Arqueo<br \/>\n4. Asientos de Cierre<br \/>\n5. Hist\u00f3ricos de Cierres<br \/>\n17.<strong> INFORMES<\/strong><br \/>\n1. Introducci\u00f3n<br \/>\n2. Estad\u00edsticas e informes<br \/>\n3. Estad\u00edsticas e informes est\u00e1ndar<br \/>\n4. Informes en Excel<br \/>\n5. Gr\u00e1ficos<br \/>\n18. <strong>\u00daTIL<\/strong><br \/>\n1. Introducci\u00f3n<br \/>\n2. Organizaci\u00f3n de ficheros<br \/>\n3. Herramientas<br \/>\n4. Perfiles de usuario y dispositivos<br \/>\n5. Entorno del sistema<br \/>\n6. Avisos de inicio<br \/>\n7. Gesti\u00f3n del conocimiento<br \/>\n19. <strong>SI ON &#8211; LINE<\/strong><br \/>\n1. Introducci\u00f3n<br \/>\n2. Registrarse en Si on- line<br \/>\n3. Buscador de Si on-line<br \/>\n20. <strong>AYUDA<\/strong><br \/>\n1. Introducci\u00f3n<br \/>\n2. Contenido<br \/>\n3. Buscar<br \/>\n4. Documentaci\u00f3n adicional<br \/>\n5. Acerca de?<br \/>\n21. <strong>ADAPTACI\u00d3N A LA LEY DE PROTECCI\u00d3N DE DATOS<\/strong><br \/>\n1. Introducci\u00f3n<br \/>\n2. Nivel de seguridad en el acceso a la empresa<br \/>\n3. Informaci\u00f3n en las copias de seguridad<\/li>\n<\/ol>\n<p>&nbsp;<\/p>\n<p>&nbsp;<\/p>\n<p><em><strong>Cajera\/o para supermercados<\/strong><\/em><\/p>\n<hr \/>\n","protected":false},"excerpt":{"rendered":"<p><a href=\"https:\/\/centro-cee.com\/web\/formaciones\/\">Atr\u00e1s<\/a><\/p>\n<p>Formate y especializate en TODOS los aspectos relacionados con la gesti\u00f3n de la caja de centros comerciales, tiendas, comercios, etc., con contenidos actualizados.<\/p>\n<p>Si te dedicas o tienes previsto dedicarte al sector del comercio y te gustar\u00eda estar en la caja, tienes que saber que no es una tarea sencilla y que es necesario tener conocimientos precisos para ocupar esos puestos.<\/p>\n<p>Con esta formaci\u00f3n aprender\u00e1s todo lo necesario, desde el funcionamiento de la caja, c\u00f3digos de barras, medios de pagos, empaquetados, resoluci\u00f3n de quejas, etc.<\/p>\n<p>La formaci\u00f3n obtenida es de alto nivel y con gran cantidad de contenidos que dotaran a las\/los alumnas\/os de unos conocimientos excelentes.<\/p>\n","protected":false},"featured_media":1075,"comment_status":"closed","ping_status":"closed","template":"","meta":[],"product_brand":[],"product_cat":[34],"product_tag":[1384,1381,1385,1382,1386,1390,1387,1389,1388,1383],"class_list":{"0":"post-1074","1":"product","2":"type-product","3":"status-publish","4":"has-post-thumbnail","6":"product_cat-tecnicos","7":"product_tag-certificacion-en-operaciones-de-caja","8":"product_tag-curso-de-cajero-a","9":"product_tag-curso-online-de-cajero-de-supermercado","10":"product_tag-formacion-en-atencion-al-cliente","11":"product_tag-gestion-de-punto-de-venta","12":"product_tag-habilidades-de-comunicacion-en-ventas","13":"product_tag-manejo-de-sistemas-de-caja","14":"product_tag-normas-de-higiene-y-seguridad-en-supermercados","15":"product_tag-servicio-al-cliente-en-retail","16":"product_tag-tecnicas-de-cobro-y-facturacion","18":"first","19":"instock","20":"sale","21":"shipping-taxable","22":"purchasable","23":"product-type-simple"},"yoast_head":"<!-- This site is optimized with the Yoast SEO plugin v27.4 - https:\/\/yoast.com\/product\/yoast-seo-wordpress\/ -->\n<title>Cajera\/o para supermercados<\/title>\n<meta name=\"description\" content=\"&quot;Convi\u00e9rtete en un\/a Cajera\/o para Supermercados con nuestro curso especializado. Aprende las habilidades para brindar un servicio al cliente excepcional.\" \/>\n<meta name=\"robots\" content=\"index, follow, max-snippet:-1, max-image-preview:large, max-video-preview:-1\" \/>\n<link rel=\"canonical\" href=\"https:\/\/centro-cee.com\/web\/producto\/cajera-o-para-supermercados\/\" \/>\n<meta property=\"og:locale\" content=\"es_ES\" \/>\n<meta property=\"og:type\" content=\"article\" \/>\n<meta property=\"og:title\" content=\"Cajera\/o para supermercados\" \/>\n<meta property=\"og:description\" content=\"&quot;Convi\u00e9rtete en un\/a Cajera\/o para Supermercados con nuestro curso especializado. Aprende las habilidades para brindar un servicio al cliente excepcional.\" \/>\n<meta property=\"og:url\" content=\"https:\/\/centro-cee.com\/web\/producto\/cajera-o-para-supermercados\/\" \/>\n<meta property=\"og:site_name\" content=\"CEE Centro Europeo E-learning - Cursos online\" \/>\n<meta property=\"article:modified_time\" content=\"2024-10-18T11:09:01+00:00\" \/>\n<meta property=\"og:image\" content=\"https:\/\/centro-cee.com\/web\/wp-content\/uploads\/2023\/02\/cajerao-para-supermercados.jpg\" \/>\n\t<meta property=\"og:image:width\" content=\"800\" \/>\n\t<meta property=\"og:image:height\" content=\"800\" \/>\n\t<meta property=\"og:image:type\" content=\"image\/jpeg\" \/>\n<meta name=\"twitter:card\" content=\"summary_large_image\" \/>\n<meta name=\"twitter:label1\" content=\"Tiempo de lectura\" \/>\n\t<meta name=\"twitter:data1\" content=\"4 minutos\" \/>\n<script type=\"application\/ld+json\" class=\"yoast-schema-graph\">{\"@context\":\"https:\\\/\\\/schema.org\",\"@graph\":[{\"@type\":\"WebPage\",\"@id\":\"https:\\\/\\\/centro-cee.com\\\/web\\\/producto\\\/cajera-o-para-supermercados\\\/\",\"url\":\"https:\\\/\\\/centro-cee.com\\\/web\\\/producto\\\/cajera-o-para-supermercados\\\/\",\"name\":\"Cajera\\\/o para supermercados\",\"isPartOf\":{\"@id\":\"https:\\\/\\\/centro-cee.com\\\/web\\\/#website\"},\"primaryImageOfPage\":{\"@id\":\"https:\\\/\\\/centro-cee.com\\\/web\\\/producto\\\/cajera-o-para-supermercados\\\/#primaryimage\"},\"image\":{\"@id\":\"https:\\\/\\\/centro-cee.com\\\/web\\\/producto\\\/cajera-o-para-supermercados\\\/#primaryimage\"},\"thumbnailUrl\":\"https:\\\/\\\/centro-cee.com\\\/web\\\/wp-content\\\/uploads\\\/2023\\\/02\\\/cajerao-para-supermercados.jpg\",\"datePublished\":\"2023-02-09T10:43:08+00:00\",\"dateModified\":\"2024-10-18T11:09:01+00:00\",\"description\":\"\\\"Convi\u00e9rtete en un\\\/a Cajera\\\/o para Supermercados con nuestro curso especializado. Aprende las habilidades para brindar un servicio al cliente excepcional.\",\"breadcrumb\":{\"@id\":\"https:\\\/\\\/centro-cee.com\\\/web\\\/producto\\\/cajera-o-para-supermercados\\\/#breadcrumb\"},\"inLanguage\":\"es\",\"potentialAction\":[{\"@type\":\"ReadAction\",\"target\":[\"https:\\\/\\\/centro-cee.com\\\/web\\\/producto\\\/cajera-o-para-supermercados\\\/\"]}]},{\"@type\":\"ImageObject\",\"inLanguage\":\"es\",\"@id\":\"https:\\\/\\\/centro-cee.com\\\/web\\\/producto\\\/cajera-o-para-supermercados\\\/#primaryimage\",\"url\":\"https:\\\/\\\/centro-cee.com\\\/web\\\/wp-content\\\/uploads\\\/2023\\\/02\\\/cajerao-para-supermercados.jpg\",\"contentUrl\":\"https:\\\/\\\/centro-cee.com\\\/web\\\/wp-content\\\/uploads\\\/2023\\\/02\\\/cajerao-para-supermercados.jpg\",\"width\":800,\"height\":800,\"caption\":\"Cajera\\\/o para supermercados\"},{\"@type\":\"BreadcrumbList\",\"@id\":\"https:\\\/\\\/centro-cee.com\\\/web\\\/producto\\\/cajera-o-para-supermercados\\\/#breadcrumb\",\"itemListElement\":[{\"@type\":\"ListItem\",\"position\":1,\"name\":\"Portada\",\"item\":\"https:\\\/\\\/centro-cee.com\\\/web\\\/\"},{\"@type\":\"ListItem\",\"position\":2,\"name\":\"Cajera\\\/o para supermercados\"}]},{\"@type\":\"WebSite\",\"@id\":\"https:\\\/\\\/centro-cee.com\\\/web\\\/#website\",\"url\":\"https:\\\/\\\/centro-cee.com\\\/web\\\/\",\"name\":\"Centro Europeo E-learning\",\"description\":\"CEE Formaci\u00f3n Online\",\"publisher\":{\"@id\":\"https:\\\/\\\/centro-cee.com\\\/web\\\/#organization\"},\"alternateName\":\"Centro Online de Formaci\u00f3n\",\"potentialAction\":[{\"@type\":\"SearchAction\",\"target\":{\"@type\":\"EntryPoint\",\"urlTemplate\":\"https:\\\/\\\/centro-cee.com\\\/web\\\/?s={search_term_string}\"},\"query-input\":{\"@type\":\"PropertyValueSpecification\",\"valueRequired\":true,\"valueName\":\"search_term_string\"}}],\"inLanguage\":\"es\"},{\"@type\":\"Organization\",\"@id\":\"https:\\\/\\\/centro-cee.com\\\/web\\\/#organization\",\"name\":\"Centro Europeo E-learning CEE\",\"url\":\"https:\\\/\\\/centro-cee.com\\\/web\\\/\",\"logo\":{\"@type\":\"ImageObject\",\"inLanguage\":\"es\",\"@id\":\"https:\\\/\\\/centro-cee.com\\\/web\\\/#\\\/schema\\\/logo\\\/image\\\/\",\"url\":\"https:\\\/\\\/centro-cee.com\\\/web\\\/wp-content\\\/uploads\\\/2022\\\/12\\\/cropped-logo_educa.png\",\"contentUrl\":\"https:\\\/\\\/centro-cee.com\\\/web\\\/wp-content\\\/uploads\\\/2022\\\/12\\\/cropped-logo_educa.png\",\"width\":157,\"height\":63,\"caption\":\"Centro Europeo E-learning CEE\"},\"image\":{\"@id\":\"https:\\\/\\\/centro-cee.com\\\/web\\\/#\\\/schema\\\/logo\\\/image\\\/\"},\"sameAs\":[\"https:\\\/\\\/www.instagram.com\\\/centroeuropeo_cee\"]}]}<\/script>\n<!-- \/ Yoast SEO plugin. -->","yoast_head_json":{"title":"Cajera\/o para supermercados","description":"\"Convi\u00e9rtete en un\/a Cajera\/o para Supermercados con nuestro curso especializado. Aprende las habilidades para brindar un servicio al cliente excepcional.","robots":{"index":"index","follow":"follow","max-snippet":"max-snippet:-1","max-image-preview":"max-image-preview:large","max-video-preview":"max-video-preview:-1"},"canonical":"https:\/\/centro-cee.com\/web\/producto\/cajera-o-para-supermercados\/","og_locale":"es_ES","og_type":"article","og_title":"Cajera\/o para supermercados","og_description":"\"Convi\u00e9rtete en un\/a Cajera\/o para Supermercados con nuestro curso especializado. Aprende las habilidades para brindar un servicio al cliente excepcional.","og_url":"https:\/\/centro-cee.com\/web\/producto\/cajera-o-para-supermercados\/","og_site_name":"CEE Centro Europeo E-learning - Cursos online","article_modified_time":"2024-10-18T11:09:01+00:00","og_image":[{"width":800,"height":800,"url":"https:\/\/centro-cee.com\/web\/wp-content\/uploads\/2023\/02\/cajerao-para-supermercados.jpg","type":"image\/jpeg"}],"twitter_card":"summary_large_image","twitter_misc":{"Tiempo de lectura":"4 minutos"},"schema":{"@context":"https:\/\/schema.org","@graph":[{"@type":"WebPage","@id":"https:\/\/centro-cee.com\/web\/producto\/cajera-o-para-supermercados\/","url":"https:\/\/centro-cee.com\/web\/producto\/cajera-o-para-supermercados\/","name":"Cajera\/o para supermercados","isPartOf":{"@id":"https:\/\/centro-cee.com\/web\/#website"},"primaryImageOfPage":{"@id":"https:\/\/centro-cee.com\/web\/producto\/cajera-o-para-supermercados\/#primaryimage"},"image":{"@id":"https:\/\/centro-cee.com\/web\/producto\/cajera-o-para-supermercados\/#primaryimage"},"thumbnailUrl":"https:\/\/centro-cee.com\/web\/wp-content\/uploads\/2023\/02\/cajerao-para-supermercados.jpg","datePublished":"2023-02-09T10:43:08+00:00","dateModified":"2024-10-18T11:09:01+00:00","description":"\"Convi\u00e9rtete en un\/a Cajera\/o para Supermercados con nuestro curso especializado. Aprende las habilidades para brindar un servicio al cliente excepcional.","breadcrumb":{"@id":"https:\/\/centro-cee.com\/web\/producto\/cajera-o-para-supermercados\/#breadcrumb"},"inLanguage":"es","potentialAction":[{"@type":"ReadAction","target":["https:\/\/centro-cee.com\/web\/producto\/cajera-o-para-supermercados\/"]}]},{"@type":"ImageObject","inLanguage":"es","@id":"https:\/\/centro-cee.com\/web\/producto\/cajera-o-para-supermercados\/#primaryimage","url":"https:\/\/centro-cee.com\/web\/wp-content\/uploads\/2023\/02\/cajerao-para-supermercados.jpg","contentUrl":"https:\/\/centro-cee.com\/web\/wp-content\/uploads\/2023\/02\/cajerao-para-supermercados.jpg","width":800,"height":800,"caption":"Cajera\/o para supermercados"},{"@type":"BreadcrumbList","@id":"https:\/\/centro-cee.com\/web\/producto\/cajera-o-para-supermercados\/#breadcrumb","itemListElement":[{"@type":"ListItem","position":1,"name":"Portada","item":"https:\/\/centro-cee.com\/web\/"},{"@type":"ListItem","position":2,"name":"Cajera\/o para supermercados"}]},{"@type":"WebSite","@id":"https:\/\/centro-cee.com\/web\/#website","url":"https:\/\/centro-cee.com\/web\/","name":"Centro Europeo E-learning","description":"CEE Formaci\u00f3n Online","publisher":{"@id":"https:\/\/centro-cee.com\/web\/#organization"},"alternateName":"Centro Online de Formaci\u00f3n","potentialAction":[{"@type":"SearchAction","target":{"@type":"EntryPoint","urlTemplate":"https:\/\/centro-cee.com\/web\/?s={search_term_string}"},"query-input":{"@type":"PropertyValueSpecification","valueRequired":true,"valueName":"search_term_string"}}],"inLanguage":"es"},{"@type":"Organization","@id":"https:\/\/centro-cee.com\/web\/#organization","name":"Centro Europeo E-learning CEE","url":"https:\/\/centro-cee.com\/web\/","logo":{"@type":"ImageObject","inLanguage":"es","@id":"https:\/\/centro-cee.com\/web\/#\/schema\/logo\/image\/","url":"https:\/\/centro-cee.com\/web\/wp-content\/uploads\/2022\/12\/cropped-logo_educa.png","contentUrl":"https:\/\/centro-cee.com\/web\/wp-content\/uploads\/2022\/12\/cropped-logo_educa.png","width":157,"height":63,"caption":"Centro Europeo E-learning CEE"},"image":{"@id":"https:\/\/centro-cee.com\/web\/#\/schema\/logo\/image\/"},"sameAs":["https:\/\/www.instagram.com\/centroeuropeo_cee"]}]}},"_links":{"self":[{"href":"https:\/\/centro-cee.com\/web\/wp-json\/wp\/v2\/product\/1074","targetHints":{"allow":["GET"]}}],"collection":[{"href":"https:\/\/centro-cee.com\/web\/wp-json\/wp\/v2\/product"}],"about":[{"href":"https:\/\/centro-cee.com\/web\/wp-json\/wp\/v2\/types\/product"}],"replies":[{"embeddable":true,"href":"https:\/\/centro-cee.com\/web\/wp-json\/wp\/v2\/comments?post=1074"}],"wp:featuredmedia":[{"embeddable":true,"href":"https:\/\/centro-cee.com\/web\/wp-json\/wp\/v2\/media\/1075"}],"wp:attachment":[{"href":"https:\/\/centro-cee.com\/web\/wp-json\/wp\/v2\/media?parent=1074"}],"wp:term":[{"taxonomy":"product_brand","embeddable":true,"href":"https:\/\/centro-cee.com\/web\/wp-json\/wp\/v2\/product_brand?post=1074"},{"taxonomy":"product_cat","embeddable":true,"href":"https:\/\/centro-cee.com\/web\/wp-json\/wp\/v2\/product_cat?post=1074"},{"taxonomy":"product_tag","embeddable":true,"href":"https:\/\/centro-cee.com\/web\/wp-json\/wp\/v2\/product_tag?post=1074"}],"curies":[{"name":"wp","href":"https:\/\/api.w.org\/{rel}","templated":true}]}}