{"id":1044,"date":"2023-02-06T10:06:16","date_gmt":"2023-02-06T10:06:16","guid":{"rendered":"https:\/\/centro-cee.com\/web\/?post_type=product&#038;p=1044"},"modified":"2024-10-18T11:21:14","modified_gmt":"2024-10-18T11:21:14","slug":"curso-profesional-de-tatuador-a","status":"publish","type":"product","link":"https:\/\/centro-cee.com\/web\/producto\/curso-profesional-de-tatuador-a\/","title":{"rendered":"Curso Profesional de tatuador\/a"},"content":{"rendered":"<p><a href=\"https:\/\/centro-cee.com\/web\/formaciones\/\">Atr\u00e1s<\/a><\/p>\n<p><strong>Curso Profesional de Tatuador\/a<\/strong><\/p>\n<p>Toda esta formaci\u00f3n se realiza 100% online en nuestro campus online de formaci\u00f3n.<\/p>\n<p>Las tutorias se realizan directamente desde el campus de estudio con la opci\u00f3n de mensajer\u00eda a profesores. Las tutorias son \u201ca demanda\u201d, cuando necesites soporte nos lo pides.<\/p>\n<p>Los t\u00edtulos de Centro CEE est\u00e1n autenticados por la firma de notario que valida contenidos y autenticidad a nivel internacional. Nuestra organizaci\u00f3n pertenece a la Asociaci\u00f3n Espa\u00f1ola de Calidad, organizaci\u00f3n Espa\u00f1ola de referencia para la calidad en la formaci\u00f3n. La certificaci\u00f3n se puede apostillar por la Haya para cualquier pa\u00eds firmante del convenio de la Haya.<\/p>\n<p>Se puede pagar a plazos.<\/p>\n<p>Carga horaria de la formaci\u00f3n: 400h<\/p>\n<p>&nbsp;<\/p>\n<h3>Temario<\/h3>\n<hr \/>\n<p><strong>1. SEGURIDAD E HIGIENE EN LOS PROCESOS DE TATUAJE.<\/strong><\/p>\n<p>1. Protocolos de actuaci\u00f3n para la limpieza, desinfecci\u00f3n y esterilizaci\u00f3n en los procesos de tatuaje.<br \/>\n2. Importancia profesional de las enfermedades infecciosas.<\/p>\n<p><strong>2. EQUIPOS, APARATOS, PRODUCTOS Y MATERIALES.<\/strong><br \/>\n1. Requisitos legales de las \u00e1reas del establecimiento de tatuaje.<br \/>\n2. Requisitos legales de los equipos y materiales para tatuaje.<br \/>\n3. Pigmentos y colorantes:<br \/>\n4. Cosm\u00e9ticos utilizados en tatuaje.<\/p>\n<p><strong>3. PRODUCTOS PARA TATUAJE.<\/strong><br \/>\n1. Pigmentos.<br \/>\n2. Productos espec\u00edficos.<\/p>\n<p><strong>4. ESTUDIO Y ASESORAMIENTO DEL CLIENTE.<\/strong><br \/>\n1. Salud y cuidados<br \/>\n2. Alteraciones de la piel relacionadas con el tatuaje<\/p>\n<p><strong>5. MORFOLOG\u00cdA DE LAS ZONAS A TATUAR.<\/strong><br \/>\n1. Estructura de la piel.<br \/>\n2. Particularidades de la piel en zonas que se va a tatuar.<br \/>\n3. Funciones de la piel.<\/p>\n<p><strong>6. DOCUMENTACI\u00d3N T\u00c9CNICA, LEGAL Y COMERCIAL: INFORMACI\u00d3N DEL CLIENTE.<\/strong><br \/>\n1. Informaci\u00f3n del tatuaje.<br \/>\n2. Seguimiento y control de calidad de los resultados.<br \/>\n3. Protocolo de derivaci\u00f3n y captaci\u00f3n de clientes.<\/p>\n<p><strong>7. T\u00c9CNICAS DE DIBUJO APLICADAS AL TATUAJE.<\/strong><br \/>\n1. Elementos b\u00e1sicos del dibujo:<br \/>\n2. Caracter\u00edsticas y clasificaci\u00f3n de los tatuajes: tradicional, tribal, oriental, abstractos, crazy tatoos, retratos, bio-mec\u00e1nicos, c\u00e9lticos, otros.<\/p>\n<p><strong>8. LA TEOR\u00cdA DEL COLOR Y SU APLICACI\u00d3N AL TATUAJE: COLOR LUZ Y COLOR PIGMENTO.<\/strong><br \/>\n1. Los tipos de luz y su influencia en el tatuaje.<br \/>\n2. Teor\u00eda del color aplicada al tatuaje:<br \/>\n3. Mezclas de colores.<br \/>\n4. Armon\u00eda y contraste.<\/p>\n<p><strong>9. PAR\u00c1METROS DE LA T\u00c9CNICA DE TATUAJE.<\/strong><br \/>\n1. Tipo y configuraci\u00f3n de agujas.<br \/>\n2. Potencia y velocidad del derm\u00f3grafo.<br \/>\n3. Direcci\u00f3n del derm\u00f3grafo<br \/>\n4. Tipos de movimiento.<br \/>\n5. Presi\u00f3n ejercida<\/p>\n<p><strong>10. T\u00c9CNICAS DE APLICACI\u00d3N DEL TATUAJE.<\/strong><br \/>\n1. Prueba de tolerancia.<br \/>\n2. Preparaci\u00f3n de la piel.<br \/>\n3. T\u00e9cnicas de aplicaci\u00f3n o diferentes trazados obtenidos por la combinaci\u00f3n de los siguientes factores:<br \/>\n4. Aplicaci\u00f3n de t\u00e9cnicas: difuminados, sombras, relieves, mezclas de colores<\/p>\n<p><strong>11. CONDICIONES GENERALES QUE HA DE TENER LOS LUGARES DE TRABAJO<\/strong><br \/>\n<strong>12. COSM\u00c9TICOS<\/strong><\/p>\n<p>&nbsp;<\/p>\n<p><strong>Curso Profesional de Tatuador\/a<\/strong><\/p>\n<hr \/>\n<p>&nbsp;<\/p>\n","protected":false},"excerpt":{"rendered":"<p><a href=\"https:\/\/centro-cee.com\/web\/formaciones\/\">Atr\u00e1s<\/a><\/p>\n<p><span data-offset-key=\"4se70-188-0\">Expl<\/span><span data-offset-key=\"4se70-189-0\">ora<\/span><span data-offset-key=\"4se70-190-0\"> tu<\/span><span data-offset-key=\"4se70-191-0\"> creat<\/span><span data-offset-key=\"4se70-192-0\">ivid<\/span><span data-offset-key=\"4se70-193-0\">ad<\/span><span data-offset-key=\"4se70-194-0\"> al<\/span><span data-offset-key=\"4se70-195-0\"> t<\/span><span data-offset-key=\"4se70-196-0\">atu<\/span><span data-offset-key=\"4se70-197-0\">ar<\/span><span data-offset-key=\"4se70-198-0\">,<\/span><span data-offset-key=\"4se70-199-0\"> a<\/span><span data-offset-key=\"4se70-200-0\">pl<\/span><span data-offset-key=\"4se70-201-0\">ic<\/span><span data-offset-key=\"4se70-202-0\">ando<\/span><span data-offset-key=\"4se70-203-0\"> ha<\/span><span data-offset-key=\"4se70-204-0\">bil<\/span><span data-offset-key=\"4se70-205-0\">id<\/span><span data-offset-key=\"4se70-206-0\">ades<\/span><span data-offset-key=\"4se70-207-0\"> b<\/span><span data-offset-key=\"4se70-208-0\">\u00e1<\/span><span data-offset-key=\"4se70-209-0\">sic<\/span><span data-offset-key=\"4se70-210-0\">as<\/span><span data-offset-key=\"4se70-211-0\"> y<\/span><span data-offset-key=\"4se70-212-0\"> av<\/span><span data-offset-key=\"4se70-213-0\">anz<\/span><span data-offset-key=\"4se70-214-0\">adas<\/span><span data-offset-key=\"4se70-215-0\"> para<\/span><span data-offset-key=\"4se70-216-0\"> grab<\/span><span data-offset-key=\"4se70-217-0\">ar<\/span><span data-offset-key=\"4se70-218-0\"> en<\/span><span data-offset-key=\"4se70-219-0\"> la<\/span><span data-offset-key=\"4se70-220-0\"> p<\/span><span data-offset-key=\"4se70-221-0\">iel<\/span><span data-offset-key=\"4se70-222-0\"> de<\/span><span data-offset-key=\"4se70-223-0\"> los<\/span><span data-offset-key=\"4se70-224-0\"> dem<\/span><span data-offset-key=\"4se70-225-0\">\u00e1s<\/span><span data-offset-key=\"4se70-226-0\"> su<\/span><span data-offset-key=\"4se70-227-0\"> rel<\/span><span data-offset-key=\"4se70-228-0\">ato<\/span><span data-offset-key=\"4se70-229-0\"> o<\/span><span data-offset-key=\"4se70-230-0\"> sus<\/span><span data-offset-key=\"4se70-231-0\"> fig<\/span><span data-offset-key=\"4se70-232-0\">uras<\/span><span data-offset-key=\"4se70-233-0\"> prefer<\/span><span data-offset-key=\"4se70-234-0\">idas<\/span><span data-offset-key=\"4se70-235-0\"> que<\/span><span data-offset-key=\"4se70-236-0\"> les<\/span><span data-offset-key=\"4se70-237-0\"> inspire<\/span><span data-offset-key=\"4se70-238-0\">n<\/span><span data-offset-key=\"4se70-239-0\">,<\/span><span data-offset-key=\"4se70-240-0\"> man<\/span><span data-offset-key=\"4se70-241-0\">e<\/span><span data-offset-key=\"4se70-242-0\">j<\/span><span data-offset-key=\"4se70-243-0\">ando<\/span><span data-offset-key=\"4se70-244-0\"> con<\/span><span data-offset-key=\"4se70-245-0\"> dest<\/span><span data-offset-key=\"4se70-246-0\">re<\/span><span data-offset-key=\"4se70-247-0\">za<\/span><span data-offset-key=\"4se70-248-0\"> her<\/span><span data-offset-key=\"4se70-249-0\">ram<\/span><span data-offset-key=\"4se70-250-0\">ient<\/span><span data-offset-key=\"4se70-251-0\">as<\/span><span data-offset-key=\"4se70-252-0\"> y<\/span><span data-offset-key=\"4se70-253-0\"> equip<\/span><span data-offset-key=\"4se70-254-0\">os<\/span><span data-offset-key=\"4se70-255-0\"> a<\/span><span data-offset-key=\"4se70-256-0\">pro<\/span><span data-offset-key=\"4se70-257-0\">pi<\/span><span data-offset-key=\"4se70-258-0\">ados<\/span><span data-offset-key=\"4se70-259-0\"> para<\/span><span data-offset-key=\"4se70-260-0\"> la<\/span><span data-offset-key=\"4se70-261-0\"> labor<\/span><span data-offset-key=\"4se70-262-0\">,<\/span><span data-offset-key=\"4se70-263-0\"> as<\/span><span data-offset-key=\"4se70-264-0\">\u00ed<\/span><span data-offset-key=\"4se70-265-0\"> com<\/span><span data-offset-key=\"4se70-266-0\">o<\/span><span data-offset-key=\"4se70-267-0\"> material<\/span><span data-offset-key=\"4se70-268-0\">es<\/span><span data-offset-key=\"4se70-269-0\"> de<\/span><span data-offset-key=\"4se70-270-0\"> der<\/span><span data-offset-key=\"4se70-271-0\">mo<\/span><span data-offset-key=\"4se70-272-0\">&#8211;<\/span><span data-offset-key=\"4se70-273-0\">p<\/span><span data-offset-key=\"4se70-274-0\">ig<\/span><span data-offset-key=\"4se70-275-0\">ment<\/span><span data-offset-key=\"4se70-276-0\">aci<\/span><span data-offset-key=\"4se70-277-0\">\u00f3n<\/span><span data-offset-key=\"4se70-278-0\"> de<\/span><span data-offset-key=\"4se70-279-0\"> al<\/span><span data-offset-key=\"4se70-280-0\">to<\/span><span data-offset-key=\"4se70-281-0\"> n<\/span><span data-offset-key=\"4se70-282-0\">ive<\/span><span data-offset-key=\"4se70-283-0\">l<\/span><span data-offset-key=\"4se70-284-0\"> para<\/span><span data-offset-key=\"4se70-285-0\"> g<\/span><span data-offset-key=\"4se70-286-0\">arant<\/span><span data-offset-key=\"4se70-287-0\">iz<\/span><span data-offset-key=\"4se70-288-0\">ar<\/span><span data-offset-key=\"4se70-289-0\"> un<\/span><span data-offset-key=\"4se70-290-0\">a<\/span><span data-offset-key=\"4se70-291-0\"> dur<\/span><span data-offset-key=\"4se70-292-0\">abil<\/span><span data-offset-key=\"4se70-293-0\">idad<\/span><span data-offset-key=\"4se70-294-0\"> sin<\/span><span data-offset-key=\"4se70-295-0\"> que<\/span><span data-offset-key=\"4se70-296-0\"> se<\/span><span data-offset-key=\"4se70-297-0\"> b<\/span><span data-offset-key=\"4se70-298-0\">or<\/span><span data-offset-key=\"4se70-299-0\">re<\/span><span data-offset-key=\"4se70-300-0\"> o<\/span><span data-offset-key=\"4se70-301-0\"> se<\/span><span data-offset-key=\"4se70-302-0\"> des<\/span><span data-offset-key=\"4se70-303-0\">g<\/span><span data-offset-key=\"4se70-304-0\">aste<\/span><span data-offset-key=\"4se70-305-0\">,<\/span><span data-offset-key=\"4se70-306-0\"> signific<\/span><span data-offset-key=\"4se70-307-0\">ando<\/span><span data-offset-key=\"4se70-308-0\"> tu<\/span><span data-offset-key=\"4se70-309-0\"> al<\/span><span data-offset-key=\"4se70-310-0\">ma<\/span><span data-offset-key=\"4se70-311-0\"> de<\/span><span data-offset-key=\"4se70-312-0\"> artist<\/span><span data-offset-key=\"4se70-313-0\">a<\/span><span data-offset-key=\"4se70-314-0\"> en<\/span><span data-offset-key=\"4se70-315-0\"> c<\/span><span data-offset-key=\"4se70-316-0\">ada<\/span><span data-offset-key=\"4se70-317-0\"> t<\/span><span data-offset-key=\"4se70-318-0\">atu<\/span><span data-offset-key=\"4se70-319-0\">aj<\/span><span data-offset-key=\"4se70-320-0\">e<\/span><span data-offset-key=\"4se70-321-0\">,<\/span><span data-offset-key=\"4se70-322-0\"> interpret<\/span><span data-offset-key=\"4se70-323-0\">ando<\/span><span data-offset-key=\"4se70-324-0\"> en<\/span><span data-offset-key=\"4se70-325-0\"> det<\/span><span data-offset-key=\"4se70-326-0\">alle<\/span><span data-offset-key=\"4se70-327-0\"> la<\/span><span data-offset-key=\"4se70-328-0\"> idea<\/span><span data-offset-key=\"4se70-329-0\"> que<\/span><span data-offset-key=\"4se70-330-0\"> des<\/span><span data-offset-key=\"4se70-331-0\">ea<\/span><span data-offset-key=\"4se70-332-0\"> el<\/span><span data-offset-key=\"4se70-333-0\"> client<\/span><span data-offset-key=\"4se70-334-0\">e<\/span><span data-offset-key=\"4se70-335-0\">.<\/span><\/p>\n<p>&nbsp;<\/p>\n","protected":false},"featured_media":1045,"comment_status":"closed","ping_status":"closed","template":"","meta":[],"product_brand":[],"product_cat":[34],"product_tag":[1480,1476,1482,1474,1477,1481,1475,1483,1479,1478],"class_list":{"0":"post-1044","1":"product","2":"type-product","3":"status-publish","4":"has-post-thumbnail","6":"product_cat-tecnicos","7":"product_tag-anatomia-de-la-piel","8":"product_tag-certificacion-en-tatuaje-profesional","9":"product_tag-creatividad-en-diseno-de-tatuajes","10":"product_tag-curso-de-tatuador","11":"product_tag-curso-online-de-tatuaje","12":"product_tag-estilos-de-tatuaje","13":"product_tag-formacion-en-tecnicas-de-tatuaje","14":"product_tag-gestion-de-un-estudio-de-tatuajes","15":"product_tag-higiene-y-seguridad-en-tatuajes","16":"product_tag-tecnicas-de-diseno-y-aplicacion-de-tatuajes","18":"first","19":"instock","20":"sale","21":"shipping-taxable","22":"purchasable","23":"product-type-simple"},"yoast_head":"<!-- This site is optimized with the Yoast SEO plugin v27.5 - https:\/\/yoast.com\/product\/yoast-seo-wordpress\/ -->\n<title>Curso Profesional de tatuador\/a - CEE Centro Europeo E-learning - Cursos online<\/title>\n<meta name=\"description\" content=\"Curso Profesional de Tatuador\/a - Centro CEE, estudia con nostros lo necesario para aprender a realizar tatuajes y llevate un kit gratuito de tatuaje\" \/>\n<meta name=\"robots\" content=\"index, follow, max-snippet:-1, max-image-preview:large, max-video-preview:-1\" \/>\n<link rel=\"canonical\" href=\"https:\/\/centro-cee.com\/web\/producto\/curso-profesional-de-tatuador-a\/\" \/>\n<meta property=\"og:locale\" content=\"es_ES\" \/>\n<meta property=\"og:type\" content=\"article\" \/>\n<meta property=\"og:title\" content=\"Curso Profesional de tatuador\/a - CEE Centro Europeo E-learning - Cursos online\" \/>\n<meta property=\"og:description\" content=\"Curso Profesional de Tatuador\/a - Centro CEE, estudia con nostros lo necesario para aprender a realizar tatuajes y llevate un kit gratuito de tatuaje\" \/>\n<meta property=\"og:url\" content=\"https:\/\/centro-cee.com\/web\/producto\/curso-profesional-de-tatuador-a\/\" \/>\n<meta property=\"og:site_name\" content=\"CEE Centro Europeo E-learning - Cursos online\" \/>\n<meta property=\"article:modified_time\" content=\"2024-10-18T11:21:14+00:00\" \/>\n<meta property=\"og:image\" content=\"https:\/\/centro-cee.com\/web\/wp-content\/uploads\/2023\/02\/tatu.jpg\" \/>\n\t<meta property=\"og:image:width\" content=\"960\" \/>\n\t<meta property=\"og:image:height\" content=\"670\" \/>\n\t<meta property=\"og:image:type\" content=\"image\/jpeg\" \/>\n<meta name=\"twitter:card\" content=\"summary_large_image\" \/>\n<meta name=\"twitter:label1\" content=\"Tiempo de lectura\" \/>\n\t<meta name=\"twitter:data1\" content=\"2 minutos\" \/>\n<script type=\"application\/ld+json\" class=\"yoast-schema-graph\">{\"@context\":\"https:\\\/\\\/schema.org\",\"@graph\":[{\"@type\":\"WebPage\",\"@id\":\"https:\\\/\\\/centro-cee.com\\\/web\\\/producto\\\/curso-profesional-de-tatuador-a\\\/\",\"url\":\"https:\\\/\\\/centro-cee.com\\\/web\\\/producto\\\/curso-profesional-de-tatuador-a\\\/\",\"name\":\"Curso Profesional de tatuador\\\/a - CEE Centro Europeo E-learning - Cursos online\",\"isPartOf\":{\"@id\":\"https:\\\/\\\/centro-cee.com\\\/web\\\/#website\"},\"primaryImageOfPage\":{\"@id\":\"https:\\\/\\\/centro-cee.com\\\/web\\\/producto\\\/curso-profesional-de-tatuador-a\\\/#primaryimage\"},\"image\":{\"@id\":\"https:\\\/\\\/centro-cee.com\\\/web\\\/producto\\\/curso-profesional-de-tatuador-a\\\/#primaryimage\"},\"thumbnailUrl\":\"https:\\\/\\\/centro-cee.com\\\/web\\\/wp-content\\\/uploads\\\/2023\\\/02\\\/tatu.jpg\",\"datePublished\":\"2023-02-06T10:06:16+00:00\",\"dateModified\":\"2024-10-18T11:21:14+00:00\",\"description\":\"Curso Profesional de Tatuador\\\/a - Centro CEE, estudia con nostros lo necesario para aprender a realizar tatuajes y llevate un kit gratuito de tatuaje\",\"breadcrumb\":{\"@id\":\"https:\\\/\\\/centro-cee.com\\\/web\\\/producto\\\/curso-profesional-de-tatuador-a\\\/#breadcrumb\"},\"inLanguage\":\"es\",\"potentialAction\":[{\"@type\":\"ReadAction\",\"target\":[\"https:\\\/\\\/centro-cee.com\\\/web\\\/producto\\\/curso-profesional-de-tatuador-a\\\/\"]}]},{\"@type\":\"ImageObject\",\"inLanguage\":\"es\",\"@id\":\"https:\\\/\\\/centro-cee.com\\\/web\\\/producto\\\/curso-profesional-de-tatuador-a\\\/#primaryimage\",\"url\":\"https:\\\/\\\/centro-cee.com\\\/web\\\/wp-content\\\/uploads\\\/2023\\\/02\\\/tatu.jpg\",\"contentUrl\":\"https:\\\/\\\/centro-cee.com\\\/web\\\/wp-content\\\/uploads\\\/2023\\\/02\\\/tatu.jpg\",\"width\":960,\"height\":670,\"caption\":\"curso tatuaje - Centro CEE\"},{\"@type\":\"BreadcrumbList\",\"@id\":\"https:\\\/\\\/centro-cee.com\\\/web\\\/producto\\\/curso-profesional-de-tatuador-a\\\/#breadcrumb\",\"itemListElement\":[{\"@type\":\"ListItem\",\"position\":1,\"name\":\"Portada\",\"item\":\"https:\\\/\\\/centro-cee.com\\\/web\\\/\"},{\"@type\":\"ListItem\",\"position\":2,\"name\":\"Curso Profesional de tatuador\\\/a\"}]},{\"@type\":\"WebSite\",\"@id\":\"https:\\\/\\\/centro-cee.com\\\/web\\\/#website\",\"url\":\"https:\\\/\\\/centro-cee.com\\\/web\\\/\",\"name\":\"Centro Europeo E-learning\",\"description\":\"CEE Formaci\u00f3n Online\",\"publisher\":{\"@id\":\"https:\\\/\\\/centro-cee.com\\\/web\\\/#organization\"},\"alternateName\":\"Centro Online de Formaci\u00f3n\",\"potentialAction\":[{\"@type\":\"SearchAction\",\"target\":{\"@type\":\"EntryPoint\",\"urlTemplate\":\"https:\\\/\\\/centro-cee.com\\\/web\\\/?s={search_term_string}\"},\"query-input\":{\"@type\":\"PropertyValueSpecification\",\"valueRequired\":true,\"valueName\":\"search_term_string\"}}],\"inLanguage\":\"es\"},{\"@type\":\"Organization\",\"@id\":\"https:\\\/\\\/centro-cee.com\\\/web\\\/#organization\",\"name\":\"Centro Europeo E-learning CEE\",\"url\":\"https:\\\/\\\/centro-cee.com\\\/web\\\/\",\"logo\":{\"@type\":\"ImageObject\",\"inLanguage\":\"es\",\"@id\":\"https:\\\/\\\/centro-cee.com\\\/web\\\/#\\\/schema\\\/logo\\\/image\\\/\",\"url\":\"https:\\\/\\\/centro-cee.com\\\/web\\\/wp-content\\\/uploads\\\/2022\\\/12\\\/cropped-logo_educa.png\",\"contentUrl\":\"https:\\\/\\\/centro-cee.com\\\/web\\\/wp-content\\\/uploads\\\/2022\\\/12\\\/cropped-logo_educa.png\",\"width\":157,\"height\":63,\"caption\":\"Centro Europeo E-learning CEE\"},\"image\":{\"@id\":\"https:\\\/\\\/centro-cee.com\\\/web\\\/#\\\/schema\\\/logo\\\/image\\\/\"},\"sameAs\":[\"https:\\\/\\\/www.instagram.com\\\/centroeuropeo_cee\"]}]}<\/script>\n<!-- \/ Yoast SEO plugin. -->","yoast_head_json":{"title":"Curso Profesional de tatuador\/a - CEE Centro Europeo E-learning - Cursos online","description":"Curso Profesional de Tatuador\/a - Centro CEE, estudia con nostros lo necesario para aprender a realizar tatuajes y llevate un kit gratuito de tatuaje","robots":{"index":"index","follow":"follow","max-snippet":"max-snippet:-1","max-image-preview":"max-image-preview:large","max-video-preview":"max-video-preview:-1"},"canonical":"https:\/\/centro-cee.com\/web\/producto\/curso-profesional-de-tatuador-a\/","og_locale":"es_ES","og_type":"article","og_title":"Curso Profesional de tatuador\/a - CEE Centro Europeo E-learning - Cursos online","og_description":"Curso Profesional de Tatuador\/a - Centro CEE, estudia con nostros lo necesario para aprender a realizar tatuajes y llevate un kit gratuito de tatuaje","og_url":"https:\/\/centro-cee.com\/web\/producto\/curso-profesional-de-tatuador-a\/","og_site_name":"CEE Centro Europeo E-learning - Cursos online","article_modified_time":"2024-10-18T11:21:14+00:00","og_image":[{"width":960,"height":670,"url":"https:\/\/centro-cee.com\/web\/wp-content\/uploads\/2023\/02\/tatu.jpg","type":"image\/jpeg"}],"twitter_card":"summary_large_image","twitter_misc":{"Tiempo de lectura":"2 minutos"},"schema":{"@context":"https:\/\/schema.org","@graph":[{"@type":"WebPage","@id":"https:\/\/centro-cee.com\/web\/producto\/curso-profesional-de-tatuador-a\/","url":"https:\/\/centro-cee.com\/web\/producto\/curso-profesional-de-tatuador-a\/","name":"Curso Profesional de tatuador\/a - CEE Centro Europeo E-learning - Cursos online","isPartOf":{"@id":"https:\/\/centro-cee.com\/web\/#website"},"primaryImageOfPage":{"@id":"https:\/\/centro-cee.com\/web\/producto\/curso-profesional-de-tatuador-a\/#primaryimage"},"image":{"@id":"https:\/\/centro-cee.com\/web\/producto\/curso-profesional-de-tatuador-a\/#primaryimage"},"thumbnailUrl":"https:\/\/centro-cee.com\/web\/wp-content\/uploads\/2023\/02\/tatu.jpg","datePublished":"2023-02-06T10:06:16+00:00","dateModified":"2024-10-18T11:21:14+00:00","description":"Curso Profesional de Tatuador\/a - Centro CEE, estudia con nostros lo necesario para aprender a realizar tatuajes y llevate un kit gratuito de tatuaje","breadcrumb":{"@id":"https:\/\/centro-cee.com\/web\/producto\/curso-profesional-de-tatuador-a\/#breadcrumb"},"inLanguage":"es","potentialAction":[{"@type":"ReadAction","target":["https:\/\/centro-cee.com\/web\/producto\/curso-profesional-de-tatuador-a\/"]}]},{"@type":"ImageObject","inLanguage":"es","@id":"https:\/\/centro-cee.com\/web\/producto\/curso-profesional-de-tatuador-a\/#primaryimage","url":"https:\/\/centro-cee.com\/web\/wp-content\/uploads\/2023\/02\/tatu.jpg","contentUrl":"https:\/\/centro-cee.com\/web\/wp-content\/uploads\/2023\/02\/tatu.jpg","width":960,"height":670,"caption":"curso tatuaje - Centro CEE"},{"@type":"BreadcrumbList","@id":"https:\/\/centro-cee.com\/web\/producto\/curso-profesional-de-tatuador-a\/#breadcrumb","itemListElement":[{"@type":"ListItem","position":1,"name":"Portada","item":"https:\/\/centro-cee.com\/web\/"},{"@type":"ListItem","position":2,"name":"Curso Profesional de tatuador\/a"}]},{"@type":"WebSite","@id":"https:\/\/centro-cee.com\/web\/#website","url":"https:\/\/centro-cee.com\/web\/","name":"Centro Europeo E-learning","description":"CEE Formaci\u00f3n Online","publisher":{"@id":"https:\/\/centro-cee.com\/web\/#organization"},"alternateName":"Centro Online de Formaci\u00f3n","potentialAction":[{"@type":"SearchAction","target":{"@type":"EntryPoint","urlTemplate":"https:\/\/centro-cee.com\/web\/?s={search_term_string}"},"query-input":{"@type":"PropertyValueSpecification","valueRequired":true,"valueName":"search_term_string"}}],"inLanguage":"es"},{"@type":"Organization","@id":"https:\/\/centro-cee.com\/web\/#organization","name":"Centro Europeo E-learning CEE","url":"https:\/\/centro-cee.com\/web\/","logo":{"@type":"ImageObject","inLanguage":"es","@id":"https:\/\/centro-cee.com\/web\/#\/schema\/logo\/image\/","url":"https:\/\/centro-cee.com\/web\/wp-content\/uploads\/2022\/12\/cropped-logo_educa.png","contentUrl":"https:\/\/centro-cee.com\/web\/wp-content\/uploads\/2022\/12\/cropped-logo_educa.png","width":157,"height":63,"caption":"Centro Europeo E-learning CEE"},"image":{"@id":"https:\/\/centro-cee.com\/web\/#\/schema\/logo\/image\/"},"sameAs":["https:\/\/www.instagram.com\/centroeuropeo_cee"]}]}},"_links":{"self":[{"href":"https:\/\/centro-cee.com\/web\/wp-json\/wp\/v2\/product\/1044","targetHints":{"allow":["GET"]}}],"collection":[{"href":"https:\/\/centro-cee.com\/web\/wp-json\/wp\/v2\/product"}],"about":[{"href":"https:\/\/centro-cee.com\/web\/wp-json\/wp\/v2\/types\/product"}],"replies":[{"embeddable":true,"href":"https:\/\/centro-cee.com\/web\/wp-json\/wp\/v2\/comments?post=1044"}],"wp:featuredmedia":[{"embeddable":true,"href":"https:\/\/centro-cee.com\/web\/wp-json\/wp\/v2\/media\/1045"}],"wp:attachment":[{"href":"https:\/\/centro-cee.com\/web\/wp-json\/wp\/v2\/media?parent=1044"}],"wp:term":[{"taxonomy":"product_brand","embeddable":true,"href":"https:\/\/centro-cee.com\/web\/wp-json\/wp\/v2\/product_brand?post=1044"},{"taxonomy":"product_cat","embeddable":true,"href":"https:\/\/centro-cee.com\/web\/wp-json\/wp\/v2\/product_cat?post=1044"},{"taxonomy":"product_tag","embeddable":true,"href":"https:\/\/centro-cee.com\/web\/wp-json\/wp\/v2\/product_tag?post=1044"}],"curies":[{"name":"wp","href":"https:\/\/api.w.org\/{rel}","templated":true}]}}